{"id":71,"date":"2023-03-21T16:38:10","date_gmt":"2023-03-21T19:38:10","guid":{"rendered":"https:\/\/sites.uel.br\/vitrinetecnologica\/?page_id=71"},"modified":"2023-06-01T15:33:18","modified_gmt":"2023-06-01T18:33:18","slug":"energia","status":"publish","type":"page","link":"https:\/\/sites.uel.br\/vitrinetecnologica\/energia\/","title":{"rendered":"Energia"},"content":{"rendered":"\n<p><\/p>\n\n\n<ul class=\"wp-block-latest-posts__list is-grid columns-3 wp-block-latest-posts\"><li><div class=\"wp-block-latest-posts__featured-image aligncenter\"><img loading=\"lazy\" decoding=\"async\" width=\"300\" height=\"169\" src=\"https:\/\/sites.uel.br\/vitrinetecnologica\/wp-content\/uploads\/2023\/05\/Vitrine-Tecnologica-UEL-2023-17-300x169.png\" class=\"attachment-medium size-medium wp-post-image\" alt=\"\" style=\"\" srcset=\"https:\/\/sites.uel.br\/vitrinetecnologica\/wp-content\/uploads\/2023\/05\/Vitrine-Tecnologica-UEL-2023-17-300x169.png 300w, https:\/\/sites.uel.br\/vitrinetecnologica\/wp-content\/uploads\/2023\/05\/Vitrine-Tecnologica-UEL-2023-17-1024x576.png 1024w, https:\/\/sites.uel.br\/vitrinetecnologica\/wp-content\/uploads\/2023\/05\/Vitrine-Tecnologica-UEL-2023-17-768x432.png 768w, https:\/\/sites.uel.br\/vitrinetecnologica\/wp-content\/uploads\/2023\/05\/Vitrine-Tecnologica-UEL-2023-17-1536x864.png 1536w, https:\/\/sites.uel.br\/vitrinetecnologica\/wp-content\/uploads\/2023\/05\/Vitrine-Tecnologica-UEL-2023-17.png 1920w\" sizes=\"auto, (max-width: 300px) 100vw, 300px\" \/><\/div><a class=\"wp-block-latest-posts__post-title\" href=\"https:\/\/sites.uel.br\/vitrinetecnologica\/energia\/2023\/05\/26\/reciclagem-de-eletrodo-positivo-de-bateias-de-ion-litio\/\">Reciclagem de eletrodo positivo de bateias de \u00edon l\u00edtio<\/a><div class=\"wp-block-latest-posts__post-excerpt\">A presente inven\u00e7\u00e3o refere-se a um processo de reciclagem de eletrodo positivo de baterias recarreg\u00e1veis de \u00edon l\u00edtio compreendendo um processo para res\u00edntese em estado s\u00f3lido de eletrodos positivos de baterias de \u00edon l\u00edtio em etapa \u00fanica e sem gera\u00e7\u00e3o de efluentes, desenvolvido especialmente para reaplicar os eletrodos positivos de baterias de \u00edon l\u00edtio na\u2026 <a class=\"wp-block-latest-posts__read-more\" href=\"https:\/\/sites.uel.br\/vitrinetecnologica\/energia\/2023\/05\/26\/reciclagem-de-eletrodo-positivo-de-bateias-de-ion-litio\/\" rel=\"noopener noreferrer\">Leia mais<span class=\"screen-reader-text\">: Reciclagem de eletrodo positivo de bateias de \u00edon l\u00edtio<\/span><\/a><\/div><\/li>\n<\/ul>","protected":false},"excerpt":{"rendered":"","protected":false},"author":8,"featured_media":0,"parent":0,"menu_order":0,"comment_status":"closed","ping_status":"closed","template":"","meta":{"footnotes":""},"class_list":["post-71","page","type-page","status-publish","hentry"],"acf":[],"_links":{"self":[{"href":"https:\/\/sites.uel.br\/vitrinetecnologica\/wp-json\/wp\/v2\/pages\/71","targetHints":{"allow":["GET"]}}],"collection":[{"href":"https:\/\/sites.uel.br\/vitrinetecnologica\/wp-json\/wp\/v2\/pages"}],"about":[{"href":"https:\/\/sites.uel.br\/vitrinetecnologica\/wp-json\/wp\/v2\/types\/page"}],"author":[{"embeddable":true,"href":"https:\/\/sites.uel.br\/vitrinetecnologica\/wp-json\/wp\/v2\/users\/8"}],"replies":[{"embeddable":true,"href":"https:\/\/sites.uel.br\/vitrinetecnologica\/wp-json\/wp\/v2\/comments?post=71"}],"version-history":[{"count":8,"href":"https:\/\/sites.uel.br\/vitrinetecnologica\/wp-json\/wp\/v2\/pages\/71\/revisions"}],"predecessor-version":[{"id":755,"href":"https:\/\/sites.uel.br\/vitrinetecnologica\/wp-json\/wp\/v2\/pages\/71\/revisions\/755"}],"wp:attachment":[{"href":"https:\/\/sites.uel.br\/vitrinetecnologica\/wp-json\/wp\/v2\/media?parent=71"}],"curies":[{"name":"wp","href":"https:\/\/api.w.org\/{rel}","templated":true}]}}