{"id":29253,"date":"2026-04-15T10:55:59","date_gmt":"2026-04-15T13:55:59","guid":{"rendered":"https:\/\/sites.uel.br\/tvuel\/?page_id=29253"},"modified":"2026-04-17T16:14:14","modified_gmt":"2026-04-17T19:14:14","slug":"sobre-a-tv","status":"publish","type":"page","link":"https:\/\/sites.uel.br\/tvuel\/sobre-a-tv\/","title":{"rendered":"Sobre a TV UEL"},"content":{"rendered":"\n<hr class=\"wp-block-separator has-text-color has-verde-escuro-color has-alpha-channel-opacity has-verde-escuro-background-color has-background is-style-wide\"\/>\n\n\n\n<div class=\"wp-block-columns is-layout-flex wp-container-core-columns-is-layout-9d6595d7 wp-block-columns-is-layout-flex\">\n<div class=\"wp-block-column is-layout-flow wp-block-column-is-layout-flow\">\n<figure class=\"wp-block-image size-large\"><img loading=\"lazy\" decoding=\"async\" width=\"1024\" height=\"499\" src=\"https:\/\/sites.uel.br\/tvuel\/wp-content\/uploads\/2026\/04\/cropped-Logo01-1-1024x499.png\" alt=\"\" class=\"wp-image-29245\" srcset=\"https:\/\/sites.uel.br\/tvuel\/wp-content\/uploads\/2026\/04\/cropped-Logo01-1-1024x499.png 1024w, https:\/\/sites.uel.br\/tvuel\/wp-content\/uploads\/2026\/04\/cropped-Logo01-1-300x146.png 300w, https:\/\/sites.uel.br\/tvuel\/wp-content\/uploads\/2026\/04\/cropped-Logo01-1-768x374.png 768w, https:\/\/sites.uel.br\/tvuel\/wp-content\/uploads\/2026\/04\/cropped-Logo01-1.png 1527w\" sizes=\"auto, (max-width: 1024px) 100vw, 1024px\" \/><\/figure>\n<\/div>\n\n\n\n<div class=\"wp-block-column is-layout-flow wp-block-column-is-layout-flow\">\n<p>A TV UEL \u00e9 um \u00d3rg\u00e3o Suplementar com a prerrogativa de ser uma emissora de televis\u00e3o educativa e cultural retransmissora da TV Paran\u00e1 Turismo.<br><br><strong>Onde a programa\u00e7\u00e3o fica dispon\u00edvel?&nbsp;<\/strong><\/p>\n\n\n\n<p>Est\u00e1 dispon\u00edvel no site da <a href=\"https:\/\/sites.uel.br\/tvuel\/\">TV UEL<\/a>, p\u00e1gina oficial da TV UEL no, <a href=\"https:\/\/www.instagram.com\/tvuel\/\">Instagram<\/a>, no <a href=\"https:\/\/www.facebook.com\/people\/TV-UEL\/100063703112331\/#\">Facebook<\/a> e canal oficial no <a href=\"https:\/\/www.youtube.com\/@tvuel\">YOUTUBE<\/a>.<\/p>\n<\/div>\n<\/div>\n\n\n\n<p><strong>O que \u00e9 uma TV educativa e cultural?&nbsp;<\/strong><\/p>\n\n\n\n<p>Prioriza que a produ\u00e7\u00e3o de seus conte\u00fados e tem a finalidade de acrescentar conhecimentos para seus telespectadores, sob a \u00f3tica da educa\u00e7\u00e3o, cultura e arte<\/p>\n\n\n\n<p><strong>Quais conte\u00fados s\u00e3o produzidos pela TV UEL?<\/strong><\/p>\n\n\n\n<p>S\u00e3o produzidos conte\u00fados sobre os principais acontecimentos da Universidade Estadual de Londrina, como eventos, projetos de extens\u00e3o e pesquisa, programas e benef\u00edcios para a comunidade interna e externa entre outros.<\/p>\n\n\n\n<p><strong>Quantitativo de mat\u00e9rias produzidas- <\/strong>Em m\u00e9dia s\u00e3o publicadas 200 reportagens jornal\u00edstica no site da TV UEL , outras 100 mat\u00e9rias com temas diversificados no Instagram e umas outras 100 no Facebook da TV UEL.<\/p>\n\n\n\n<p><strong>Qual o objetivo de uma emissora educativa e cultural?<\/strong><\/p>\n\n\n\n<p>Difundir informa\u00e7\u00e3o, educa\u00e7\u00e3o, cultura, arte para seus p\u00fablicos. Prezando pela efic\u00e1cia de uma comunica\u00e7\u00e3o constru\u00edda junto a comunidade.<\/p>\n\n\n\n<p class=\"has-verde-escuro-color has-text-color has-link-color has-medium-font-size wp-elements-81af5d4bf61d4af09436949fb7e06911\"><strong>Hist\u00f3rico<\/strong><\/p>\n\n\n\n<p>A TV UEL iniciou suas atividades em fevereiro de 2009, tendo consolidada sua implanta\u00e7\u00e3o em 14 de dezembro de 2010. <\/p>\n\n\n\n<p>A TV UEL \u00e9 uma RTVE \u2013 Retransmissora de TV Educativa da Universidade Estadual de Londrina, vinculada, academicamente, ao CECA \u2013 Centro de Educa\u00e7\u00e3o Comunica\u00e7\u00e3o e a Artes e, administrativamente, \u00e0 Reitoria.&nbsp; <\/p>\n\n\n\n<p>A TV UEL iniciou suas atividades por meio de um conv\u00eanio, como retransmissora da RTVE \u2013 Rede de R\u00e1dio e Televis\u00e3o Educativa do Paran\u00e1, \u00c9 Paran\u00e1. <\/p>\n\n\n\n<p>A emissora opera em Londrina no canal digital 33.1 e, desde 06\/02\/2013 conforme DOU n\u00ba26, tem concess\u00e3o para operar no canal.<\/p>\n\n\n\n<p><strong>Abaixo fotos da Inaugura\u00e7\u00e3o da TV UEL:<\/strong><\/p>\n\n\n\n<div class=\"wp-block-columns is-layout-flex wp-container-core-columns-is-layout-9d6595d7 wp-block-columns-is-layout-flex\">\n<div class=\"wp-block-column is-layout-flow wp-block-column-is-layout-flow\">\n<figure class=\"wp-block-image size-full\"><img loading=\"lazy\" decoding=\"async\" width=\"452\" height=\"303\" src=\"https:\/\/sites.uel.br\/tvuel\/wp-content\/uploads\/2026\/04\/inauguracao1.png\" alt=\"\" class=\"wp-image-29340\" srcset=\"https:\/\/sites.uel.br\/tvuel\/wp-content\/uploads\/2026\/04\/inauguracao1.png 452w, https:\/\/sites.uel.br\/tvuel\/wp-content\/uploads\/2026\/04\/inauguracao1-300x201.png 300w\" sizes=\"auto, (max-width: 452px) 100vw, 452px\" \/><\/figure>\n<\/div>\n\n\n\n<div class=\"wp-block-column is-layout-flow wp-block-column-is-layout-flow\">\n<figure class=\"wp-block-image size-large\"><img loading=\"lazy\" decoding=\"async\" width=\"1024\" height=\"713\" src=\"https:\/\/sites.uel.br\/tvuel\/wp-content\/uploads\/2026\/04\/Inauguracao-da-TV-UEL-Homenagem-a-Paulo-Pimentel-e-TV-UEL-69-1024x713.jpg\" alt=\"\" class=\"wp-image-29337\" srcset=\"https:\/\/sites.uel.br\/tvuel\/wp-content\/uploads\/2026\/04\/Inauguracao-da-TV-UEL-Homenagem-a-Paulo-Pimentel-e-TV-UEL-69-1024x713.jpg 1024w, https:\/\/sites.uel.br\/tvuel\/wp-content\/uploads\/2026\/04\/Inauguracao-da-TV-UEL-Homenagem-a-Paulo-Pimentel-e-TV-UEL-69-300x209.jpg 300w, https:\/\/sites.uel.br\/tvuel\/wp-content\/uploads\/2026\/04\/Inauguracao-da-TV-UEL-Homenagem-a-Paulo-Pimentel-e-TV-UEL-69-768x535.jpg 768w, https:\/\/sites.uel.br\/tvuel\/wp-content\/uploads\/2026\/04\/Inauguracao-da-TV-UEL-Homenagem-a-Paulo-Pimentel-e-TV-UEL-69-1536x1069.jpg 1536w, https:\/\/sites.uel.br\/tvuel\/wp-content\/uploads\/2026\/04\/Inauguracao-da-TV-UEL-Homenagem-a-Paulo-Pimentel-e-TV-UEL-69.jpg 1629w\" sizes=\"auto, (max-width: 1024px) 100vw, 1024px\" \/><\/figure>\n<\/div>\n\n\n\n<div class=\"wp-block-column is-layout-flow wp-block-column-is-layout-flow\">\n<figure class=\"wp-block-image size-large\"><img loading=\"lazy\" decoding=\"async\" width=\"1024\" height=\"685\" src=\"https:\/\/sites.uel.br\/tvuel\/wp-content\/uploads\/2026\/04\/Inauguracao-da-TV-UEL-Homenagem-a-Paulo-Pimentel-Reitor-Wilmar-Marcal-37-1024x685.jpg\" alt=\"\" class=\"wp-image-29338\" srcset=\"https:\/\/sites.uel.br\/tvuel\/wp-content\/uploads\/2026\/04\/Inauguracao-da-TV-UEL-Homenagem-a-Paulo-Pimentel-Reitor-Wilmar-Marcal-37-1024x685.jpg 1024w, https:\/\/sites.uel.br\/tvuel\/wp-content\/uploads\/2026\/04\/Inauguracao-da-TV-UEL-Homenagem-a-Paulo-Pimentel-Reitor-Wilmar-Marcal-37-300x201.jpg 300w, https:\/\/sites.uel.br\/tvuel\/wp-content\/uploads\/2026\/04\/Inauguracao-da-TV-UEL-Homenagem-a-Paulo-Pimentel-Reitor-Wilmar-Marcal-37-768x514.jpg 768w, https:\/\/sites.uel.br\/tvuel\/wp-content\/uploads\/2026\/04\/Inauguracao-da-TV-UEL-Homenagem-a-Paulo-Pimentel-Reitor-Wilmar-Marcal-37-1536x1028.jpg 1536w, https:\/\/sites.uel.br\/tvuel\/wp-content\/uploads\/2026\/04\/Inauguracao-da-TV-UEL-Homenagem-a-Paulo-Pimentel-Reitor-Wilmar-Marcal-37.jpg 1936w\" sizes=\"auto, (max-width: 1024px) 100vw, 1024px\" \/><\/figure>\n<\/div>\n<\/div>\n\n\n\n<div class=\"wp-block-columns is-layout-flex wp-container-core-columns-is-layout-9d6595d7 wp-block-columns-is-layout-flex\">\n<div class=\"wp-block-column is-layout-flow wp-block-column-is-layout-flow\">\n<figure class=\"wp-block-image size-large\"><img loading=\"lazy\" decoding=\"async\" width=\"1024\" height=\"685\" src=\"https:\/\/sites.uel.br\/tvuel\/wp-content\/uploads\/2026\/04\/Inauguracao-da-TV-UELHomenagem-a-Paulo-Pimentel-Rosa-Abelin-Celio-Costa-Fabio-Calsavara-Viviane-Malmann-e-Marcelo-Ferraz-Arruda-23-1-1024x685.jpg\" alt=\"\" class=\"wp-image-29339\" srcset=\"https:\/\/sites.uel.br\/tvuel\/wp-content\/uploads\/2026\/04\/Inauguracao-da-TV-UELHomenagem-a-Paulo-Pimentel-Rosa-Abelin-Celio-Costa-Fabio-Calsavara-Viviane-Malmann-e-Marcelo-Ferraz-Arruda-23-1-1024x685.jpg 1024w, https:\/\/sites.uel.br\/tvuel\/wp-content\/uploads\/2026\/04\/Inauguracao-da-TV-UELHomenagem-a-Paulo-Pimentel-Rosa-Abelin-Celio-Costa-Fabio-Calsavara-Viviane-Malmann-e-Marcelo-Ferraz-Arruda-23-1-300x201.jpg 300w, https:\/\/sites.uel.br\/tvuel\/wp-content\/uploads\/2026\/04\/Inauguracao-da-TV-UELHomenagem-a-Paulo-Pimentel-Rosa-Abelin-Celio-Costa-Fabio-Calsavara-Viviane-Malmann-e-Marcelo-Ferraz-Arruda-23-1-768x514.jpg 768w, https:\/\/sites.uel.br\/tvuel\/wp-content\/uploads\/2026\/04\/Inauguracao-da-TV-UELHomenagem-a-Paulo-Pimentel-Rosa-Abelin-Celio-Costa-Fabio-Calsavara-Viviane-Malmann-e-Marcelo-Ferraz-Arruda-23-1-1536x1028.jpg 1536w, https:\/\/sites.uel.br\/tvuel\/wp-content\/uploads\/2026\/04\/Inauguracao-da-TV-UELHomenagem-a-Paulo-Pimentel-Rosa-Abelin-Celio-Costa-Fabio-Calsavara-Viviane-Malmann-e-Marcelo-Ferraz-Arruda-23-1.jpg 1936w\" sizes=\"auto, (max-width: 1024px) 100vw, 1024px\" \/><\/figure>\n<\/div>\n\n\n\n<div class=\"wp-block-column is-layout-flow wp-block-column-is-layout-flow\"><div class=\"wp-block-image\">\n<figure class=\"aligncenter size-full is-resized\"><img loading=\"lazy\" decoding=\"async\" width=\"960\" height=\"720\" src=\"https:\/\/sites.uel.br\/tvuel\/wp-content\/uploads\/2026\/04\/Inauguracao-da-tv-uel-3-1.jpg\" alt=\"\" class=\"wp-image-29335\" style=\"aspect-ratio:1.333376016390294;width:292px;height:auto\" srcset=\"https:\/\/sites.uel.br\/tvuel\/wp-content\/uploads\/2026\/04\/Inauguracao-da-tv-uel-3-1.jpg 960w, https:\/\/sites.uel.br\/tvuel\/wp-content\/uploads\/2026\/04\/Inauguracao-da-tv-uel-3-1-300x225.jpg 300w, https:\/\/sites.uel.br\/tvuel\/wp-content\/uploads\/2026\/04\/Inauguracao-da-tv-uel-3-1-768x576.jpg 768w\" sizes=\"auto, (max-width: 960px) 100vw, 960px\" \/><\/figure>\n<\/div><\/div>\n\n\n\n<div class=\"wp-block-column is-layout-flow wp-block-column-is-layout-flow\">\n<figure class=\"wp-block-image size-full\"><img loading=\"lazy\" decoding=\"async\" width=\"1936\" height=\"1296\" src=\"https:\/\/sites.uel.br\/tvuel\/wp-content\/uploads\/2026\/04\/Inauguracao-da-TV-UEL-Homenagem-a-Paulo-Pimentel-e-TV-UEL-15.jpg\" alt=\"\" class=\"wp-image-29336\" srcset=\"https:\/\/sites.uel.br\/tvuel\/wp-content\/uploads\/2026\/04\/Inauguracao-da-TV-UEL-Homenagem-a-Paulo-Pimentel-e-TV-UEL-15.jpg 1936w, https:\/\/sites.uel.br\/tvuel\/wp-content\/uploads\/2026\/04\/Inauguracao-da-TV-UEL-Homenagem-a-Paulo-Pimentel-e-TV-UEL-15-300x201.jpg 300w, https:\/\/sites.uel.br\/tvuel\/wp-content\/uploads\/2026\/04\/Inauguracao-da-TV-UEL-Homenagem-a-Paulo-Pimentel-e-TV-UEL-15-1024x685.jpg 1024w, https:\/\/sites.uel.br\/tvuel\/wp-content\/uploads\/2026\/04\/Inauguracao-da-TV-UEL-Homenagem-a-Paulo-Pimentel-e-TV-UEL-15-768x514.jpg 768w, https:\/\/sites.uel.br\/tvuel\/wp-content\/uploads\/2026\/04\/Inauguracao-da-TV-UEL-Homenagem-a-Paulo-Pimentel-e-TV-UEL-15-1536x1028.jpg 1536w\" sizes=\"auto, (max-width: 1936px) 100vw, 1936px\" \/><\/figure>\n<\/div>\n<\/div>\n","protected":false},"excerpt":{"rendered":"<p>A TV UEL \u00e9 um \u00d3rg\u00e3o Suplementar com a prerrogativa de ser uma emissora de televis\u00e3o educativa e cultural retransmissora da TV Paran\u00e1 Turismo. Onde a programa\u00e7\u00e3o fica dispon\u00edvel?&nbsp; Est\u00e1 dispon\u00edvel no site da TV UEL, p\u00e1gina oficial da TV UEL no, Instagram, no Facebook e canal oficial no YOUTUBE. O que \u00e9 uma TV [&hellip;]<\/p>\n","protected":false},"author":6,"featured_media":0,"parent":0,"menu_order":0,"comment_status":"closed","ping_status":"closed","template":"","meta":{"_acf_changed":false,"footnotes":""},"class_list":["post-29253","page","type-page","status-publish","hentry"],"acf":[],"_links":{"self":[{"href":"https:\/\/sites.uel.br\/tvuel\/wp-json\/wp\/v2\/pages\/29253","targetHints":{"allow":["GET"]}}],"collection":[{"href":"https:\/\/sites.uel.br\/tvuel\/wp-json\/wp\/v2\/pages"}],"about":[{"href":"https:\/\/sites.uel.br\/tvuel\/wp-json\/wp\/v2\/types\/page"}],"author":[{"embeddable":true,"href":"https:\/\/sites.uel.br\/tvuel\/wp-json\/wp\/v2\/users\/6"}],"replies":[{"embeddable":true,"href":"https:\/\/sites.uel.br\/tvuel\/wp-json\/wp\/v2\/comments?post=29253"}],"version-history":[{"count":19,"href":"https:\/\/sites.uel.br\/tvuel\/wp-json\/wp\/v2\/pages\/29253\/revisions"}],"predecessor-version":[{"id":29375,"href":"https:\/\/sites.uel.br\/tvuel\/wp-json\/wp\/v2\/pages\/29253\/revisions\/29375"}],"wp:attachment":[{"href":"https:\/\/sites.uel.br\/tvuel\/wp-json\/wp\/v2\/media?parent=29253"}],"curies":[{"name":"wp","href":"https:\/\/api.w.org\/{rel}","templated":true}]}}