{"id":73,"date":"2025-08-20T16:34:00","date_gmt":"2025-08-20T19:34:00","guid":{"rendered":"https:\/\/sites.uel.br\/teatroouroverde\/?page_id=73"},"modified":"2026-01-30T10:47:14","modified_gmt":"2026-01-30T13:47:14","slug":"reserva","status":"publish","type":"page","link":"https:\/\/sites.uel.br\/teatroouroverde\/reserva\/","title":{"rendered":"Orienta\u00e7\u00f5es"},"content":{"rendered":"\n<div style=\"height:24px\" aria-hidden=\"true\" class=\"wp-block-spacer\"><\/div>\n\n\n\n<p>Para fazer o pedido de loca\u00e7\u00e3o do espa\u00e7o do Cine Teatro Universit\u00e1rio Ouro Verde o interessado deve seguir alguns procedimentos enumerados a seguir. Importante destacar que todas as delibera\u00e7\u00f5es sobre uso do espa\u00e7o s\u00e3o determinadas pela Comiss\u00e3o de Pauta e os pedidos devem ser feitos com no m\u00ednimo 60 dias de anteced\u00eancia. <\/p>\n\n\n\n<p>Com j\u00e1 mencionado \u00e9 vedado a cess\u00e3o de espa\u00e7o para eventos religiosos, pol\u00edtico-partid\u00e1rios, de propaganda pol\u00edtica e afins.&nbsp;Isso n\u00e3o est\u00e1 aberto \u00e0 negocia\u00e7\u00e3o. <\/p>\n\n\n\n<p>\u00c9 proibido utilizar qualquer tipo de material inflam\u00e1vel e efeitos que sejam a base de \u00e1gua ou qualquer outro material que possam danificar a estrutura original de qualquer depend\u00eancia do teatro, que \u00e9 tombado pelo Patrim\u00f4nio Hist\u00f3rico.<\/p>\n\n\n\n<p><\/p>\n\n\n\n<p><\/p>\n\n\n\n<p><strong>Procedimentos para realizar o pedido de cess\u00e3o de uso do teatro: <\/strong><\/p>\n\n\n\n<p>1 \u2013 Para solicita\u00e7\u00e3o de agenda do Cine Teatro Universit\u00e1rio Ouro Verde, o solicitante dever\u00e1 encaminhar um of\u00edcio nominal  a Prof\u00aa. Marta Dantas da Silva, diretora da Casa de Cultura UEL, com a justificativa\/explica\u00e7\u00e3o sobre o evento. Os pedidos dever\u00e3o ser individuais, ou seja, 1 pedido para cada data ou evento, (exceto festivais que solicitam um per\u00edodo espec\u00edfico). Tamb\u00e9m dever\u00e1 preencher a Ficha T\u00e9cnica com os dados do evento. (arquivo da ficha t\u00e9cnica para download abaixo)\u200b.<\/p>\n\n\n\n<p><strong><u>ATEN\u00c7\u00c3O \u2013 os pedidos sem a ficha t\u00e9cnica, n\u00e3o ser\u00e3o acolhidos<\/u><\/strong><\/p>\n\n\n\n<div class=\"wp-block-file\"><a id=\"wp-block-file--media-dd6ec301-422f-4203-a4c7-9ec1780a0ab2\" href=\"https:\/\/sites.uel.br\/teatroouroverde\/wp-content\/uploads\/2026\/01\/ficha-tecnica.doc\">ficha-tecnica<\/a><a href=\"https:\/\/sites.uel.br\/teatroouroverde\/wp-content\/uploads\/2026\/01\/ficha-tecnica.doc\" class=\"wp-block-file__button wp-element-button\" download aria-describedby=\"wp-block-file--media-dd6ec301-422f-4203-a4c7-9ec1780a0ab2\">Baixar<\/a><\/div>\n\n\n\n<p><\/p>\n\n\n\n<p>Os arquivos desse pedido devem ser datados e assinados, depois digitalizados com o formato PDF e serem encaminhados \u00e0 UEL\/Universidade Estadual de Londrina, por meio do Sistema Digital eProtocolo do Estado do Paran\u00e1, dispon\u00edvel no bot\u00e3o abaixo.<\/p>\n\n\n\n<p><\/p>\n\n\n\n<div class=\"wp-block-buttons is-layout-flex wp-block-buttons-is-layout-flex\">\n<div class=\"wp-block-button is-style-outline is-style-outline--1\"><a class=\"wp-block-button__link wp-element-button\" href=\"https:\/\/sites.uel.br\/eprotocolo\/\" target=\"_blank\" rel=\"noreferrer noopener\">Clique aqui para acessar o eProtocolo<\/a><\/div>\n<\/div>\n\n\n\n<p><\/p>\n\n\n\n<p>2 \u2013 Ap\u00f3s o recebimento do PROCESSO, este ir\u00e1 para avalia\u00e7\u00e3o e delibera\u00e7\u00e3o da Comiss\u00e3o de Pauta do Teatro, \u00fanica inst\u00e2ncia com a atribui\u00e7\u00e3o legal de analisar e deliberar sobre os pedidos. Ap\u00f3s a aprova\u00e7\u00e3o, o solicitante ser\u00e1 informado sobre os valores em conformidade com as datas solicitadas e com as necessidades por ele apresentadas na ficha t\u00e9cnica (equipamentos, t\u00e9cnicos, hor\u00e1rios, outros). Na plena concord\u00e2ncia dos termos, ser\u00e1 redigido o contrato de cess\u00e3o de uso do Teatro. Caso a data solicitada n\u00e3o esteja dispon\u00edvel, ser\u00e1 sugerida data alternativa, e na impossibilidade de atendimento ou n\u00e3o aprova\u00e7\u00e3o do pedido, o solicitante ser\u00e1 comunicado. <\/p>\n\n\n\n<p><strong>O pedido de agenda n\u00e3o gera garantia ou direito a uso do Teatro, conforme Art. 12\u00ba \u00a7 2\u00ba da Resolu\u00e7\u00e3o 040\/2022.<\/strong><\/p>\n\n\n\n<p><\/p>\n\n\n\n<p>3 \u2013 Todas as apresenta\u00e7\u00f5es programadas dever\u00e3o constar no of\u00edcio inicial do pedido e na ficha t\u00e9cnica, com hor\u00e1rios e dias para montagem, ensaios, apresenta\u00e7\u00f5es e desmontagem. Se houver necessidade de montagem\/ensaio\/apresenta\u00e7\u00e3o extra, somente ser\u00e1 autorizada desde que previamente solicitada e aprovada pela Dire\u00e7\u00e3o da Casa de Cultura, ouvida a Comiss\u00e3o de Pauta, ap\u00f3s aprovada ser\u00e1 inclu\u00edda mediante confec\u00e7\u00e3o de termo aditivo ao contrato.<\/p>\n\n\n\n<p>4 \u2013 Os valores de loca\u00e7\u00e3o do Teatro Ouro Verde s\u00e3o estipulados por Resolu\u00e7\u00e3o Interna aprovada pelo Conselho de Administra\u00e7\u00e3o da UEL. Normalmente, para eventos com bilheteria, \u00e9 cobrado o valor de garantia m\u00ednima conforme tabela ou percentual da bilheteria bruta por apresenta\u00e7\u00e3o, prevalecendo o maior valor, conforme tabela de pre\u00e7os p\u00fablicos do Anexo II da Resolu\u00e7\u00e3o 040\/2022 (p\u00e1g. 12). Tributos como ISSQN (reten\u00e7\u00e3o no border\u00f4), ECAD, ISBAT etc., dever\u00e3o ser previamente recolhidos pelo Cession\u00e1rio antes do evento.<\/p>\n\n\n\n<p>5 \u2013 Por determina\u00e7\u00e3o legal do Corpo de Bombeiros de Londrina<\/p>\n\n\n\n<p>* N\u00e3o \u00e9 permitido o uso de qualquer tipo de inflam\u00e1vel ou semelhante;<\/p>\n\n\n\n<p>* Devido ao tombamento hist\u00f3rico e para melhor preserva\u00e7\u00e3o e limpeza do espa\u00e7o, n\u00e3o \u00e9 permitido o uso de papel picado, glitter ou material que cole no carpete, poltronas ou nos sulcos da madeira do palco;<\/p>\n\n\n\n<p>* A capacidade de p\u00fablico do Teatro, em raz\u00e3o das novas normas de seguran\u00e7a, \u00e9 de 726 lugares fixos e 10 espa\u00e7os para PNE (Portador de Necessidade Especial). Das 726 poltronas fixas, 6 s\u00e3o especiais para pessoas acima do peso. ESTA CAPACIDADE N\u00c3O PODE SER EXCEDIDA EM HIP\u00d3TESE ALGUMA;<\/p>\n\n\n\n<p>* \u00c9 de responsabilidade do Cession\u00e1rio a contrata\u00e7\u00e3o de 5 (cinco) Bombeiros Civis, que dever\u00e3o permanecer na plateia durante todas as apresenta\u00e7\u00f5es, devidamente caracterizados e em local estrat\u00e9gico;<\/p>\n\n\n\n<p><\/p>\n\n\n\n<p>6 \u2013 O hor\u00e1rio de funcionamento do Teatro \u00e9 das 8h \u00e0s 12h \u2013 das 14h \u00e0s 18h e das 19h \u00e0s 24h, n\u00e3o sendo poss\u00edvel ultrapassar esses hor\u00e1rios sem pr\u00e9via autoriza\u00e7\u00e3o.<\/p>\n\n\n\n<p><\/p>\n\n\n\n<p>7 \u2013 Para montagem e uso dos equipamentos do Teatro, a equipe do Cession\u00e1rio ser\u00e1 supervisionada por um T\u00e9cnico do Teatro, n\u00e3o sendo permitido o acesso, a perman\u00eancia ou montagem sem esse acompanhamento. A entrada de equipamentos, cen\u00e1rios, instrumentos e outros dever\u00e1 ser prioritariamente realizada pela servid\u00e3o e elevador monta cargas localizado nos fundos do Teatro com acesso pela Rua Minas Gerais, 194.<\/p>\n\n\n\n<p>\u200b8 \u2013 O Sagu\u00e3o (Foyer) do Teatro \u00e9 utilizado para espera e acesso do p\u00fablico aos eventos. Como tamb\u00e9m funciona como como sala de exposi\u00e7\u00f5es, n\u00e3o poder\u00e1 ser utilizado para essa finalidade em concomit\u00e2ncia com outros eventos.<\/p>\n\n\n\n<p><\/p>\n\n\n\n<p>9 \u2013 N\u00e3o \u00e9 permitida a venda e consumo de alimentos ou bebidas, principalmente alco\u00f3licas nas depend\u00eancias do Teatro (Atos-Executivos Reitoria da UEL N. 005\/99 e 047\/2003), e devido ao fato de o edif\u00edcio ser tombado pelo Patrim\u00f4nio Hist\u00f3rico Estadual e Municipal, tamb\u00e9m n\u00e3o s\u00e3o permitidas quaisquer altera\u00e7\u00f5es em suas caracter\u00edsticas, como afixar pregos, parafusos ou similares em suas depend\u00eancias.<\/p>\n\n\n\n<p>A tramita\u00e7\u00e3o do processo de cess\u00e3o do CTUOV obedecer\u00e1 ao Fluxograma contido na p\u00e1gina 10 da Resolu\u00e7\u00e3o 040\/2022 (anexa em aba espec\u00edfica neste site). A tramita\u00e7\u00e3o do processo pode levar de 30 a 90 dias, conforme disponibilidade de agenda da Comiss\u00e3o de Pauta.<\/p>\n\n\n\n<div style=\"height:var(--wp--preset--spacing--50)\" aria-hidden=\"true\" class=\"wp-block-spacer\"><\/div>\n\n\n\n<p class=\"has-small-font-size\"><strong>D\u00favidas poder\u00e3o ser esclarecidas pelo fone (43) 3322-6381 ou pelo e-mail&nbsp;ouroverde@uel.br<\/strong><\/p>\n\n\n\n<p class=\"has-small-font-size\"><\/p>\n\n\n\n<hr class=\"wp-block-separator has-alpha-channel-opacity\"\/>\n\n\n\n<p><\/p>\n","protected":false},"excerpt":{"rendered":"<p>Para fazer o pedido de loca\u00e7\u00e3o do espa\u00e7o do Cine Teatro Universit\u00e1rio Ouro Verde o interessado deve seguir alguns procedimentos enumerados a seguir. Importante destacar que todas as delibera\u00e7\u00f5es sobre uso do espa\u00e7o s\u00e3o determinadas pela Comiss\u00e3o de Pauta e os pedidos devem ser feitos com no m\u00ednimo 60 dias de anteced\u00eancia. Com j\u00e1 mencionado [&hellip;]<\/p>\n","protected":false},"author":6,"featured_media":0,"parent":0,"menu_order":0,"comment_status":"closed","ping_status":"closed","template":"","meta":{"_acf_changed":false,"_themeisle_gutenberg_block_has_review":false,"footnotes":""},"class_list":["post-73","page","type-page","status-publish","hentry"],"acf":[],"_links":{"self":[{"href":"https:\/\/sites.uel.br\/teatroouroverde\/wp-json\/wp\/v2\/pages\/73","targetHints":{"allow":["GET"]}}],"collection":[{"href":"https:\/\/sites.uel.br\/teatroouroverde\/wp-json\/wp\/v2\/pages"}],"about":[{"href":"https:\/\/sites.uel.br\/teatroouroverde\/wp-json\/wp\/v2\/types\/page"}],"author":[{"embeddable":true,"href":"https:\/\/sites.uel.br\/teatroouroverde\/wp-json\/wp\/v2\/users\/6"}],"replies":[{"embeddable":true,"href":"https:\/\/sites.uel.br\/teatroouroverde\/wp-json\/wp\/v2\/comments?post=73"}],"version-history":[{"count":32,"href":"https:\/\/sites.uel.br\/teatroouroverde\/wp-json\/wp\/v2\/pages\/73\/revisions"}],"predecessor-version":[{"id":864,"href":"https:\/\/sites.uel.br\/teatroouroverde\/wp-json\/wp\/v2\/pages\/73\/revisions\/864"}],"wp:attachment":[{"href":"https:\/\/sites.uel.br\/teatroouroverde\/wp-json\/wp\/v2\/media?parent=73"}],"curies":[{"name":"wp","href":"https:\/\/api.w.org\/{rel}","templated":true}]}}