{"id":55,"date":"2025-08-20T16:27:43","date_gmt":"2025-08-20T19:27:43","guid":{"rendered":"https:\/\/sites.uel.br\/teatroouroverde\/?page_id=55"},"modified":"2026-04-13T11:35:39","modified_gmt":"2026-04-13T14:35:39","slug":"mapa-plateia","status":"publish","type":"page","link":"https:\/\/sites.uel.br\/teatroouroverde\/mapa-plateia\/","title":{"rendered":"Mapa de Plateia"},"content":{"rendered":"\n<div style=\"height:var(--wp--preset--spacing--50)\" aria-hidden=\"true\" class=\"wp-block-spacer\"><\/div>\n\n\n\n<p>Conhe\u00e7a como s\u00e3o distribu\u00eddos os assentos no Cine Teatro Universit\u00e1rio Ouro Verde.<\/p>\n\n\n\n<p>A capacidade total do teatro \u00e9 de 726 lugares fixos e 10 PNE, sendo:&nbsp;<\/p>\n\n\n\n<p><em>Plateia inferior &#8230;&#8230;&#8230;&#8230;&#8230;&#8230;&#8230;&#8230;&#8230;&#8230;&#8230;&#8230;&#8230;&#8230;&#8230;&#8230;&#8230;&#8230;&#8230;&#8230;&#8230;&#8230;&#8230;&#8230;&#8230;&#8230;&#8230;&#8230;&#8230;&#8230;&#8230;&#8230;&#8230;&#8230;&#8230;&#8230;&#8230;.. 522 lugares<\/em><\/p>\n\n\n\n<p>Setor 1 &#8230;&#8230;&#8230;&#8230;&#8230;&#8230;&#8230;&#8230;&#8230;&#8230;&#8230;&#8230;&#8230;&#8230;&#8230;&#8230;&#8230;&#8230;&#8230;&#8230;&#8230;. 180 lugares <\/p>\n\n\n\n<p>Setor 1 &#8230;&#8230;&#8230;&#8230;&#8230;&#8230;&#8230;&#8230;&#8230;&#8230;&#8230;&#8230;&#8230;&#8230;&#8230;&#8230;&#8230;&#8230;&#8230;&#8230;&#8230;.. 10 lugares para Portadores de Necessidades Especiais<\/p>\n\n\n\n<p>Setor 2 &#8230;&#8230;&#8230;&#8230;&#8230;&#8230;&#8230;&#8230;&#8230;&#8230;&#8230;&#8230;&#8230;&#8230;&#8230;&#8230;&#8230;&#8230;&#8230;&#8230;&#8230; 332 lugares&nbsp;<\/p>\n\n\n\n<p><em>Setor 3 (balc\u00e3o\/mezanino) &#8230;&#8230;&#8230;&#8230;&#8230;&#8230;&#8230;&#8230;&#8230;&#8230;&#8230;&#8230;&#8230;&#8230;&#8230;&#8230;&#8230;&#8230;&#8230;&#8230;&#8230;&#8230;&#8230;&#8230;&#8230;&#8230;&#8230;&#8230;&#8230;&#8230; 214 lugares<\/em>.&nbsp;<\/p>\n\n\n\n<div style=\"height:20px\" aria-hidden=\"true\" class=\"wp-block-spacer\"><\/div>\n\n\n\n<h2 class=\"wp-block-heading\"><strong>OBSERVA\u00c7\u00d5ES:<\/strong> <\/h2>\n\n\n\n<p>* Nos setores 01 e 02 nas Fileiras B (poltronas 03 e 21) e M (poltronas, 01, 05, 24 e 28), s\u00e3o assentos para obesos. <\/p>\n\n\n\n<p>* A Fileira H possui 10 espa\u00e7os para Portador de Necessidades Especiais (PNE) e as poltronas 03, 04, 07, 08, 11, 12, 15, 16, 19 e 20, s\u00e3o destinadas ao acompanhante de cadeirante, e devem ser comercializadas preferencialmente para esta finalidade. N\u00e3o \u00e9 poss\u00edvel colocar cadeiras extras nestes espa\u00e7os. <\/p>\n\n\n\n<p>* Conforme determina\u00e7\u00e3o do Corpo de Bombeiros a capacidade de p\u00fablico n\u00e3o pode ser excedida em hip\u00f3tese alguma.<\/p>\n\n\n\n<p>* Tamb\u00e9m \u00e9 proibido fumar e consumir alimentos e bebidas de qualquer natureza (exceto \u00e1gua) dentro do teatro (palco, plateia e sagu\u00e3o). Itens de alimenta\u00e7\u00e3o para artistas e participantes dos eventos consumidos apenas nos camarins.<\/p>\n\n\n\n<p>* Os assentos e bra\u00e7os das poltronas n\u00e3o devem ser usados como apoio para cen\u00e1rios, trip\u00e9s de c\u00e2meras ou para os p\u00e9s. N\u00e3o sentar nos bra\u00e7os das poltronas ou ficar em p\u00e9 nas poltronas. <\/p>\n\n\n\n<p>* N\u00e3o \u00e9 permitido entrada com animais de estima\u00e7\u00e3o de qualquer tamanho ou esp\u00e9cie. Permitido apenas acesso de c\u00e3es-guia de pessoas com necessidades especiais, devidamente identificados.<\/p>\n\n\n\n<p><strong>Acessibilidade: <\/strong><\/p>\n\n\n\n<p>O Teatro disp\u00f5e de 02 plataformas para Portador de Necessidades Especiais (PNE) ou pessoas com dificuldades de mobilidade de acesso ao sagu\u00e3o e plateia inferior (setores 1 e 2). <\/p>\n\n\n\n<p>01 plataforma tamb\u00e9m para Portador de Necessidades Especiais (PNE) ou pessoas com dificuldades tempor\u00e1rias de mobilidade de acesso ao palco.<\/p>\n\n\n\n<p>01 elevador para Portador de Necessidades Especiais (PNE) ou pessoas com dificuldades tempor\u00e1rias de mobilidade de acesso ao camarim e ao palco. <\/p>\n\n\n\n<p>O setor 3 (balc\u00e3o\/mezanino) n\u00e3o disp\u00f5em de alternativas de acessibilidade para Portador de Necessidades Especiais (PNE) ou com dificuldades tempor\u00e1rias de mobilidade, devido as condi\u00e7\u00f5es para subir at\u00e9 o piso superior.<\/p>\n\n\n<div class=\"wp-block-image\">\n<figure class=\"aligncenter size-large\"><img loading=\"lazy\" decoding=\"async\" width=\"724\" height=\"1024\" src=\"https:\/\/sites.uel.br\/teatroouroverde\/wp-content\/uploads\/2026\/04\/MAPA-PLATEIA-COLORIDO-724x1024.png\" alt=\"\" class=\"wp-image-950\" srcset=\"https:\/\/sites.uel.br\/teatroouroverde\/wp-content\/uploads\/2026\/04\/MAPA-PLATEIA-COLORIDO-724x1024.png 724w, https:\/\/sites.uel.br\/teatroouroverde\/wp-content\/uploads\/2026\/04\/MAPA-PLATEIA-COLORIDO-212x300.png 212w, https:\/\/sites.uel.br\/teatroouroverde\/wp-content\/uploads\/2026\/04\/MAPA-PLATEIA-COLORIDO-768x1086.png 768w, https:\/\/sites.uel.br\/teatroouroverde\/wp-content\/uploads\/2026\/04\/MAPA-PLATEIA-COLORIDO-1086x1536.png 1086w, https:\/\/sites.uel.br\/teatroouroverde\/wp-content\/uploads\/2026\/04\/MAPA-PLATEIA-COLORIDO.png 1414w\" sizes=\"auto, (max-width: 724px) 100vw, 724px\" \/><\/figure>\n<\/div>\n\n\n<div class=\"wp-block-columns is-layout-flex wp-container-core-columns-is-layout-9d6595d7 wp-block-columns-is-layout-flex\">\n<div class=\"wp-block-column is-layout-flow wp-block-column-is-layout-flow\"><div class=\"wp-block-image\">\n<figure class=\"aligncenter size-large\"><img loading=\"lazy\" decoding=\"async\" width=\"1024\" height=\"724\" src=\"https:\/\/sites.uel.br\/teatroouroverde\/wp-content\/uploads\/2026\/04\/SETOR-1-1-1024x724.png\" alt=\"\" class=\"wp-image-951\" srcset=\"https:\/\/sites.uel.br\/teatroouroverde\/wp-content\/uploads\/2026\/04\/SETOR-1-1-1024x724.png 1024w, https:\/\/sites.uel.br\/teatroouroverde\/wp-content\/uploads\/2026\/04\/SETOR-1-1-300x212.png 300w, https:\/\/sites.uel.br\/teatroouroverde\/wp-content\/uploads\/2026\/04\/SETOR-1-1-768x543.png 768w, https:\/\/sites.uel.br\/teatroouroverde\/wp-content\/uploads\/2026\/04\/SETOR-1-1-1536x1086.png 1536w, https:\/\/sites.uel.br\/teatroouroverde\/wp-content\/uploads\/2026\/04\/SETOR-1-1.png 2000w\" sizes=\"auto, (max-width: 1024px) 100vw, 1024px\" \/><\/figure>\n<\/div><\/div>\n<\/div>\n\n\n<div class=\"wp-block-image\">\n<figure class=\"aligncenter size-large\"><img loading=\"lazy\" decoding=\"async\" width=\"2000\" height=\"1125\" src=\"https:\/\/sites.uel.br\/teatroouroverde\/wp-content\/uploads\/2026\/04\/setor-2-edited.png\" alt=\"\" class=\"wp-image-915\" srcset=\"https:\/\/sites.uel.br\/teatroouroverde\/wp-content\/uploads\/2026\/04\/setor-2-edited.png 2000w, https:\/\/sites.uel.br\/teatroouroverde\/wp-content\/uploads\/2026\/04\/setor-2-edited-300x169.png 300w, https:\/\/sites.uel.br\/teatroouroverde\/wp-content\/uploads\/2026\/04\/setor-2-edited-1024x576.png 1024w, https:\/\/sites.uel.br\/teatroouroverde\/wp-content\/uploads\/2026\/04\/setor-2-edited-768x432.png 768w, https:\/\/sites.uel.br\/teatroouroverde\/wp-content\/uploads\/2026\/04\/setor-2-edited-1536x864.png 1536w\" sizes=\"auto, (max-width: 2000px) 100vw, 2000px\" \/><\/figure>\n<\/div>\n\n<div class=\"wp-block-image\">\n<figure class=\"aligncenter size-large\"><img loading=\"lazy\" decoding=\"async\" width=\"2000\" height=\"1125\" src=\"https:\/\/sites.uel.br\/teatroouroverde\/wp-content\/uploads\/2026\/04\/setor-3-mezanino-edited.png\" alt=\"\" class=\"wp-image-917\" srcset=\"https:\/\/sites.uel.br\/teatroouroverde\/wp-content\/uploads\/2026\/04\/setor-3-mezanino-edited.png 2000w, https:\/\/sites.uel.br\/teatroouroverde\/wp-content\/uploads\/2026\/04\/setor-3-mezanino-edited-300x169.png 300w, https:\/\/sites.uel.br\/teatroouroverde\/wp-content\/uploads\/2026\/04\/setor-3-mezanino-edited-1024x576.png 1024w, https:\/\/sites.uel.br\/teatroouroverde\/wp-content\/uploads\/2026\/04\/setor-3-mezanino-edited-768x432.png 768w, https:\/\/sites.uel.br\/teatroouroverde\/wp-content\/uploads\/2026\/04\/setor-3-mezanino-edited-1536x864.png 1536w\" sizes=\"auto, (max-width: 2000px) 100vw, 2000px\" \/><\/figure>\n<\/div>\n\n\n<hr class=\"wp-block-separator has-alpha-channel-opacity\"\/>\n\n\n\n<div data-wp-interactive=\"core\/file\" class=\"wp-block-file\"><object data-wp-bind--hidden=\"!state.hasPdfPreview\" hidden class=\"wp-block-file__embed\" data=\"https:\/\/sites.uel.br\/teatroouroverde\/wp-content\/uploads\/2026\/04\/MAPA-DE-PLATEIA-colorido-1.pdf\" type=\"application\/pdf\" style=\"width:100%;height:300px\" aria-label=\"Incorporado de MAPA DE PLATEIA - colorido.\"><\/object><a id=\"wp-block-file--media-18e4588f-4fcd-4274-affd-02bb92163e70\" href=\"https:\/\/sites.uel.br\/teatroouroverde\/wp-content\/uploads\/2026\/04\/MAPA-DE-PLATEIA-colorido-1.pdf\" target=\"_blank\" rel=\"noreferrer noopener\">MAPA DE PLATEIA &#8211; colorido<\/a><a href=\"https:\/\/sites.uel.br\/teatroouroverde\/wp-content\/uploads\/2026\/04\/MAPA-DE-PLATEIA-colorido-1.pdf\" class=\"wp-block-file__button wp-element-button\" download aria-describedby=\"wp-block-file--media-18e4588f-4fcd-4274-affd-02bb92163e70\">Baixar<\/a><\/div>\n\n\n\n<hr class=\"wp-block-separator has-alpha-channel-opacity\"\/>\n","protected":false},"excerpt":{"rendered":"<p>Conhe\u00e7a como s\u00e3o distribu\u00eddos os assentos no Cine Teatro Universit\u00e1rio Ouro Verde. A capacidade total do teatro \u00e9 de 726 lugares fixos e 10 PNE, sendo:&nbsp; Plateia inferior &#8230;&#8230;&#8230;&#8230;&#8230;&#8230;&#8230;&#8230;&#8230;&#8230;&#8230;&#8230;&#8230;&#8230;&#8230;&#8230;&#8230;&#8230;&#8230;&#8230;&#8230;&#8230;&#8230;&#8230;&#8230;&#8230;&#8230;&#8230;&#8230;&#8230;&#8230;&#8230;&#8230;&#8230;&#8230;&#8230;&#8230;.. 522 lugares Setor 1 &#8230;&#8230;&#8230;&#8230;&#8230;&#8230;&#8230;&#8230;&#8230;&#8230;&#8230;&#8230;&#8230;&#8230;&#8230;&#8230;&#8230;&#8230;&#8230;&#8230;&#8230;. 180 lugares Setor 1 &#8230;&#8230;&#8230;&#8230;&#8230;&#8230;&#8230;&#8230;&#8230;&#8230;&#8230;&#8230;&#8230;&#8230;&#8230;&#8230;&#8230;&#8230;&#8230;&#8230;&#8230;.. 10 lugares para Portadores de Necessidades Especiais Setor 2 &#8230;&#8230;&#8230;&#8230;&#8230;&#8230;&#8230;&#8230;&#8230;&#8230;&#8230;&#8230;&#8230;&#8230;&#8230;&#8230;&#8230;&#8230;&#8230;&#8230;&#8230; 332 lugares&nbsp; Setor 3 (balc\u00e3o\/mezanino) &#8230;&#8230;&#8230;&#8230;&#8230;&#8230;&#8230;&#8230;&#8230;&#8230;&#8230;&#8230;&#8230;&#8230;&#8230;&#8230;&#8230;&#8230;&#8230;&#8230;&#8230;&#8230;&#8230;&#8230;&#8230;&#8230;&#8230;&#8230;&#8230;&#8230; [&hellip;]<\/p>\n","protected":false},"author":6,"featured_media":0,"parent":0,"menu_order":0,"comment_status":"closed","ping_status":"closed","template":"","meta":{"_acf_changed":false,"_themeisle_gutenberg_block_has_review":false,"footnotes":""},"class_list":["post-55","page","type-page","status-publish","hentry"],"acf":[],"_links":{"self":[{"href":"https:\/\/sites.uel.br\/teatroouroverde\/wp-json\/wp\/v2\/pages\/55","targetHints":{"allow":["GET"]}}],"collection":[{"href":"https:\/\/sites.uel.br\/teatroouroverde\/wp-json\/wp\/v2\/pages"}],"about":[{"href":"https:\/\/sites.uel.br\/teatroouroverde\/wp-json\/wp\/v2\/types\/page"}],"author":[{"embeddable":true,"href":"https:\/\/sites.uel.br\/teatroouroverde\/wp-json\/wp\/v2\/users\/6"}],"replies":[{"embeddable":true,"href":"https:\/\/sites.uel.br\/teatroouroverde\/wp-json\/wp\/v2\/comments?post=55"}],"version-history":[{"count":34,"href":"https:\/\/sites.uel.br\/teatroouroverde\/wp-json\/wp\/v2\/pages\/55\/revisions"}],"predecessor-version":[{"id":955,"href":"https:\/\/sites.uel.br\/teatroouroverde\/wp-json\/wp\/v2\/pages\/55\/revisions\/955"}],"wp:attachment":[{"href":"https:\/\/sites.uel.br\/teatroouroverde\/wp-json\/wp\/v2\/media?parent=55"}],"curies":[{"name":"wp","href":"https:\/\/api.w.org\/{rel}","templated":true}]}}