{"id":51,"date":"2025-08-20T16:26:39","date_gmt":"2025-08-20T19:26:39","guid":{"rendered":"https:\/\/sites.uel.br\/teatroouroverde\/?page_id=51"},"modified":"2025-09-23T16:15:04","modified_gmt":"2025-09-23T19:15:04","slug":"rider","status":"publish","type":"page","link":"https:\/\/sites.uel.br\/teatroouroverde\/rider\/","title":{"rendered":"Rider T\u00e9cnico"},"content":{"rendered":"\n<div style=\"height:var(--wp--preset--spacing--50)\" aria-hidden=\"true\" class=\"wp-block-spacer\"><\/div>\n\n\n\n<p>Aqui \u00e9 apresentado o Rider T\u00e9cnico do Cine Teatro Universit\u00e1rio Ouro Verde, um documento que especifica todos os requisitos t\u00e9cnicos necess\u00e1rios para a apresenta\u00e7\u00e3o de um artista ou banda ou pe\u00e7a teatral, incluindo equipamentos de som, ilumina\u00e7\u00e3o, palco e outros elementos essenciais para o espet\u00e1culo. Ele serve como um guia para a equipe t\u00e9cnica sobre o local, garantindo que todas as necessidades do artista sejam atendidas, desde a infraestrutura do palco at\u00e9 detalhes como camarins e alimenta\u00e7\u00e3o.&nbsp;<\/p>\n\n\n\n<p>\u00c9 de responsabilidade da equipe de produ\u00e7\u00e3o do evento providenciar a prote\u00e7\u00e3o para os objetos que comp\u00f5em os cen\u00e1rios, a fim de evitar danificar o palco. Pedimos para n\u00e3o afixar pregos ou parafusos no piso ou paredes; n\u00e3o aplicar<br>colas abrasivas; n\u00e3o fazer uso de equipamentos de solda ou outros meios que possam danificar o palco; n\u00e3o arrastar cen\u00e1rios ou outros objetos sobre o piso; n\u00e3o pintar ou reformar cen\u00e1rios dentro do teatro. Qualquer altera\u00e7\u00e3o de posi\u00e7\u00e3o de equipamentos ou objetos do palco deve ser informada previamente.<\/p>\n\n\n\n<p>Solicitamos que somente a equipe t\u00e9cnica do Teatro e de cada produ\u00e7\u00e3o permane\u00e7am na cabine durante o evento. <\/p>\n\n\n\n<p>A entrada com alimentos e l\u00edquidos na cabine n\u00e3o \u00e9 permitida. <\/p>\n\n\n\n<p>Pedimos para n\u00e3o desconectar nenhum cabo dos equipamentos, sem autoriza\u00e7\u00e3o de um t\u00e9cnico da equipe do teatro.<\/p>\n\n\n\n<p><strong>Observa\u00e7\u00e3o:<\/strong> \u00c9 importante ressaltar que esse \u00e9 apenas um referencial. Os organizadores devem fazer uma reuni\u00e3o t\u00e9cnica com a equipe do teatro para confirmar tudo que for necess\u00e1rio para a realiza\u00e7\u00e3o do espet\u00e1culo.<\/p>\n\n\n\n<div style=\"height:20px\" aria-hidden=\"true\" class=\"wp-block-spacer\"><\/div>\n\n\n\n<div data-wp-interactive=\"core\/file\" class=\"wp-block-file\"><object data-wp-bind--hidden=\"!state.hasPdfPreview\" hidden class=\"wp-block-file__embed\" data=\"https:\/\/sites.uel.br\/teatroouroverde\/wp-content\/uploads\/2025\/09\/Rider-Tecnico-atualizado-2025-1.pdf\" type=\"application\/pdf\" style=\"width:100%;height:600px\" aria-label=\"Incorporado de Rider T\u00e9cnico - atualizado 2025.\"><\/object><a id=\"wp-block-file--media-12235f83-da6b-46c9-a231-fc8d9764ee68\" href=\"https:\/\/sites.uel.br\/teatroouroverde\/wp-content\/uploads\/2025\/09\/Rider-Tecnico-atualizado-2025-1.pdf\">Rider T\u00e9cnico &#8211; atualizado 2025<\/a><a href=\"https:\/\/sites.uel.br\/teatroouroverde\/wp-content\/uploads\/2025\/09\/Rider-Tecnico-atualizado-2025-1.pdf\" class=\"wp-block-file__button wp-element-button\" download aria-describedby=\"wp-block-file--media-12235f83-da6b-46c9-a231-fc8d9764ee68\">Baixar<\/a><\/div>\n\n\n\n<hr class=\"wp-block-separator has-alpha-channel-opacity\"\/>\n\n\n\n<p>Planta baixa com as medidas do espa\u00e7o:<\/p>\n\n\n\n<div data-wp-interactive=\"core\/file\" class=\"wp-block-file\"><object data-wp-bind--hidden=\"!state.hasPdfPreview\" hidden class=\"wp-block-file__embed\" data=\"https:\/\/sites.uel.br\/teatroouroverde\/wp-content\/uploads\/2025\/08\/planta-baixa-medidas-teatro-ouro-verde.pdf\" type=\"application\/pdf\" style=\"width:100%;height:600px\" aria-label=\"Incorporado de planta-baixa-medidas-teatro-ouro-verde.\"><\/object><a id=\"wp-block-file--media-c210fdf2-7b5a-477f-91c1-c33fad5d834e\" href=\"https:\/\/sites.uel.br\/teatroouroverde\/wp-content\/uploads\/2025\/08\/planta-baixa-medidas-teatro-ouro-verde.pdf\">planta-baixa-medidas-teatro-ouro-verde<\/a><a href=\"https:\/\/sites.uel.br\/teatroouroverde\/wp-content\/uploads\/2025\/08\/planta-baixa-medidas-teatro-ouro-verde.pdf\" class=\"wp-block-file__button wp-element-button\" download aria-describedby=\"wp-block-file--media-c210fdf2-7b5a-477f-91c1-c33fad5d834e\">Baixar<\/a><\/div>\n\n\n\n<hr class=\"wp-block-separator has-alpha-channel-opacity\"\/>\n\n\n\n<p>Planta baixa das varas de ilumina\u00e7\u00e3o: <\/p>\n\n\n\n<div data-wp-interactive=\"core\/file\" class=\"wp-block-file\"><object data-wp-bind--hidden=\"!state.hasPdfPreview\" hidden class=\"wp-block-file__embed\" data=\"https:\/\/sites.uel.br\/teatroouroverde\/wp-content\/uploads\/2025\/08\/planta-baixa-varas-teatro-ouro-verde-1.pdf\" type=\"application\/pdf\" style=\"width:100%;height:600px\" aria-label=\"Incorporado de planta-baixa-varas-teatro-ouro-verde.\"><\/object><a id=\"wp-block-file--media-fa94f522-4392-4278-9b71-5cc84c08e6fc\" href=\"https:\/\/sites.uel.br\/teatroouroverde\/wp-content\/uploads\/2025\/08\/planta-baixa-varas-teatro-ouro-verde-1.pdf\">planta-baixa-varas-teatro-ouro-verde<\/a><a href=\"https:\/\/sites.uel.br\/teatroouroverde\/wp-content\/uploads\/2025\/08\/planta-baixa-varas-teatro-ouro-verde-1.pdf\" class=\"wp-block-file__button wp-element-button\" download aria-describedby=\"wp-block-file--media-fa94f522-4392-4278-9b71-5cc84c08e6fc\">Baixar<\/a><\/div>\n\n\n\n<hr class=\"wp-block-separator has-alpha-channel-opacity\"\/>\n","protected":false},"excerpt":{"rendered":"<p>Aqui \u00e9 apresentado o Rider T\u00e9cnico do Cine Teatro Universit\u00e1rio Ouro Verde, um documento que especifica todos os requisitos t\u00e9cnicos necess\u00e1rios para a apresenta\u00e7\u00e3o de um artista ou banda ou pe\u00e7a teatral, incluindo equipamentos de som, ilumina\u00e7\u00e3o, palco e outros elementos essenciais para o espet\u00e1culo. Ele serve como um guia para a equipe t\u00e9cnica sobre [&hellip;]<\/p>\n","protected":false},"author":6,"featured_media":0,"parent":0,"menu_order":0,"comment_status":"closed","ping_status":"closed","template":"","meta":{"_acf_changed":false,"_themeisle_gutenberg_block_has_review":false,"footnotes":""},"class_list":["post-51","page","type-page","status-publish","hentry"],"acf":[],"_links":{"self":[{"href":"https:\/\/sites.uel.br\/teatroouroverde\/wp-json\/wp\/v2\/pages\/51","targetHints":{"allow":["GET"]}}],"collection":[{"href":"https:\/\/sites.uel.br\/teatroouroverde\/wp-json\/wp\/v2\/pages"}],"about":[{"href":"https:\/\/sites.uel.br\/teatroouroverde\/wp-json\/wp\/v2\/types\/page"}],"author":[{"embeddable":true,"href":"https:\/\/sites.uel.br\/teatroouroverde\/wp-json\/wp\/v2\/users\/6"}],"replies":[{"embeddable":true,"href":"https:\/\/sites.uel.br\/teatroouroverde\/wp-json\/wp\/v2\/comments?post=51"}],"version-history":[{"count":10,"href":"https:\/\/sites.uel.br\/teatroouroverde\/wp-json\/wp\/v2\/pages\/51\/revisions"}],"predecessor-version":[{"id":645,"href":"https:\/\/sites.uel.br\/teatroouroverde\/wp-json\/wp\/v2\/pages\/51\/revisions\/645"}],"wp:attachment":[{"href":"https:\/\/sites.uel.br\/teatroouroverde\/wp-json\/wp\/v2\/media?parent=51"}],"curies":[{"name":"wp","href":"https:\/\/api.w.org\/{rel}","templated":true}]}}