{"id":2,"date":"2021-03-21T23:36:11","date_gmt":"2021-03-22T02:36:11","guid":{"rendered":"https:\/\/sites.uel.br\/teatroouroverde\/?page_id=2"},"modified":"2025-12-08T16:03:32","modified_gmt":"2025-12-08T19:03:32","slug":"pagina-exemplo","status":"publish","type":"page","link":"https:\/\/sites.uel.br\/teatroouroverde\/pagina-exemplo\/","title":{"rendered":"FAQ"},"content":{"rendered":"\n<h1 class=\"wp-block-heading has-text-align-center\"><strong>PERGUNTAS FREQUENTES<\/strong><\/h1>\n\n\n\n<div id=\"wp-block-themeisle-blocks-accordion-ad552095\" class=\"wp-block-themeisle-blocks-accordion exclusive\">\n<details class=\"wp-block-themeisle-blocks-accordion-item\"><summary class=\"wp-block-themeisle-blocks-accordion-item__title\"><div><strong>Quem administra o Cine Teatro Universit\u00e1rio Ouro Verde?<\/strong><\/div><\/summary><div class=\"wp-block-themeisle-blocks-accordion-item__content\">\n<p>O Cine Teatro Universit\u00e1rio Ouro Verde \u00e9 subordinado \u00e0 Casa de Cultura, que \u00e9 um \u00f3rg\u00e3o suplementar da Universidade Estadual de Londrina (UEL). A coordena\u00e7\u00e3o do espa\u00e7o \u00e9 realizado pela Comiss\u00e3o de Pauta e pela equipe do Teatro. <\/p>\n<\/div><\/details>\n\n\n\n<details class=\"wp-block-themeisle-blocks-accordion-item\"><summary class=\"wp-block-themeisle-blocks-accordion-item__title\"><div><strong>Qual capacidade de p\u00fablico da plateia?<\/strong> <\/div><\/summary><div class=\"wp-block-themeisle-blocks-accordion-item__content\">\n<p>A capacidade total do teatro \u00e9 de 736 lugares, sendo:&nbsp;<\/p>\n\n\n\n<p><em>Plateia inferior \u2026\u2026\u2026\u2026\u2026\u2026\u2026\u2026\u2026\u2026\u2026\u2026\u2026\u2026\u2026\u2026\u2026.. 522 lugares<\/em><\/p>\n\n\n\n<p>          Setor 1 \u2026\u2026\u2026\u2026\u2026\u2026\u2026\u2026\u2026\u2026\u2026\u2026\u2026\u2026\u2026\u2026\u2026\u2026. 180 lugares<\/p>\n\n\n\n<p>         Setor 1 \u2026\u2026\u2026\u2026\u2026\u2026\u2026\u2026\u2026\u2026\u2026\u2026\u2026\u2026\u2026\u2026\u2026\u2026\u2026\u2026\u2026.. 10 lugares para Portadores de Necessidades Especiais<\/p>\n\n\n\n<p>         Setor 2 \u2026\u2026\u2026\u2026\u2026\u2026\u2026.\u2026\u2026\u2026\u2026\u2026\u2026\u2026\u2026\u2026\u2026\u2026 332 lugares&nbsp;<\/p>\n\n\n\n<p><em>Setor 3 (balc\u00e3o\/mezanino) \u2026\u2026\u2026\u2026\u2026\u2026\u2026\u2026\u2026\u2026\u2026\u2026 214 lugares<\/em>.&nbsp;<\/p>\n<\/div><\/details>\n\n\n\n<details class=\"wp-block-themeisle-blocks-accordion-item\"><summary class=\"wp-block-themeisle-blocks-accordion-item__title\"><div><strong>\u00c9 poss\u00ed\u00advel locar o teatro para apresentar eventos?<\/strong><\/div><\/summary><div class=\"wp-block-themeisle-blocks-accordion-item__content\">\n<p>Para locar o espa\u00e7o o produtor do evento pode entrar em contato pelo e-mail <a href=\"mailto:ouroverde@uel.br\">ouroverde@uel.br<\/a> informando o tipo de evento e as datas que tem interesse em realizar. Ser\u00e1 informado se a referida data est\u00e1 dispon\u00edvel. No entanto o pedido depende da formaliza\u00e7\u00e3o pelo sistema e-Protocolo. Todos os procedimentos e valores est\u00e3o estabelecidos na Resolu\u00e7\u00e3o 040\/2022 e dispon\u00edvel para consulta em nosso portal no menu Reservas <a href=\"https:\/\/sites.uel.br\/teatroouroverde\/reserva\/\">https:\/\/sites.uel.br\/teatroouroverde\/reserva\/<\/a><\/p>\n\n\n\n<p>Informamos que a prioridade de uso deste espa\u00e7o s\u00e3o atividades art\u00edsticas e culturais, sendo vedados a cess\u00e3o para eventos religiosos, pol\u00edtico-partid\u00e1rios e afins. Isso n\u00e3o est\u00e1 aberto \u00e0 negocia\u00e7\u00e3o.<\/p>\n\n\n\n<p>Eventos corporativos, semin\u00e1rios, congressos, somente em caso de disponibilidade de agenda.<\/p>\n\n\n\n<p>O pedido de agenda (protocolado) n\u00e3o gera direito de uso ou qualquer compromisso entre as partes, at\u00e9 que o pedido seja analisado, aprovado, e formalizado por contrato.<\/p>\n<\/div><\/details>\n\n\n\n<details class=\"wp-block-themeisle-blocks-accordion-item\"><summary class=\"wp-block-themeisle-blocks-accordion-item__title\"><div><strong>Quem autoriza a cess\u00e3o de uso do espa\u00e7o?<\/strong><\/div><\/summary><div class=\"wp-block-themeisle-blocks-accordion-item__content\">\n<p>De acordo com o Art 4\u00ba da Resolu\u00e7\u00e3o 040\/2022, o Cine Teatro Universit\u00e1rio Ouro Verde faz parte da Casa de Cultura da UEL e todas as atividades s\u00e3o definidas pela Comiss\u00e3o de Pauta desse \u00f3rg\u00e3o, que as organizar\u00e1 mediante a an\u00e1lise dos pedidos formalizados no sistema e-Protocolo de utiliza\u00e7\u00e3o do espa\u00e7o do teatro. <\/p>\n<\/div><\/details>\n\n\n\n<details class=\"wp-block-themeisle-blocks-accordion-item\"><summary class=\"wp-block-themeisle-blocks-accordion-item__title\"><div><strong>Como acompanho a agenda de eventos?<\/strong><\/div><\/summary><div class=\"wp-block-themeisle-blocks-accordion-item__content\">\n<p>Os eventos j\u00e1 confirmados s\u00e3o divulgados neste portal oficial que pode ser acessado pelo link: <a href=\"https:\/\/sites.uel.br\/teatroouroverde\/agenda\/\">https:\/\/sites.uel.br\/teatroouroverde\/agenda\/<\/a><\/p>\n\n\n\n<p>E tamb\u00e9m pelas redes sociais:<\/p>\n\n\n\n<p>Facebook &#8211; <a href=\"https:\/\/www.facebook.com\/teatroouroverdeoficial\">https:\/\/www.facebook.com\/teatroouroverdeoficial<\/a><\/p>\n\n\n\n<p>Instagram &#8211;&nbsp; <a href=\"https:\/\/www.instagram.com\/teatroouroverdeoficial\/\">https:\/\/www.instagram.com\/teatroouroverdeoficial\/<\/a><\/p>\n<\/div><\/details>\n\n\n\n<details class=\"wp-block-themeisle-blocks-accordion-item\"><summary class=\"wp-block-themeisle-blocks-accordion-item__title\"><div><strong>Onde posso comprar ingressos para shows e espet\u00e1culos?<\/strong><\/div><\/summary><div class=\"wp-block-themeisle-blocks-accordion-item__content\">\n<p>A venda de ingressos ou distribui\u00e7\u00e3o de convites (de eventos gratuitos), \u00e9 sempre definida pelos organizadores. N\u00e3o tendo o teatro nenhuma responsabilidade direta sobre essa atividade.<\/p>\n<\/div><\/details>\n\n\n\n<details class=\"wp-block-themeisle-blocks-accordion-item\"><summary class=\"wp-block-themeisle-blocks-accordion-item__title\"><div><strong>Posso comprar ingressos no dia do evento?<\/strong><\/div><\/summary><div class=\"wp-block-themeisle-blocks-accordion-item__content\">\n<p>Depende de como for definido pelos organizadores do evento. E a compra tamb\u00e9m estar\u00e1 sujeita \u00e0 disponibilidade de ingressos no momento, caso a venda tenha sido feita por meio de plataformas on-line. <\/p>\n<\/div><\/details>\n\n\n\n<details class=\"wp-block-themeisle-blocks-accordion-item\"><summary class=\"wp-block-themeisle-blocks-accordion-item__title\"><div><strong>Quem tem direito \u00e0 meia-entrada? <\/strong><\/div><\/summary><div class=\"wp-block-themeisle-blocks-accordion-item__content\">\n<p>Por lei, o benef\u00edcio da meia-entrada ser\u00e1 assegurado para<strong> 40% do total de ingressos dispon\u00edveis de cada evento<\/strong> e \u00e9 concedido aos seguintes p\u00fablicos:<br><br><strong>&#8211; Idosos (com idade igual ou superior a 60 anos)<\/strong><br>Conforme a Lei Federal n\u00ba 10.741\/03 e o Decreto n\u00ba 8.537\/15 , mediante apresenta\u00e7\u00e3o de documento de identidade oficial com foto.<\/p>\n\n\n\n<p><strong>&#8211; Estudantes <\/strong><br>Conforme a Lei Geral da Meia-Entrada (Decreto n\u00ba 8.537\/15, que regulamenta a Lei 12.933\/13), atualizada por Medida Cautelar Provis\u00f3ria concedida pelo STF em 29\/12\/2015, os estudantes ter\u00e3o direito ao benef\u00edcio da meia-entrada mediante a apresenta\u00e7\u00e3o da Carteira de Identifica\u00e7\u00e3o Estudantil (CIE) como documento comprobat\u00f3rio na entrada do evento.<\/p>\n\n\n\n<p><strong>&#8211; Pessoas com Defici\u00eancia e acompanhantes quando necess\u00e1rio<\/strong><br>Conforme a Lei Geral da Meia-Entrada (Decreto n\u00ba 8.537\/15, que regulamenta a Lei 12.933\/13), mediante apresenta\u00e7\u00e3o do cart\u00e3o de Benef\u00edcio de Presta\u00e7\u00e3o Continuada da Assist\u00eancia Social da Pessoa com Defici\u00eancia ou de documento emitido pelo Instituto Nacional do Seguro Social &#8211; INSS que ateste a aposentadoria de acordo com os crit\u00e9rios estabelecidos na Lei Complementar n\u00ba 142, de 8 de maio de 2013.<br>No momento de apresenta\u00e7\u00e3o, esses documentos dever\u00e3o estar acompanhados de documento de identidade oficial com foto.<\/p>\n\n\n\n<p><strong>&#8211; Jovens pertencentes a fam\u00edlias de baixa renda, com idades de 15 a 29 anos<\/strong><br>Conforme a Lei Geral da Meia-Entrada (Decreto n\u00ba 8.537\/15, que regulamenta a Lei 12.933\/13), mediante apresenta\u00e7\u00e3o da Carteira de Identidade Jovem que ser\u00e1 emitida pela Secretaria Nacional de Juventude a partir de 31 de mar\u00e7o de 2016, acompanhada de documento de identidade oficial com foto.<\/p>\n\n\n\n<p><strong>&#8211; Professores e outros profissionais da educa\u00e7\u00e3o <\/strong><br>Conforme a Lei Estadual n\u00ba 15.876\/2008 o benef\u00edcio \u00e9 garantido para profissionais da rede p\u00fablica e particular, que estejam exercendo suas fun\u00e7\u00f5es. Para comprovar o direito, \u00e9 preciso apresentar o contracheque do m\u00eas vigente ou carteira funcional, acompanhados de um documento oficial de identifica\u00e7\u00e3o com foto.&nbsp;<\/p>\n\n\n\n<p><strong>&#8211; Profissionais da sa\u00fade <\/strong><br>Conforme a Lei Estadual 22.235\/2024 os profissionais da sa\u00fade t\u00eam direito \u00e0 meia-entrada.&nbsp;Para comprovar o direito, \u00e9 preciso apresentar o contracheque do m\u00eas vigente ou carteira funcional, acompanhados de um documento oficial de identifica\u00e7\u00e3o com foto.&nbsp;<\/p>\n\n\n\n<p><strong>&#8211; Doadores de Sangue <\/strong><br>As Leis Estaduais<strong> <\/strong>n\u00ba 13.964\/2002 e n\u00ba 22.130\/2024 garantem a meia-entrada para doadores regulares de sangue registrados nos hemocentros e bancos de sangue dos hospitais do Paran\u00e1. Para comprovar o benef\u00edcio, \u00e9 necess\u00e1rio apresentar a carteirinha de doador ou um documento oficial expedido pela Secretaria de Estado da Sa\u00fade, juntamente com um documento de identifica\u00e7\u00e3o com foto.&nbsp;<\/p>\n\n\n\n<p><strong>&#8211; Pacientes com c\u00e2ncer  <\/strong><br>De acordo com a Leis Estadual n\u00ba 18.445\/2015 os pacientes portadores de c\u00e2ncer t\u00eam direito \u00e0 meia-entrada. Para garantir o benef\u00edcio, \u00e9 necess\u00e1rio apresentar um laudo m\u00e9dico (original ou c\u00f3pia) que confirme a doen\u00e7a, juntamente com um documento de identifica\u00e7\u00e3o oficial com foto. O laudo deve ter sido emitido por um m\u00e9dico cadastrado no SUS, e, se poss\u00edvel, ter sido emitido em no m\u00e1ximo um ano antes da apresenta\u00e7\u00e3o, conforme a legisla\u00e7\u00e3o do estado.&nbsp;<\/p>\n\n\n\n<hr class=\"wp-block-separator has-alpha-channel-opacity\"\/>\n\n\n\n<p>*  <strong>Aten\u00e7\u00e3o:<\/strong><br>&#8211; Os descontos n\u00e3o s\u00e3o cumulativos, devendo ao benefici\u00e1rio optar pelo desconto de sua prefer\u00eancia, mediante a apresenta\u00e7\u00e3o de documentos que comprovem o direito.<br>&#8211; Os documentos para valida\u00e7\u00e3o de descontos dever\u00e3o ser apresentados na portaria do teatro.&nbsp;<br>&#8211; Caso os documentos necess\u00e1rios n\u00e3o sejam apresentados ou n\u00e3o comprovem a condi\u00e7\u00e3o do benefici\u00e1rio ser\u00e1 exigido o pagamento da diferen\u00e7a de valor dos mesmos.<\/p>\n<\/div><\/details>\n\n\n\n<details class=\"wp-block-themeisle-blocks-accordion-item\"><summary class=\"wp-block-themeisle-blocks-accordion-item__title\"><div><strong>Proibi\u00e7\u00f5es<\/strong><\/div><\/summary><div class=\"wp-block-themeisle-blocks-accordion-item__content\">\n<p><strong>Posso consumir alimentos e bebidas no teatro?   <\/strong><br>N\u00e3o \u00e9 permitido, a entrada e nem o consumo, com qualquer tipo de alimento ou guloseima, assim como bebidas (exceto \u00e1gua), nas depend\u00eancias do teatro (sagu\u00e3o, plateia, mezanino e palco). Essa exig\u00eancia se deve em virtude do tombamento hist\u00f3rico do teatro, para prote\u00e7\u00e3o do espa\u00e7o e combate a insetos e outras pragas.<\/p>\n\n\n\n<p>* Nos camarins \u00e9 permitido o consumo de bebidas e alimentos pelos membros da equipe e artistas, no entanto \u00e9 proibido entrada e consumo de bebidas alco\u00f3licas.<\/p>\n\n\n\n<p><strong>O Teatro tem \u00e1rea para fumantes?   <\/strong><br>N\u00e3o h\u00e1 nenhuma \u00e1rea definida para fumantes e \u00e9 proibido fumar em qualquer das depend\u00eancias do teatro (mesmo nos espa\u00e7os externos do fundo).<\/p>\n\n\n\n<p><strong>Crian\u00e7as podem ficar sozinhas no mezanino?   <\/strong><br>N\u00e3o \u00e9 permitida a perman\u00eancia de crian\u00e7as desacompanhadas dos respons\u00e1veis no mezanino, devido ao risco de acidentes pela altura.<\/p>\n<\/div><\/details>\n\n\n\n<details class=\"wp-block-themeisle-blocks-accordion-item\"><summary class=\"wp-block-themeisle-blocks-accordion-item__title\"><div><strong>Restri\u00e7\u00f5es   <\/strong><\/div><\/summary><div class=\"wp-block-themeisle-blocks-accordion-item__content\">\n<p><strong>Vou me atrasar. Poderei entrar no evento ap\u00f3s o in\u00edcio?   <\/strong><br>Para sua comodidade, recomendamos que evite atrasos para n\u00e3o incomodar o restante do p\u00fablico e n\u00e3o tirar a concentra\u00e7\u00e3o dos artistas. Chegue pelo menos 30 (trinta) minutos antes do hor\u00e1rio marcado em seu ingresso. Antecipe-se para evitar imprevistos e ter uma experi\u00eancia ainda mais agrad\u00e1vel.<\/p>\n\n\n\n<p><strong>Existe restri\u00e7\u00e3o de idade para os eventos?   <\/strong><br>Os espet\u00e1culos possuem classifica\u00e7\u00e3o et\u00e1ria, podendo ser Livre ou com restri\u00e7\u00e3o de idade. Al\u00e9m da classifica\u00e7\u00e3o et\u00e1ria, alguns eventos podem ter restri\u00e7\u00f5es expressas quanto ao acesso de menores. Verifique na p\u00e1gina de cada evento.<\/p>\n\n\n\n<p><strong>Crian\u00e7as de colo pagam ingresso?   <\/strong><br>Crian\u00e7as com at\u00e9 24 meses incompletos est\u00e3o isentas de ingresso se assistirem ao espet\u00e1culo\/show sentadas no colo. Acima dessa idade pagam meia-entrada em qualquer evento.<\/p>\n<\/div><\/details>\n\n\n\n<details class=\"wp-block-themeisle-blocks-accordion-item\"><summary class=\"wp-block-themeisle-blocks-accordion-item__title\"><div><strong>Esqueci ou perdi um objeto no teatro. O que fazer? <\/strong><\/div><\/summary><div class=\"wp-block-themeisle-blocks-accordion-item__content\">\n<p>Os objetos encontrados na plateia do teatro ficam dispon\u00edveis por at\u00e9 90 dias depois do evento. Ap\u00f3s esse prazo ser\u00e3o doados, com exce\u00e7\u00e3o de documentos e cart\u00f5es banc\u00e1rios, que ser\u00e3o destru\u00eddos e descartados.<\/p>\n\n\n\n<p>Caso perceba que esqueceu algum objeto pessoal no teatro, depois que saiu do evento, voc\u00ea pode entrar em contato pelo nosso whatsapp (43) 3322-6381 ou por e-mail: ouroverde@uel.br<\/p>\n<\/div><\/details>\n\n\n\n<details class=\"wp-block-themeisle-blocks-accordion-item\"><summary class=\"wp-block-themeisle-blocks-accordion-item__title\"><div><strong>Posso levar meu animal de estima\u00e7\u00e3o para o teatro? <\/strong><\/div><\/summary><div class=\"wp-block-themeisle-blocks-accordion-item__content\">\n<p>N\u00e3o \u00e9 permitida a entrada (p\u00fablico, organizadores ou artistas) com animais de estima\u00e7\u00e3o em qualquer das depend\u00eancias do teatro. Exceto nos casos de c\u00e3o-guia, devidamente identificados para tal fun\u00e7\u00e3o.<\/p>\n<\/div><\/details>\n\n\n\n<details class=\"wp-block-themeisle-blocks-accordion-item\"><summary class=\"wp-block-themeisle-blocks-accordion-item__title\"><div><strong>O teatro possui estacionamento?<\/strong><\/div><\/summary><div class=\"wp-block-themeisle-blocks-accordion-item__content\">\n<p>N\u00e3o temos dispon\u00edveis nenhum tipo de estacionamento para usu\u00e1rios do teatro. Tamb\u00e9m n\u00e3o \u00e9 permitido estacionar no cal\u00e7ad\u00e3o em frente ao teatro, pois est\u00e1 sujeito a multa pelos \u00f3rg\u00e3os da prefeitura. S\u00f3 \u00e9 permitido o embarque e desembarque, para pessoas com dificuldades de mobilidade. Fique atento.<\/p>\n<\/div><\/details>\n\n\n\n<details class=\"wp-block-themeisle-blocks-accordion-item\"><summary class=\"wp-block-themeisle-blocks-accordion-item__title\"><div><strong>No espa\u00e7o tamb\u00e9m tem sess\u00f5es de cinema?<\/strong><\/div><\/summary><div class=\"wp-block-themeisle-blocks-accordion-item__content\">\n<p>Sim, aqui tamb\u00e9m no Cine Teatro Ouro Verde tamb\u00e9m temos dias destinados para a exibi\u00e7\u00e3o de filmes especiais (diferentes da grade de filmes nos cinemas comerciais), que geralmente foram premiados em festivais ou com relev\u00e2ncia social. As sess\u00f5es s\u00e3o as segundas, ter\u00e7as e quartas-feiras, \u00e0s 16h e 19h30, com a bilheteria aberta 30 minutos antes da sess\u00e3o. <\/p>\n\n\n\n<p>* Podem ocorrer altera\u00e7\u00f5es nos dias das sess\u00f5es devido a outros eventos. Todas as informa\u00e7\u00f5es s\u00e3o divulgados em nossas redes sociais. <\/p>\n<\/div><\/details>\n\n\n\n<details class=\"wp-block-themeisle-blocks-accordion-item\"><summary class=\"wp-block-themeisle-blocks-accordion-item__title\"><div><strong>O teatro possui meios de acessibilidade? <\/strong><\/div><\/summary><div class=\"wp-block-themeisle-blocks-accordion-item__content\">\n<p>Sim! Nosso teatro est\u00e1 apto e preparado para receber pessoas com necessidades especiais. Consulte o&nbsp;mapa de plateia (<a href=\"https:\/\/sites.uel.br\/teatroouroverde\/mapa-plateia\/\">https:\/\/sites.uel.br\/teatroouroverde\/mapa-plateia\/<\/a>) e verifique os espa\u00e7os e assentos reservados para PNEs e seus acompanhantes.&nbsp;Tamb\u00e9m disponibilizamos assentos para obesos.<\/p>\n\n\n\n<p>Possu\u00edmos plataformas para Portador de Necessidades Especiais (PNE) ou pessoas com dificuldades de mobilidade de acesso ao sagu\u00e3o e plateia inferior (setores 1 e 2) e tamb\u00e9m elevadores para acesso ao palco (no caso de artistas PNEs ou com dificuldades de mobilidade)<\/p>\n\n\n\n<p>Em casos muito espec\u00edficos, pedimos por gentileza para entrar em contato com nosso setor de atendimento.<\/p>\n\n\n\n<p><strong>Observa\u00e7\u00e3o   <\/strong><br>O setor 3 (balc\u00e3o\/mezanino) n\u00e3o disp\u00f5em de alternativas de acessibilidade para Portador de Necessidades Especiais (PNE) ou com dificuldades tempor\u00e1rias de mobilidade, devido as condi\u00e7\u00f5es para subir at\u00e9 o piso superior.<\/p>\n<\/div><\/details>\n<\/div>\n\n\n\n<p><\/p>\n\n\n\n<hr class=\"wp-block-separator has-alpha-channel-opacity\"\/>\n","protected":false},"excerpt":{"rendered":"<p>PERGUNTAS FREQUENTES<\/p>\n","protected":false},"author":1,"featured_media":0,"parent":0,"menu_order":0,"comment_status":"closed","ping_status":"open","template":"","meta":{"_acf_changed":false,"_themeisle_gutenberg_block_has_review":false,"footnotes":""},"class_list":["post-2","page","type-page","status-publish","hentry"],"acf":[],"_links":{"self":[{"href":"https:\/\/sites.uel.br\/teatroouroverde\/wp-json\/wp\/v2\/pages\/2","targetHints":{"allow":["GET"]}}],"collection":[{"href":"https:\/\/sites.uel.br\/teatroouroverde\/wp-json\/wp\/v2\/pages"}],"about":[{"href":"https:\/\/sites.uel.br\/teatroouroverde\/wp-json\/wp\/v2\/types\/page"}],"author":[{"embeddable":true,"href":"https:\/\/sites.uel.br\/teatroouroverde\/wp-json\/wp\/v2\/users\/1"}],"replies":[{"embeddable":true,"href":"https:\/\/sites.uel.br\/teatroouroverde\/wp-json\/wp\/v2\/comments?post=2"}],"version-history":[{"count":18,"href":"https:\/\/sites.uel.br\/teatroouroverde\/wp-json\/wp\/v2\/pages\/2\/revisions"}],"predecessor-version":[{"id":842,"href":"https:\/\/sites.uel.br\/teatroouroverde\/wp-json\/wp\/v2\/pages\/2\/revisions\/842"}],"wp:attachment":[{"href":"https:\/\/sites.uel.br\/teatroouroverde\/wp-json\/wp\/v2\/media?parent=2"}],"curies":[{"name":"wp","href":"https:\/\/api.w.org\/{rel}","templated":true}]}}