{"id":12,"date":"2025-08-19T11:41:50","date_gmt":"2025-08-19T14:41:50","guid":{"rendered":"https:\/\/sites.uel.br\/teatroouroverde\/posts\/"},"modified":"2025-09-26T10:45:50","modified_gmt":"2025-09-26T13:45:50","slug":"noticias","status":"publish","type":"page","link":"https:\/\/sites.uel.br\/teatroouroverde\/noticias\/","title":{"rendered":"Not\u00edcias"},"content":{"rendered":"\n<div style=\"height:var(--wp--preset--spacing--50)\" aria-hidden=\"true\" class=\"wp-block-spacer\"><\/div>\n\n\n\n<p>Confira os destaques da Casa de Cultura no Portal de Not\u00edcias O Perobal &#8211; UEL<\/p>\n\n\n\n                <div class=\"feed-noticias-perobal alm-listing alm-ajax alm-has-transition\" id=\"feed-noticias-perobal-cine-teatro-ouro-verde\"><a class=\"noticia-padrao d-flex flex-column flex-md-row align-items-start\" href=\"https:\/\/operobal.uel.br\/cultura\/2026\/04\/01\/hora-do-recreio-de-lucia-murat-em-cartaz-no-cine-teatro-ouro-verde\/\">\n                                                    <img decoding=\"async\" class=\"lazy entered loaded\" src=\"https:\/\/operobal.uel.br\/wp-content\/uploads\/2026\/04\/07ybcG7OsxJO2NQ7syQJFoDsAG1FkRQjwv4pBfgm@original-1.jpg\"\/>    \n                                                    <article class=\"ml-0 ml-md-4 corpo-noticia-padrao\">\n                                                        <p class=\"antetitulo mb-0\">Cinema<\/p>\n                                                        <p class=\"titulo mb-2\">&#8220;Hora do Recreio&#8221; de Lucia Murat em cartaz no Cine Teatro Ouro Verde<\/p>\n                                                        <p class=\"descricao\">O filme trata a quest\u00e3o da educa\u00e7\u00e3o no Brasil, tanto atrav\u00e9s de uma abordagem documental e ficcional.<\/p>\n                                                    <\/article>\n                                                <\/a><hr class=\"mt-4 mb-4 d-none d-md-block\"><a class=\"noticia-padrao d-flex flex-column flex-md-row align-items-start\" href=\"https:\/\/operobal.uel.br\/cultura\/2026\/03\/18\/uel-e-parceira-institucional-do-festival-quati-crianca\/\">\n                                                    <img decoding=\"async\" class=\"lazy entered loaded\" src=\"https:\/\/operobal.uel.br\/wp-content\/uploads\/2026\/03\/As-cores-da-America-Latina-Foto-de-Hamylle-Nobre-1.jpg\"\/>    \n                                                    <article class=\"ml-0 ml-md-4 corpo-noticia-padrao\">\n                                                        <p class=\"antetitulo mb-0\">Cultura<\/p>\n                                                        <p class=\"titulo mb-2\">UEL \u00e9 parceira institucional do Festival Quati Crian\u00e7a!<\/p>\n                                                        <p class=\"descricao\">O Cine Teatro Ouro Verde, a DAC, da Casa de Cultura e o Curso de Artes C\u00eanicas s\u00e3o palcos e parceiros criativos de espet\u00e1culos e oficinas.<\/p>\n                                                    <\/article>\n                                                <\/a><hr class=\"mt-4 mb-4 d-none d-md-block\"><a class=\"noticia-padrao d-flex flex-column flex-md-row align-items-start\" href=\"https:\/\/operobal.uel.br\/eventos\/2026\/03\/16\/segunda-mostra-de-arte-e-cultura-vai-ate-10-de-abril-na-biblioteca-central\/\">\n                                                    <img decoding=\"async\" class=\"lazy entered loaded\" src=\"https:\/\/operobal.uel.br\/wp-content\/uploads\/2026\/03\/expo-Biblioteca-capa-secundaria.jpg.jpeg\"\/>    \n                                                    <article class=\"ml-0 ml-md-4 corpo-noticia-padrao\">\n                                                        <p class=\"antetitulo mb-0\">Evento<\/p>\n                                                        <p class=\"titulo mb-2\">Segunda Mostra de Arte e Cultura vai at\u00e9 10 de abril na Biblioteca Central<\/p>\n                                                        <p class=\"descricao\">Inaugurada na \u00faltima sexta-feira (13), exposi\u00e7\u00e3o conta com fotografias, pinturas, desenhos e videoclipe de discentes, docentes e servidores da UEL.<\/p>\n                                                    <\/article>\n                                                <\/a><hr class=\"mt-4 mb-4 d-none d-md-block\"><a class=\"noticia-padrao d-flex flex-column flex-md-row align-items-start\" href=\"https:\/\/operobal.uel.br\/casa-de-cultura\/2026\/03\/04\/orquestra-sinfonica-da-uel-inicia-temporada-2026-com-grandes-obras-solistas-renomados-e-tributos-especiais\/\">\n                                                    <img decoding=\"async\" class=\"lazy entered loaded\" src=\"https:\/\/operobal.uel.br\/wp-content\/uploads\/2025\/12\/osuel-orquestra.jpg\"\/>    \n                                                    <article class=\"ml-0 ml-md-4 corpo-noticia-padrao\">\n                                                        <p class=\"antetitulo mb-0\">M\u00daSICA<\/p>\n                                                        <p class=\"titulo mb-2\">Orquestra Sinf\u00f4nica da UEL inicia Temporada 2026 com grandes obras, solistas renomados e tributos especiais<\/p>\n                                                        <p class=\"descricao\">Programa\u00e7\u00e3o vai de mar\u00e7o a dezembro com alcance ampliado da m\u00fasica de concerto para diferentes p\u00fablicos<\/p>\n                                                    <\/article>\n                                                <\/a><hr class=\"mt-4 mb-4 d-none d-md-block\"><a class=\"noticia-padrao d-flex flex-column flex-md-row align-items-start\" href=\"https:\/\/operobal.uel.br\/cultura\/2025\/12\/17\/orquestra-sinfonica-da-uel-fecha-2025-com-a-quarta-sinfonia-de-mahler\/\">\n                                                    <img decoding=\"async\" class=\"lazy entered loaded\" src=\"https:\/\/operobal.uel.br\/wp-content\/uploads\/2025\/12\/osuel-orquestra.jpg\"\/>    \n                                                    <article class=\"ml-0 ml-md-4 corpo-noticia-padrao\">\n                                                        <p class=\"antetitulo mb-0\"><\/p>\n                                                        <p class=\"titulo mb-2\">Orquestra Sinf\u00f4nica da UEL fecha 2025 com a Quarta Sinfonia de Mahler<\/p>\n                                                        <p class=\"descricao\">No \u00faltimo concerto do ano, a Osuel traz a Quarta Sinfonia de Gustav Mahler.<\/p>\n                                                    <\/article>\n                                                <\/a><\/div><button id=\"feed-noticias-perobal-load-morecine-teatro-ouro-verde\" type=\"button\" class=\"feed-noticias-button\" data-endpoint=\"https:\/\/operobal.uel.br\/wp-json\/wp-perobal\/v1\/posts\/tags\/cine-teatro-ouro-verde?numberposts=50\" data-ppp=\"5\" data-pages=\"5\">Leia mais<\/button>\n\n\n                <div class=\"feed-noticias-perobal alm-listing alm-ajax alm-has-transition\" id=\"feed-noticias-perobal-cultura\"><a class=\"noticia-padrao d-flex flex-column flex-md-row align-items-start\" href=\"https:\/\/operobal.uel.br\/clch\/2026\/03\/03\/campus-da-uel-recebe-exposicao-de-fotos-que-celebra-artistas-negros\/\">\n                                                    <img decoding=\"async\" class=\"lazy entered loaded\" src=\"https:\/\/operobal.uel.br\/wp-content\/uploads\/2026\/03\/exposicao-na-capela-4.jpg\"\/>    \n                                                    <article class=\"ml-0 ml-md-4 corpo-noticia-padrao\">\n                                                        <p class=\"antetitulo mb-0\">Fotografia<\/p>\n                                                        <p class=\"titulo mb-2\">Campus da UEL recebe exposi\u00e7\u00e3o de fotos que celebra artistas negros<\/p>\n                                                        <p class=\"descricao\">Projeto \u201cVis\u00f5es da Genialidade Cultural Negra\u201d, idealizado pelo fot\u00f3grafo Jo\u00e3o J\u00fanior,  coloca em cena fotografias de personalidades negras de Londrina.<\/p>\n                                                    <\/article>\n                                                <\/a><hr class=\"mt-4 mb-4 d-none d-md-block\"><a class=\"noticia-padrao d-flex flex-column flex-md-row align-items-start\" href=\"https:\/\/operobal.uel.br\/cultura\/2025\/12\/17\/orquestra-sinfonica-da-uel-fecha-2025-com-a-quarta-sinfonia-de-mahler\/\">\n                                                    <img decoding=\"async\" class=\"lazy entered loaded\" src=\"https:\/\/operobal.uel.br\/wp-content\/uploads\/2025\/12\/osuel-orquestra.jpg\"\/>    \n                                                    <article class=\"ml-0 ml-md-4 corpo-noticia-padrao\">\n                                                        <p class=\"antetitulo mb-0\"><\/p>\n                                                        <p class=\"titulo mb-2\">Orquestra Sinf\u00f4nica da UEL fecha 2025 com a Quarta Sinfonia de Mahler<\/p>\n                                                        <p class=\"descricao\">No \u00faltimo concerto do ano, a Osuel traz a Quarta Sinfonia de Gustav Mahler.<\/p>\n                                                    <\/article>\n                                                <\/a><hr class=\"mt-4 mb-4 d-none d-md-block\"><a class=\"noticia-padrao d-flex flex-column flex-md-row align-items-start\" href=\"https:\/\/operobal.uel.br\/cultura\/2025\/12\/16\/cine-teatro-ouro-verde-entra-em-recesso-na-proxima-semana\/\">\n                                                    <img decoding=\"async\" class=\"lazy entered loaded\" src=\"https:\/\/operobal.uel.br\/wp-content\/uploads\/2025\/12\/ouro-verde.jpg\"\/>    \n                                                    <article class=\"ml-0 ml-md-4 corpo-noticia-padrao\">\n                                                        <p class=\"antetitulo mb-0\"><\/p>\n                                                        <p class=\"titulo mb-2\">Cine Teatro Ouro Verde entra em recesso na pr\u00f3xima semana<\/p>\n                                                        <p class=\"descricao\">Estar\u00e3o suspensas as sess\u00f5es de cinema e demais atividades culturais, a partir de segunda-feira (22).\n<\/p>\n                                                    <\/article>\n                                                <\/a><hr class=\"mt-4 mb-4 d-none d-md-block\"><a class=\"noticia-padrao d-flex flex-column flex-md-row align-items-start\" href=\"https:\/\/operobal.uel.br\/cefe\/2025\/12\/11\/i-mostra-de-filmes-do-gepheef-discute-educacao-do-corpo-por-meio-do-cinema\/\">\n                                                    <img decoding=\"async\" class=\"lazy entered loaded\" src=\"https:\/\/operobal.uel.br\/wp-content\/uploads\/2025\/12\/1-mostra-de-filmes-gepheff.jpg\"\/>    \n                                                    <article class=\"ml-0 ml-md-4 corpo-noticia-padrao\">\n                                                        <p class=\"antetitulo mb-0\">Debate<\/p>\n                                                        <p class=\"titulo mb-2\">I Mostra de Filmes do GEPHEEF discute educa\u00e7\u00e3o do corpo por meio do cinema<\/p>\n                                                        <p class=\"descricao\">Com foco na rela\u00e7\u00e3o entre cinema, educa\u00e7\u00e3o e mem\u00f3ria, a mostra busca estimular debates sobre os modos como a educa\u00e7\u00e3o do corpo se articula a diferentes projetos de governo social em distintos per\u00edodos hist\u00f3ricos<\/p>\n                                                    <\/article>\n                                                <\/a><hr class=\"mt-4 mb-4 d-none d-md-block\"><a class=\"noticia-padrao d-flex flex-column flex-md-row align-items-start\" href=\"https:\/\/operobal.uel.br\/casa-de-cultura\/2025\/12\/08\/coros-da-uel-fazem-concerto-de-natal-no-teatro-ouro-verde\/\">\n                                                    <img decoding=\"async\" class=\"lazy entered loaded\" src=\"https:\/\/operobal.uel.br\/wp-content\/uploads\/2025\/12\/image-14.png\"\/>    \n                                                    <article class=\"ml-0 ml-md-4 corpo-noticia-padrao\">\n                                                        <p class=\"antetitulo mb-0\">Fim de ano<\/p>\n                                                        <p class=\"titulo mb-2\">Coros da UEL fazem Concerto de Natal no Teatro Ouro Verde<\/p>\n                                                        <p class=\"descricao\">Participar\u00e3o nesse dia todos os coros e grupos vocais da Casa de Cultura e um coral convidado<\/p>\n                                                    <\/article>\n                                                <\/a><\/div><button id=\"feed-noticias-perobal-load-morecultura\" type=\"button\" class=\"feed-noticias-button\" data-endpoint=\"https:\/\/operobal.uel.br\/wp-json\/wp-perobal\/v1\/posts\/tags\/cultura?numberposts=50\" data-ppp=\"5\" data-pages=\"5\">Leia mais<\/button>\n\n\n<hr class=\"wp-block-separator has-alpha-channel-opacity\"\/>\n","protected":false},"excerpt":{"rendered":"<p>Confira os destaques da Casa de Cultura no Portal de Not\u00edcias O Perobal &#8211; UEL<\/p>\n","protected":false},"author":1,"featured_media":0,"parent":0,"menu_order":0,"comment_status":"close","ping_status":"close","template":"","meta":{"_acf_changed":false,"_themeisle_gutenberg_block_has_review":false,"footnotes":""},"class_list":["post-12","page","type-page","status-publish","hentry"],"acf":[],"_links":{"self":[{"href":"https:\/\/sites.uel.br\/teatroouroverde\/wp-json\/wp\/v2\/pages\/12","targetHints":{"allow":["GET"]}}],"collection":[{"href":"https:\/\/sites.uel.br\/teatroouroverde\/wp-json\/wp\/v2\/pages"}],"about":[{"href":"https:\/\/sites.uel.br\/teatroouroverde\/wp-json\/wp\/v2\/types\/page"}],"author":[{"embeddable":true,"href":"https:\/\/sites.uel.br\/teatroouroverde\/wp-json\/wp\/v2\/users\/1"}],"replies":[{"embeddable":true,"href":"https:\/\/sites.uel.br\/teatroouroverde\/wp-json\/wp\/v2\/comments?post=12"}],"version-history":[{"count":14,"href":"https:\/\/sites.uel.br\/teatroouroverde\/wp-json\/wp\/v2\/pages\/12\/revisions"}],"predecessor-version":[{"id":661,"href":"https:\/\/sites.uel.br\/teatroouroverde\/wp-json\/wp\/v2\/pages\/12\/revisions\/661"}],"wp:attachment":[{"href":"https:\/\/sites.uel.br\/teatroouroverde\/wp-json\/wp\/v2\/media?parent=12"}],"curies":[{"name":"wp","href":"https:\/\/api.w.org\/{rel}","templated":true}]}}