{"id":5978,"date":"2025-11-06T15:52:22","date_gmt":"2025-11-06T18:52:22","guid":{"rendered":"https:\/\/sites.uel.br\/sustentabilidade\/?page_id=5978"},"modified":"2025-11-07T12:07:29","modified_gmt":"2025-11-07T15:07:29","slug":"relatorio-2025","status":"publish","type":"page","link":"https:\/\/sites.uel.br\/sustentabilidade\/relatorio-2025\/","title":{"rendered":"Relat\u00f3rio 2025"},"content":{"rendered":"\n<div style=\"height:50px\" aria-hidden=\"true\" class=\"wp-block-spacer\"><\/div>\n\n\n<div class=\"wp-block-image is-style-default\">\n<figure class=\"aligncenter size-full\"><a href=\"https:\/\/sites.uel.br\/sustentabilidade\/wp-content\/uploads\/2025\/11\/ODS-Uel-2025.pdf\"><img loading=\"lazy\" decoding=\"async\" width=\"840\" height=\"560\" src=\"https:\/\/sites.uel.br\/sustentabilidade\/wp-content\/uploads\/2025\/11\/Imagem-do-WhatsApp-de-2025-11-06-as-15.09.36_6fb5f197.jpg\" alt=\"\" class=\"wp-image-5974\" srcset=\"https:\/\/sites.uel.br\/sustentabilidade\/wp-content\/uploads\/2025\/11\/Imagem-do-WhatsApp-de-2025-11-06-as-15.09.36_6fb5f197.jpg 840w, https:\/\/sites.uel.br\/sustentabilidade\/wp-content\/uploads\/2025\/11\/Imagem-do-WhatsApp-de-2025-11-06-as-15.09.36_6fb5f197-300x200.jpg 300w, https:\/\/sites.uel.br\/sustentabilidade\/wp-content\/uploads\/2025\/11\/Imagem-do-WhatsApp-de-2025-11-06-as-15.09.36_6fb5f197-768x512.jpg 768w\" sizes=\"auto, (max-width: 840px) 100vw, 840px\" \/><\/a><\/figure>\n<\/div>\n\n\n<div style=\"height:25px\" aria-hidden=\"true\" class=\"wp-block-spacer\"><\/div>\n\n\n\n<hr class=\"wp-block-separator has-alpha-channel-opacity is-style-wide\" \/>\n\n\n\n<div style=\"height:25px\" aria-hidden=\"true\" class=\"wp-block-spacer\"><\/div>\n\n\n<div class=\"noticias-recentes\"><a class=\"noticia-padrao d-flex flex-column flex-md-row align-items-start\" href=\"https:\/\/sites.uel.br\/sustentabilidade\/sensores-espectrometricos-para-determinacao-de-atributos-de-fertilidade-do-solo-e-parametros-de-nutricao-de-plantas\/\"><img decoding=\"async\" src=\"https:\/\/sites.uel.br\/sustentabilidade\/wp-content\/uploads\/2025\/02\/image-2.png\"><article class=\"ml-0 ml-md-2 corpo-noticia-padrao\"><p class=\"antetitulo mb-0\"><\/p><p class=\"titulo mb-2\">Sensores espectrom\u00e9tricos para determina\u00e7\u00e3o de atributos de fertilidade do solo e par\u00e2metros de nutri\u00e7\u00e3o de plantas<\/p><p class=\"descricao\">O objetivo geral desta proposta \u00e9 otimizar o uso de sensores espectrom\u00e9tricos na faixa de raios gama, raios X, vis\u00edvel e infravermelho, combinado com ferramentas de aprendizado de m\u00e1quina para determinar de forma r\u00e1pida os atributos de fertilidade do solo e par\u00e2metros nutricionais de plantas. A meta \u00e9 oferecer versatilidade e rapidez para aplica\u00e7\u00e3o na [&hellip;]<\/p><\/article><\/a><hr class=\"mt-2 mb-2 d-none d-md-block\"><a class=\"noticia-padrao d-flex flex-column flex-md-row align-items-start\" href=\"https:\/\/sites.uel.br\/sustentabilidade\/napi-energia-zero-carbono-impulsiona-inovacoes-em-energias-renovaveis-no-parana\/\"><img decoding=\"async\" src=\"https:\/\/sites.uel.br\/sustentabilidade\/wp-content\/uploads\/2024\/10\/image-6.png\"><article class=\"ml-0 ml-md-2 corpo-noticia-padrao\"><p class=\"antetitulo mb-0\"><\/p><p class=\"titulo mb-2\">Napi Energia Zero-Carbono impulsiona inova\u00e7\u00f5es em energias renov\u00e1veis no Paran\u00e1<\/p><p class=\"descricao\">O Novo Arranjo de Pesquisa e Inova\u00e7\u00e3o \u2013 Energia Zero-Carbono (Napi-EZC) \u00e9 um projeto financiado pela&nbsp;Funda\u00e7\u00e3o Arauc\u00e1ria&nbsp;de Apoio ao Desenvolvimento Cient\u00edfico e Tecnol\u00f3gico do Estado do Paran\u00e1 \u2013 PI 05\/2023. O objetivo \u00e9 impulsionar o empreendedorismo tecnol\u00f3gico por meio da explora\u00e7\u00e3o de fontes de energia inteligente, focando na gera\u00e7\u00e3o e convers\u00e3o de energia zero-carbono. O [&hellip;]<\/p><\/article><\/a><hr class=\"mt-2 mb-2 d-none d-md-block\"><a class=\"noticia-padrao d-flex flex-column flex-md-row align-items-start\" href=\"https:\/\/sites.uel.br\/sustentabilidade\/projeto-oferece-atividade-fisica-para-cuidadores-de-pessoas-com-autismo\/\"><img decoding=\"async\" src=\"https:\/\/sites.uel.br\/sustentabilidade\/wp-content\/uploads\/2024\/11\/image.png\"><article class=\"ml-0 ml-md-2 corpo-noticia-padrao\"><p class=\"antetitulo mb-0\"><\/p><p class=\"titulo mb-2\">Projeto oferece atividade f\u00edsica para cuidadores de pessoas com autismo<\/p><p class=\"descricao\">Nata\u00e7\u00e3o para todos:\u00a0 O Projeto de extens\u00e3o nata\u00e7\u00e3o para todos-fase III visa oferecer aulas de nata\u00e7\u00e3o (inicia\u00e7\u00e3o e aperfei\u00e7oamento) para crian\u00e7as e adolescentes com defici\u00eancia com defici\u00eancia motora, intelectual, visual ou m\u00faltipla. As aulas acontecer\u00e3o tr\u00eas vezes por semana e espera-se atender ao menos 50 crian\u00e7as. Para tanto, ser\u00e1 realizada ampla divulga\u00e7\u00e3o junto \u00e1s institui\u00e7\u00f5es [&hellip;]<\/p><\/article><\/a><hr class=\"mt-2 mb-2 d-none d-md-block\"><a class=\"noticia-padrao d-flex flex-column flex-md-row align-items-start\" href=\"https:\/\/sites.uel.br\/sustentabilidade\/saude-na-biota-aquatica-em-areas-agricolas-diagnostico-e-busca-de-solucoes\/\"><img decoding=\"async\" src=\"https:\/\/sites.uel.br\/sustentabilidade\/wp-content\/uploads\/2025\/01\/image.png\"><article class=\"ml-0 ml-md-2 corpo-noticia-padrao\"><p class=\"antetitulo mb-0\"><\/p><p class=\"titulo mb-2\">Sa\u00fade na biota aqu\u00e1tica em \u00e1reas agr\u00edcolas: diagn\u00f3stico e busca de solu\u00e7\u00f5es<\/p><p class=\"descricao\">O projeto apresenta tr\u00eas focos distintos que se que complementam: 1) avaliar a sa\u00fade da biota aqu\u00e1tica de locais de \u00e1reas agr\u00edcolas, com diferentes n\u00edveis de antropiza\u00e7\u00e3o; 2) testar a efici\u00eancia de nanopesticidas como alternativa para uma agricultura menos impactante para os organismos aqu\u00e1ticos; 3) verificar a capacidade de macr\u00f3fitas aqu\u00e1ticas para mitigar os efeitos [&hellip;]<\/p><\/article><\/a><div class=\"clearfix\" style=\"width: 100%;\"><\/div><a href=\"https:\/\/sites.uel.br\/sustentabilidade\/posts\" class=\"mt-4 noticias-recentes_todas\">Ver mais<\/a><\/div>","protected":false},"excerpt":{"rendered":"","protected":false},"author":17,"featured_media":0,"parent":0,"menu_order":0,"comment_status":"closed","ping_status":"closed","template":"","meta":{"footnotes":""},"class_list":["post-5978","page","type-page","status-publish","hentry"],"acf":[],"_links":{"self":[{"href":"https:\/\/sites.uel.br\/sustentabilidade\/wp-json\/wp\/v2\/pages\/5978","targetHints":{"allow":["GET"]}}],"collection":[{"href":"https:\/\/sites.uel.br\/sustentabilidade\/wp-json\/wp\/v2\/pages"}],"about":[{"href":"https:\/\/sites.uel.br\/sustentabilidade\/wp-json\/wp\/v2\/types\/page"}],"author":[{"embeddable":true,"href":"https:\/\/sites.uel.br\/sustentabilidade\/wp-json\/wp\/v2\/users\/17"}],"replies":[{"embeddable":true,"href":"https:\/\/sites.uel.br\/sustentabilidade\/wp-json\/wp\/v2\/comments?post=5978"}],"version-history":[{"count":5,"href":"https:\/\/sites.uel.br\/sustentabilidade\/wp-json\/wp\/v2\/pages\/5978\/revisions"}],"predecessor-version":[{"id":5992,"href":"https:\/\/sites.uel.br\/sustentabilidade\/wp-json\/wp\/v2\/pages\/5978\/revisions\/5992"}],"wp:attachment":[{"href":"https:\/\/sites.uel.br\/sustentabilidade\/wp-json\/wp\/v2\/media?parent=5978"}],"curies":[{"name":"wp","href":"https:\/\/api.w.org\/{rel}","templated":true}]}}