{"id":4786,"date":"2023-08-11T10:23:07","date_gmt":"2023-08-11T13:23:07","guid":{"rendered":"https:\/\/sites.uel.br\/sustentabilidade\/?page_id=4786"},"modified":"2023-08-17T17:51:46","modified_gmt":"2023-08-17T20:51:46","slug":"anais-do-evento-enpesus","status":"publish","type":"page","link":"https:\/\/sites.uel.br\/sustentabilidade\/anais-do-evento-enpesus\/","title":{"rendered":"ENPESUS &#8211; Encontro de Sustentabilidade e Produ\u00e7\u00e3o do Conhecimento: Abordagens e Implica\u00e7\u00f5es nas Pesquisas Desenvolvidas na UEL"},"content":{"rendered":"\n<p>A Universidade Estadual de Londrina,  promoveu o ENPESUS &#8211; SUSTENTABILIDADE E PRODU\u00c7\u00c3O DO CONHECIMENTO: ABORDAGENS E IMPLICA\u00c7\u00d5ES NAS PESQUISAS DESENVOLVIDAS NA UEL, com o intuito de discutir sobre as abordagens e implica\u00e7\u00f5es das atividades de pesquisa sobre a sustentabilidade. <\/p>\n\n\n\n<p>O ENPESUS realizou-se no <strong>dia 25\/04\/2023, das 08h30 \u00e0s 12h00<\/strong>, no <strong>Anfiteatro do CESA. <\/strong>No ANAIS Digital, publicizado na p\u00e1gina de sustentabilidade da UEL https:\/\/sites.uel.br\/sustentabilidade\/anais-do-evento-enpesus\/  foram publicados os 33 resumos dos artigos, com intuito de dar visibilidade as a\u00e7\u00f5es que possuem rela\u00e7\u00e3o com algum dos 17 ODS (Objetivos de Desenvolvimento Sustent\u00e1vel) por meio dos projetos de ensino, pesquisa e extens\u00e3o, coordenados pelos docentes da Universidade.<\/p>\n\n\n\n<p><a href=\"https:\/\/sites.uel.br\/sustentabilidade\/wp-content\/uploads\/2023\/08\/anais-enpesus-completo.pdf\">Clique para baixar o Anais Completo do Evento<\/a><\/p>\n\n\n\n<figure class=\"wp-block-embed is-type-wp-embed is-provider-o-perobal wp-block-embed-o-perobal\"><div class=\"wp-block-embed__wrapper\">\n<blockquote class=\"wp-embedded-content\" data-secret=\"QMlqWbnMjM\"><a href=\"https:\/\/operobal.uel.br\/ciencia\/2023\/04\/04\/encontro-sobre-producao-do-conhecimento-e-sustentabilidade-recebe-resumos-ate-esta-quarta-5\/\">Encontro de Sustentabilidade e Produ\u00e7\u00e3o do Conhecimento recebe inscri\u00e7\u00f5es at\u00e9 segunda (24)<\/a><\/blockquote><iframe loading=\"lazy\" class=\"wp-embedded-content\" sandbox=\"allow-scripts\" security=\"restricted\" style=\"position: absolute; clip: rect(1px, 1px, 1px, 1px);\" title=\"&#8220;Encontro de Sustentabilidade e Produ\u00e7\u00e3o do Conhecimento recebe inscri\u00e7\u00f5es at\u00e9 segunda (24)&#8221; &#8212; O Perobal\" src=\"https:\/\/operobal.uel.br\/ciencia\/2023\/04\/04\/encontro-sobre-producao-do-conhecimento-e-sustentabilidade-recebe-resumos-ate-esta-quarta-5\/embed\/#?secret=tT2XAp9q8o#?secret=QMlqWbnMjM\" data-secret=\"QMlqWbnMjM\" width=\"500\" height=\"282\" frameborder=\"0\" marginwidth=\"0\" marginheight=\"0\" scrolling=\"no\"><\/iframe>\n<\/div><\/figure>\n","protected":false},"excerpt":{"rendered":"<p>A Universidade Estadual de Londrina, promoveu o ENPESUS &#8211; SUSTENTABILIDADE E PRODU\u00c7\u00c3O DO CONHECIMENTO: ABORDAGENS E IMPLICA\u00c7\u00d5ES NAS PESQUISAS DESENVOLVIDAS NA UEL, com o intuito de discutir sobre as abordagens e implica\u00e7\u00f5es das atividades de pesquisa sobre a sustentabilidade. O ENPESUS realizou-se no dia 25\/04\/2023, das 08h30 \u00e0s 12h00, no Anfiteatro do CESA. No ANAIS [&hellip;]<\/p>\n","protected":false},"author":6,"featured_media":0,"parent":0,"menu_order":0,"comment_status":"closed","ping_status":"closed","template":"","meta":{"footnotes":""},"class_list":["post-4786","page","type-page","status-publish","hentry"],"acf":[],"_links":{"self":[{"href":"https:\/\/sites.uel.br\/sustentabilidade\/wp-json\/wp\/v2\/pages\/4786","targetHints":{"allow":["GET"]}}],"collection":[{"href":"https:\/\/sites.uel.br\/sustentabilidade\/wp-json\/wp\/v2\/pages"}],"about":[{"href":"https:\/\/sites.uel.br\/sustentabilidade\/wp-json\/wp\/v2\/types\/page"}],"author":[{"embeddable":true,"href":"https:\/\/sites.uel.br\/sustentabilidade\/wp-json\/wp\/v2\/users\/6"}],"replies":[{"embeddable":true,"href":"https:\/\/sites.uel.br\/sustentabilidade\/wp-json\/wp\/v2\/comments?post=4786"}],"version-history":[{"count":22,"href":"https:\/\/sites.uel.br\/sustentabilidade\/wp-json\/wp\/v2\/pages\/4786\/revisions"}],"predecessor-version":[{"id":4986,"href":"https:\/\/sites.uel.br\/sustentabilidade\/wp-json\/wp\/v2\/pages\/4786\/revisions\/4986"}],"wp:attachment":[{"href":"https:\/\/sites.uel.br\/sustentabilidade\/wp-json\/wp\/v2\/media?parent=4786"}],"curies":[{"name":"wp","href":"https:\/\/api.w.org\/{rel}","templated":true}]}}

ENPESUS &#8211; Encontro de Sustentabilidade e Produção do Conhecimento: Abordagens e Implicações nas Pesquisas Desenvolvidas na UEL

<p>A Universidade Estadual de Londrina,  promoveu o ENPESUS &#8211; SUSTENTABILIDADE E PRODUÇÃO DO CONHECIMENTO: ABORDAGENS E IMPLICAÇÕES NAS PESQUISAS DESENVOLVIDAS NA UEL, com o intuito de discutir sobre as abordagens e implicações das atividades de pesquisa sobre a sustentabilidade. </p>



<p>O ENPESUS realizou-se no <strong>dia 25/04/2023, das 08h30 às 12h00</strong>, no <strong>Anfiteatro do CESA. </strong>No ANAIS Digital, publicizado na página de sustentabilidade da UEL https://sites.uel.br/sustentabilidade/anais-do-evento-enpesus/  foram publicados os 33 resumos dos artigos, com intuito de dar visibilidade as ações que possuem relação com algum dos 17 ODS (Objetivos de Desenvolvimento Sustentável) por meio dos projetos de ensino, pesquisa e extensão, coordenados pelos docentes da Universidade.</p>



<p><a href="https://sites.uel.br/sustentabilidade/wp-content/uploads/2023/08/anais-enpesus-completo.pdf">Clique para baixar o Anais Completo do Evento</a></p>



<figure class="wp-block-embed is-type-wp-embed is-provider-o-perobal wp-block-embed-o-perobal"><div class="wp-block-embed__wrapper">
<blockquote class="wp-embedded-content" data-secret="QMlqWbnMjM"><a href="https://operobal.uel.br/ciencia/2023/04/04/encontro-sobre-producao-do-conhecimento-e-sustentabilidade-recebe-resumos-ate-esta-quarta-5/">Encontro de Sustentabilidade e Produção do Conhecimento recebe inscrições até segunda (24)</a></blockquote><iframe loading="lazy" class="wp-embedded-content" sandbox="allow-scripts" security="restricted" style="position: absolute; clip: rect(1px, 1px, 1px, 1px);" title="&#8220;Encontro de Sustentabilidade e Produção do Conhecimento recebe inscrições até segunda (24)&#8221; &#8212; O Perobal" src="https://operobal.uel.br/ciencia/2023/04/04/encontro-sobre-producao-do-conhecimento-e-sustentabilidade-recebe-resumos-ate-esta-quarta-5/embed/#?secret=tT2XAp9q8o#?secret=QMlqWbnMjM" data-secret="QMlqWbnMjM" width="500" height="282" frameborder="0" marginwidth="0" marginheight="0" scrolling="no"></iframe>
</div></figure>

<p>A Universidade Estadual de Londrina, promoveu o ENPESUS &#8211; SUSTENTABILIDADE E PRODUÇÃO DO CONHECIMENTO: ABORDAGENS E IMPLICAÇÕES NAS PESQUISAS DESENVOLVIDAS NA UEL, com o intuito de discutir sobre as abordagens e implicações das atividades de pesquisa sobre a sustentabilidade. O ENPESUS realizou-se no dia 25/04/2023, das 08h30 às 12h00, no Anfiteatro do CESA. No ANAIS [&hellip;]</p>
