{"id":318,"date":"2022-09-09T08:56:26","date_gmt":"2022-09-09T11:56:26","guid":{"rendered":"https:\/\/sites.uel.br\/sustentabilidade\/?page_id=318"},"modified":"2024-02-27T16:03:38","modified_gmt":"2024-02-27T19:03:38","slug":"318-2","status":"publish","type":"page","link":"https:\/\/sites.uel.br\/sustentabilidade\/318-2\/","title":{"rendered":"Parcerias e Meios de Implementa\u00e7\u00e3o"},"content":{"rendered":"<div class=\"n2_clear\"><ss3-force-full-width data-overflow-x=\"body\" data-horizontal-selector=\"body\"><div class=\"n2-section-smartslider fitvidsignore  n2_clear\" data-ssid=\"72\"><div id=\"n2-ss-72-align\" class=\"n2-ss-align\"><div class=\"n2-padding\"><div id=\"n2-ss-72\" data-creator=\"Smart Slider 3\" data-responsive=\"fullwidth\" class=\"n2-ss-slider n2-ow n2-has-hover n2notransition  \">\n        <div class=\"n2-ss-slider-1 n2_ss__touch_element n2-ow\">\n            <div class=\"n2-ss-slider-2 n2-ow\">\n                                                <div class=\"n2-ss-slider-3 n2-ow\">\n\n                    <div class=\"n2-ss-slide-backgrounds n2-ow-all\"><div class=\"n2-ss-slide-background\" data-public-id=\"1\" data-mode=\"fill\"><div data-color=\"RGBA(255,255,255,0)\" style=\"background-color: RGBA(255,255,255,0);\" class=\"n2-ss-slide-background-color\"><\/div><\/div><\/div>                    <div class=\"n2-ss-slider-4 n2-ow\">\n                        <svg xmlns=\"http:\/\/www.w3.org\/2000\/svg\" viewBox=\"0 0 1200 250\" data-related-device=\"desktopPortrait\" class=\"n2-ow n2-ss-preserve-size n2-ss-preserve-size--slider n2-ss-slide-limiter\"><\/svg><div data-first=\"1\" data-slide-duration=\"0\" data-id=\"97\" data-slide-public-id=\"1\" data-title=\"Slide\" class=\"n2-ss-slide n2-ow  n2-ss-slide-97\"><div role=\"note\" class=\"n2-ss-slide--focus\" tabindex=\"-1\">Slide<\/div><div class=\"n2-ss-layers-container n2-ss-slide-limiter n2-ow\"><div class=\"n2-ss-layer n2-ow n-uc-BE1QqJEoE3r3\" data-sstype=\"slide\" data-pm=\"default\"><div class=\"n2-ss-layer n2-ow n-uc-bq9FeWfbNrfH\" data-pm=\"default\" data-sstype=\"content\" data-hasbackground=\"0\"><div class=\"n2-ss-section-main-content n2-ss-layer-with-background n2-ss-layer-content n2-ow n-uc-bq9FeWfbNrfH-inner\"><div class=\"n2-ss-layer n2-ow n-uc-DGlw1ZKvlROX\" data-pm=\"absolute\" data-responsiveposition=\"1\" data-desktopportraitleft=\"355\" data-mobileportraitleft=\"412\" data-desktopportraittop=\"0\" data-mobileportraittop=\"0\" data-responsivesize=\"1\" data-desktopportraitwidth=\"250\" data-mobileportraitwidth=\"225\" data-desktopportraitheight=\"auto\" data-mobileportraitheight=\"auto\" data-desktopportraitalign=\"center\" data-mobileportraitalign=\"center\" data-desktopportraitvalign=\"middle\" data-mobileportraitvalign=\"middle\" data-parentid=\"\" data-desktopportraitparentalign=\"center\" data-desktopportraitparentvalign=\"middle\" data-sstype=\"layer\"><div class=\" n2-ss-item-image-content n2-ss-item-content n2-ow-all\"><img loading=\"lazy\" decoding=\"async\" id=\"n2-ss-72item1\" alt=\"\" class=\"skip-lazy\" style=\"width:250px;height:auto\" width=\"466\" height=\"466\" data-skip-lazy=\"1\" src=\"\/\/sites.uel.br\/sustentabilidade\/wp-content\/uploads\/2022\/09\/ods17.png\" \/><\/div><\/div><div class=\"n2-ss-layer n2-ow n-uc-JF9AjJ0iQ2RD\" data-pm=\"absolute\" data-responsiveposition=\"1\" data-desktopportraitleft=\"-173\" data-tabletportraitleft=\"-182\" data-mobileportraitleft=\"-166\" data-desktopportraittop=\"37\" data-tabletportraittop=\"-26\" data-mobileportraittop=\"-50\" data-responsivesize=\"1\" data-desktopportraitwidth=\"718\" data-desktopportraitheight=\"126\" data-desktopportraitalign=\"center\" data-desktopportraitvalign=\"middle\" data-parentid=\"\" data-desktopportraitparentalign=\"center\" data-desktopportraitparentvalign=\"middle\" data-sstype=\"layer\"><div id=\"n2-ss-72item2\" class=\"n2-font-23502f8f84199113ac0c8c4f84541984-hover n2-style-7161d6057a31700d91e130269b7e65ff-heading   n2-ss-item-content n2-ss-text n2-ow\" style=\"display:block;\">Fortalecer os meios de implementa\u00e7\u00e3o e revitalizar a parceria global para o desenvolvimento sustent\u00e1vel<\/div><\/div><\/div><\/div><\/div><\/div><\/div>                    <\/div>\n\n                                    <\/div>\n            <\/div>\n        <\/div>\n        <\/div><ss3-loader><\/ss3-loader><\/div><\/div><div class=\"n2_clear\"><\/div><\/div><\/ss3-force-full-width><\/div>\n\n<div class=\"n2_clear\"><ss3-force-full-width data-overflow-x=\"none\" data-horizontal-selector=\"body\"><div class=\"n2-section-smartslider fitvidsignore  n2_clear\" data-ssid=\"37\"><div id=\"n2-ss-37-align\" class=\"n2-ss-align\"><div class=\"n2-padding\"><div id=\"n2-ss-37\" data-creator=\"Smart Slider 3\" data-responsive=\"fullwidth\" class=\"n2-ss-slider n2-ow n2-has-hover n2notransition  \">\n        <div class=\"n2-ss-slider-1 n2-ow\">\n            <div class=\"n2-ss-slider-2 n2-ow\">\n                <div class=\"n2-ss-slide-backgrounds n2-ow-all\"><div class=\"n2-ss-slide-background\" data-public-id=\"1\" data-mode=\"fill\"><div data-color=\"RGBA(255,255,255,0)\" style=\"background-color: RGBA(255,255,255,0);\" class=\"n2-ss-slide-background-color\"><\/div><\/div><\/div>                <div class=\"n2-ss-slider-3 n2-ow\">\n                    <svg xmlns=\"http:\/\/www.w3.org\/2000\/svg\" viewBox=\"0 0 1200 1100\" data-related-device=\"desktopPortrait\" class=\"n2-ow n2-ss-preserve-size n2-ss-preserve-size--slider n2-ss-slide-limiter\"><\/svg><div data-first=\"1\" data-slide-duration=\"0\" data-id=\"61\" data-slide-public-id=\"1\" data-title=\"Slide\" class=\"n2-ss-slide n2-ow  n2-ss-slide-61\"><div role=\"note\" class=\"n2-ss-slide--focus\" tabindex=\"-1\">Slide<\/div><div class=\"n2-ss-layers-container n2-ss-slide-limiter n2-ow\"><div class=\"n2-ss-layer n2-ow n-uc-Cdk8VIpfbglK\" data-sstype=\"slide\" data-pm=\"default\"><div class=\"n2-ss-layer n2-ow n-uc-iIQCRKlEVwkP\" data-pm=\"default\" data-sstype=\"content\" data-hasbackground=\"0\"><div class=\"n2-ss-section-main-content n2-ss-layer-with-background n2-ss-layer-content n2-ow n-uc-iIQCRKlEVwkP-inner\"><div class=\"n2-ss-layer n2-ow n-uc-HBJu9vN8cq3X\" data-pm=\"absolute\" data-responsiveposition=\"1\" data-desktopportraitleft=\"-605\" data-tabletportraitleft=\"-646\" data-mobileportraitleft=\"-396\" data-desktopportraittop=\"-617\" data-tabletportraittop=\"-601\" data-mobileportraittop=\"-452\" data-responsivesize=\"1\" data-desktopportraitwidth=\"487\" data-tabletportraitwidth=\"450\" data-mobileportraitwidth=\"350\" data-desktopportraitheight=\"318\" data-mobileportraitheight=\"158\" data-desktopportraitalign=\"right\" data-mobileportraitalign=\"center\" data-desktopportraitvalign=\"bottom\" data-mobileportraitvalign=\"middle\" data-parentid=\"\" data-desktopportraitparentalign=\"center\" data-desktopportraitparentvalign=\"middle\" data-sstype=\"layer\"><div class=\" n2-ss-item-image-content n2-ss-item-content n2-ow-all\"><a href=\"https:\/\/sites.uel.br\/sustentabilidade\/qualidade-merenda\/\"><img loading=\"lazy\" decoding=\"async\" id=\"n2-ss-37item1\" alt=\"\" class=\"skip-lazy\" style=\"width:450px;height:auto\" width=\"232\" height=\"155\" data-skip-lazy=\"1\" src=\"\/\/sites.uel.br\/sustentabilidade\/wp-content\/uploads\/2022\/11\/merenda.webp\" \/><\/a><\/div><\/div><div class=\"n2-ss-layer n2-ow n-uc-5YxMG0k3hLjk\" data-pm=\"absolute\" data-responsiveposition=\"1\" data-desktopportraitleft=\"263\" data-tabletportraitleft=\"270\" data-mobileportraitleft=\"-399\" data-desktopportraittop=\"-236\" data-tabletportraittop=\"-151\" data-mobileportraittop=\"-198\" data-responsivesize=\"1\" data-desktopportraitwidth=\"492\" data-tabletportraitwidth=\"450\" data-mobileportraitwidth=\"350\" data-desktopportraitheight=\"auto\" data-tabletportraitheight=\"auto\" data-mobileportraitheight=\"158\" data-desktopportraitalign=\"center\" data-tabletportraitalign=\"center\" data-mobileportraitalign=\"center\" data-desktopportraitvalign=\"middle\" data-tabletportraitvalign=\"middle\" data-mobileportraitvalign=\"middle\" data-parentid=\"\" data-desktopportraitparentalign=\"center\" data-desktopportraitparentvalign=\"middle\" data-sstype=\"layer\"><div class=\" n2-ss-item-image-content n2-ss-item-content n2-ow-all\"><a href=\"https:\/\/sites.uel.br\/sustentabilidade\/monitoramento-indicadoressociais\/\"><img loading=\"lazy\" decoding=\"async\" id=\"n2-ss-37item2\" alt=\"\" class=\"skip-lazy\" style=\"width:450px;height:auto\" width=\"1024\" height=\"724\" data-skip-lazy=\"1\" src=\"\/\/sites.uel.br\/sustentabilidade\/wp-content\/uploads\/2022\/11\/MODELO-ODS17-4-1-1024x724-1.jpg\" \/><\/a><\/div><\/div><div class=\"n2-ss-layer n2-ow n-uc-8QtOnyNuJiIx\" data-pm=\"absolute\" data-responsiveposition=\"1\" data-desktopportraitleft=\"584\" data-tabletportraitleft=\"628\" data-mobileportraitleft=\"-399\" data-desktopportraittop=\"277\" data-tabletportraittop=\"354\" data-mobileportraittop=\"342\" data-responsivesize=\"1\" data-desktopportraitwidth=\"539\" data-tabletportraitwidth=\"450\" data-mobileportraitwidth=\"350\" data-desktopportraitheight=\"auto\" data-mobileportraitheight=\"158\" data-desktopportraitalign=\"left\" data-mobileportraitalign=\"center\" data-desktopportraitvalign=\"middle\" data-mobileportraitvalign=\"middle\" data-parentid=\"\" data-desktopportraitparentalign=\"center\" data-desktopportraitparentvalign=\"middle\" data-sstype=\"layer\"><div class=\" n2-ss-item-image-content n2-ss-item-content n2-ow-all\"><a href=\"https:\/\/sites.uel.br\/sustentabilidade\/aquilombando-fluxosdeeducacao\/\"><img loading=\"lazy\" decoding=\"async\" id=\"n2-ss-37item3\" alt=\"\" class=\"skip-lazy\" style=\"width:450px;height:auto\" width=\"1123\" height=\"794\" data-skip-lazy=\"1\" src=\"\/\/sites.uel.br\/sustentabilidade\/wp-content\/uploads\/2022\/11\/MODELO-ODS17-1-1.jpg\" \/><\/a><\/div><\/div><div class=\"n2-ss-layer n2-ow n-uc-LvjuJmb22rkY\" data-pm=\"absolute\" data-responsiveposition=\"1\" data-desktopportraitleft=\"-273\" data-tabletportraitleft=\"-289\" data-mobileportraitleft=\"-399\" data-desktopportraittop=\"277\" data-tabletportraittop=\"255\" data-mobileportraittop=\"87\" data-responsivesize=\"1\" data-desktopportraitwidth=\"579\" data-tabletportraitwidth=\"450\" data-mobileportraitwidth=\"350\" data-desktopportraitheight=\"auto\" data-mobileportraitheight=\"188\" data-desktopportraitalign=\"center\" data-mobileportraitalign=\"center\" data-desktopportraitvalign=\"middle\" data-mobileportraitvalign=\"middle\" data-parentid=\"\" data-desktopportraitparentalign=\"center\" data-desktopportraitparentvalign=\"middle\" data-sstype=\"layer\"><div class=\" n2-ss-item-image-content n2-ss-item-content n2-ow-all\"><a href=\"https:\/\/sites.uel.br\/sustentabilidade\/nigep-gestaopublica\/\"><img loading=\"lazy\" decoding=\"async\" id=\"n2-ss-37item4\" alt=\"\" class=\"skip-lazy\" style=\"width:450px;height:auto\" width=\"1123\" height=\"794\" data-skip-lazy=\"1\" src=\"\/\/sites.uel.br\/sustentabilidade\/wp-content\/uploads\/2022\/11\/MODELO-ODS17-3-1.jpg\" \/><\/a><\/div><\/div><div class=\"n2-ss-layer n2-ow n-uc-NqjvaigDfabs\" data-pm=\"absolute\" data-responsiveposition=\"1\" data-desktopportraitleft=\"-623\" data-tabletportraitleft=\"-289\" data-mobileportraitleft=\"186\" data-desktopportraittop=\"-940\" data-tabletportraittop=\"-485\" data-mobileportraittop=\"-471\" data-responsivesize=\"1\" data-desktopportraitwidth=\"450\" data-tabletportraitwidth=\"450\" data-mobileportraitwidth=\"754\" data-desktopportraitheight=\"82\" data-tabletportraitheight=\"82\" data-mobileportraitheight=\"124\" data-desktopportraitalign=\"right\" data-tabletportraitalign=\"center\" data-mobileportraitalign=\"center\" data-desktopportraitvalign=\"bottom\" data-tabletportraitvalign=\"middle\" data-mobileportraitvalign=\"middle\" data-parentid=\"\" data-desktopportraitparentalign=\"center\" data-desktopportraitparentvalign=\"middle\" data-sstype=\"layer\"><div id=\"n2-ss-37item5\" class=\"  n2-ss-item-content n2-ss-text n2-ow\" style=\"display:block;\"><a class=\"n2-ow n2-font-11d1c638541bad9aeeb2454f66620187-hover n2-style-4d0baf74f4fa7e3d58aa2f2f6bf2b28d-heading \" style=\"display:block;\" href=\"https:\/\/sites.uel.br\/sustentabilidade\/qualidade-merenda\/\">Gest\u00e3o da qualidade de alimentos: extens\u00e3o inovadora na merenda escolar do Munic\u00edpio de Londrina-PR<\/a><\/div><\/div><div class=\"n2-ss-layer n2-ow n-uc-SGiJWlB2kC2n\" data-pm=\"absolute\" data-responsiveposition=\"1\" data-desktopportraitleft=\"-101\" data-tabletportraitleft=\"270\" data-mobileportraitleft=\"186\" data-desktopportraittop=\"-940\" data-tabletportraittop=\"-443\" data-mobileportraittop=\"-216\" data-responsivesize=\"1\" data-desktopportraitwidth=\"450\" data-tabletportraitwidth=\"450\" data-mobileportraitwidth=\"754\" data-desktopportraitheight=\"107\" data-tabletportraitheight=\"82\" data-mobileportraitheight=\"124\" data-desktopportraitalign=\"right\" data-tabletportraitalign=\"center\" data-mobileportraitalign=\"center\" data-desktopportraitvalign=\"bottom\" data-tabletportraitvalign=\"middle\" data-mobileportraitvalign=\"middle\" data-parentid=\"\" data-desktopportraitparentalign=\"center\" data-desktopportraitparentvalign=\"middle\" data-sstype=\"layer\"><div id=\"n2-ss-37item6\" class=\"  n2-ss-item-content n2-ss-text n2-ow\" style=\"display:block;\"><a class=\"n2-ow n2-font-11d1c638541bad9aeeb2454f66620187-hover n2-style-4d0baf74f4fa7e3d58aa2f2f6bf2b28d-heading \" style=\"display:block;\" href=\"https:\/\/sites.uel.br\/sustentabilidade\/monitoramento-indicadoressociais\/\">Indicadores sociais como subs\u00eddio para o monitoramento e avalia\u00e7\u00e3o das a\u00e7\u00f5es dos Munic\u00edpios Paranaenses em dire\u00e7\u00e3o \u00e0 agenda 2030<\/a><\/div><\/div><div class=\"n2-ss-layer n2-ow n-uc-mFrZzBaAyQXX\" data-pm=\"absolute\" data-responsiveposition=\"1\" data-desktopportraitleft=\"-272\" data-tabletportraitleft=\"-289\" data-mobileportraitleft=\"186\" data-desktopportraittop=\"80\" data-tabletportraittop=\"55\" data-mobileportraittop=\"54\" data-responsivesize=\"1\" data-desktopportraitwidth=\"450\" data-tabletportraitwidth=\"450\" data-mobileportraitwidth=\"754\" data-desktopportraitheight=\"59\" data-tabletportraitheight=\"82\" data-mobileportraitheight=\"124\" data-desktopportraitalign=\"center\" data-tabletportraitalign=\"center\" data-mobileportraitalign=\"center\" data-desktopportraitvalign=\"middle\" data-tabletportraitvalign=\"middle\" data-mobileportraitvalign=\"middle\" data-parentid=\"\" data-desktopportraitparentalign=\"center\" data-desktopportraitparentvalign=\"middle\" data-sstype=\"layer\"><div id=\"n2-ss-37item7\" class=\"  n2-ss-item-content n2-ss-text n2-ow\" style=\"display:block;\"><a class=\"n2-ow n2-font-11d1c638541bad9aeeb2454f66620187-hover n2-style-4d0baf74f4fa7e3d58aa2f2f6bf2b28d-heading \" style=\"display:block;\" href=\"https:\/\/sites.uel.br\/sustentabilidade\/nigep-gestaopublica\/\">NIGEP (N\u00facleo de Pesquisa em Gest\u00e3o P\u00fablica)<\/a><\/div><\/div><div class=\"n2-ss-layer n2-ow n-uc-AbQ7VDo5do8i\" data-pm=\"absolute\" data-responsiveposition=\"1\" data-desktopportraitleft=\"-101\" data-tabletportraitleft=\"270\" data-mobileportraitleft=\"186\" data-desktopportraittop=\"-430\" data-tabletportraittop=\"96\" data-mobileportraittop=\"324\" data-responsivesize=\"1\" data-desktopportraitwidth=\"450\" data-tabletportraitwidth=\"450\" data-mobileportraitwidth=\"754\" data-desktopportraitheight=\"83\" data-tabletportraitheight=\"82\" data-mobileportraitheight=\"124\" data-desktopportraitalign=\"right\" data-tabletportraitalign=\"center\" data-mobileportraitalign=\"center\" data-desktopportraitvalign=\"bottom\" data-tabletportraitvalign=\"middle\" data-mobileportraitvalign=\"middle\" data-parentid=\"\" data-desktopportraitparentalign=\"center\" data-desktopportraitparentvalign=\"middle\" data-sstype=\"layer\"><div id=\"n2-ss-37item8\" class=\"  n2-ss-item-content n2-ss-text n2-ow\" style=\"display:block;\"><a class=\"n2-ow n2-font-11d1c638541bad9aeeb2454f66620187-hover n2-style-4d0baf74f4fa7e3d58aa2f2f6bf2b28d-heading \" style=\"display:block;\" href=\"https:\/\/sites.uel.br\/sustentabilidade\/aquilombando-fluxosdeeducacao\/\">Aquilombando a Universidade: Fluxos de Educa\u00e7\u00e3o e Resistencia entre Brasil, Angola e Mo\u00e7ambique<\/a><\/div><\/div><\/div><\/div><\/div><\/div><\/div>                <\/div>\n                            <\/div>\n        <\/div>\n        <\/div><ss3-loader><\/ss3-loader><\/div><\/div><div class=\"n2_clear\"><\/div><\/div><\/ss3-force-full-width><\/div>\n\n<div class=\"n2_clear\"><ss3-force-full-width data-overflow-x=\"none\" data-horizontal-selector=\"body\"><div class=\"n2-section-smartslider fitvidsignore  n2_clear\" data-ssid=\"78\"><div id=\"n2-ss-78-align\" class=\"n2-ss-align\"><div class=\"n2-padding\"><div id=\"n2-ss-78\" data-creator=\"Smart Slider 3\" data-responsive=\"fullwidth\" class=\"n2-ss-slider n2-ow n2-has-hover n2notransition  \">\n        <div class=\"n2-ss-slider-1 n2-ow\">\n            <div class=\"n2-ss-slider-2 n2-ow\">\n                <div class=\"n2-ss-slide-backgrounds n2-ow-all\"><div class=\"n2-ss-slide-background\" data-public-id=\"1\" data-mode=\"fill\"><div data-color=\"RGBA(255,255,255,0)\" style=\"background-color: RGBA(255,255,255,0);\" class=\"n2-ss-slide-background-color\"><\/div><\/div><\/div>                <div class=\"n2-ss-slider-3 n2-ow\">\n                    <svg xmlns=\"http:\/\/www.w3.org\/2000\/svg\" viewBox=\"0 0 1200 1100\" data-related-device=\"desktopPortrait\" class=\"n2-ow n2-ss-preserve-size n2-ss-preserve-size--slider n2-ss-slide-limiter\"><\/svg><div data-first=\"1\" data-slide-duration=\"0\" data-id=\"104\" data-slide-public-id=\"1\" data-title=\"Slide\" class=\"n2-ss-slide n2-ow  n2-ss-slide-104\"><div role=\"note\" class=\"n2-ss-slide--focus\" tabindex=\"-1\">Slide<\/div><div class=\"n2-ss-layers-container n2-ss-slide-limiter n2-ow\"><div class=\"n2-ss-layer n2-ow n-uc-iKnWroDQzhXV\" data-sstype=\"slide\" data-pm=\"default\"><div class=\"n2-ss-layer n2-ow n-uc-33YauDBy49da\" data-pm=\"default\" data-sstype=\"content\" data-hasbackground=\"0\"><div class=\"n2-ss-section-main-content n2-ss-layer-with-background n2-ss-layer-content n2-ow n-uc-33YauDBy49da-inner\"><div class=\"n2-ss-layer n2-ow n-uc-VM401qiHur2f\" data-pm=\"absolute\" data-responsiveposition=\"1\" data-desktopportraitleft=\"-583\" data-tabletportraitleft=\"-646\" data-mobileportraitleft=\"-396\" data-desktopportraittop=\"-623\" data-tabletportraittop=\"-563\" data-mobileportraittop=\"-443\" data-responsivesize=\"1\" data-desktopportraitwidth=\"532\" data-tabletportraitwidth=\"450\" data-mobileportraitwidth=\"350\" data-desktopportraitheight=\"auto\" data-mobileportraitheight=\"158\" data-desktopportraitalign=\"right\" data-mobileportraitalign=\"center\" data-desktopportraitvalign=\"bottom\" data-mobileportraitvalign=\"middle\" data-parentid=\"\" data-desktopportraitparentalign=\"center\" data-desktopportraitparentvalign=\"middle\" data-sstype=\"layer\"><div class=\" n2-ss-item-image-content n2-ss-item-content n2-ow-all\"><a href=\"https:\/\/sites.uel.br\/sustentabilidade\/direitoshumanos-infanciaejuventude\/\"><img loading=\"lazy\" decoding=\"async\" id=\"n2-ss-78item1\" alt=\"\" class=\"skip-lazy\" style=\"width:450px;height:auto\" width=\"1123\" height=\"794\" data-skip-lazy=\"1\" src=\"\/\/sites.uel.br\/sustentabilidade\/wp-content\/uploads\/2023\/01\/MODELO-ODS17-12-1.jpg\" \/><\/a><\/div><\/div><div class=\"n2-ss-layer n2-ow n-uc-Vdnys4AlsQ9z\" data-pm=\"absolute\" data-responsiveposition=\"1\" data-desktopportraitleft=\"267\" data-tabletportraitleft=\"270\" data-mobileportraitleft=\"-399\" data-desktopportraittop=\"-242\" data-tabletportraittop=\"-117\" data-mobileportraittop=\"-173\" data-responsivesize=\"1\" data-desktopportraitwidth=\"518\" data-tabletportraitwidth=\"450\" data-mobileportraitwidth=\"350\" data-desktopportraitheight=\"auto\" data-tabletportraitheight=\"auto\" data-mobileportraitheight=\"158\" data-desktopportraitalign=\"center\" data-tabletportraitalign=\"center\" data-mobileportraitalign=\"center\" data-desktopportraitvalign=\"middle\" data-tabletportraitvalign=\"middle\" data-mobileportraitvalign=\"middle\" data-parentid=\"\" data-desktopportraitparentalign=\"center\" data-desktopportraitparentvalign=\"middle\" data-sstype=\"layer\"><div class=\" n2-ss-item-image-content n2-ss-item-content n2-ow-all\"><a href=\"https:\/\/sites.uel.br\/sustentabilidade\/apotheke-londrina\/\"><img loading=\"lazy\" decoding=\"async\" id=\"n2-ss-78item2\" alt=\"\" class=\"skip-lazy\" style=\"width:450px;height:auto\" width=\"1123\" height=\"794\" data-skip-lazy=\"1\" src=\"\/\/sites.uel.br\/sustentabilidade\/wp-content\/uploads\/2022\/12\/MODELO-ODS17-1-1.jpg\" \/><\/a><\/div><\/div><div class=\"n2-ss-layer n2-ow n-uc-TSrywUhVXCZT\" data-pm=\"absolute\" data-responsiveposition=\"1\" data-desktopportraitleft=\"-624\" data-tabletportraitleft=\"-289\" data-mobileportraitleft=\"184\" data-desktopportraittop=\"-953\" data-tabletportraittop=\"-443\" data-mobileportraittop=\"-463\" data-responsivesize=\"1\" data-desktopportraitwidth=\"450\" data-tabletportraitwidth=\"450\" data-mobileportraitwidth=\"758\" data-desktopportraitheight=\"105\" data-tabletportraitheight=\"82\" data-mobileportraitheight=\"124\" data-desktopportraitalign=\"right\" data-tabletportraitalign=\"center\" data-mobileportraitalign=\"center\" data-desktopportraitvalign=\"bottom\" data-tabletportraitvalign=\"middle\" data-mobileportraitvalign=\"middle\" data-parentid=\"\" data-desktopportraitparentalign=\"center\" data-desktopportraitparentvalign=\"middle\" data-sstype=\"layer\"><div id=\"n2-ss-78item3\" class=\"  n2-ss-item-content n2-ss-text n2-ow\" style=\"display:block;\"><a class=\"n2-ow n2-font-11d1c638541bad9aeeb2454f66620187-hover n2-style-4d0baf74f4fa7e3d58aa2f2f6bf2b28d-heading \" style=\"display:block;\" href=\"https:\/\/sites.uel.br\/sustentabilidade\/direitoshumanos-infanciaejuventude\/\">Sistema de Prote\u00e7\u00e3o e garantia dos Direitos Humanos voltados a  inf\u00e2ncia e juventude em Portugal, Angola, Mo\u00e7ambique e Brasil<\/a><\/div><\/div><div class=\"n2-ss-layer n2-ow n-uc-xepY1i6LCadf\" data-pm=\"absolute\" data-responsiveposition=\"1\" data-desktopportraitleft=\"-98\" data-tabletportraitleft=\"270\" data-mobileportraitleft=\"184\" data-desktopportraittop=\"-953\" data-tabletportraittop=\"-349\" data-mobileportraittop=\"-193\" data-responsivesize=\"1\" data-desktopportraitwidth=\"450\" data-tabletportraitwidth=\"450\" data-mobileportraitwidth=\"758\" data-desktopportraitheight=\"57\" data-tabletportraitheight=\"82\" data-mobileportraitheight=\"124\" data-desktopportraitalign=\"right\" data-tabletportraitalign=\"center\" data-mobileportraitalign=\"center\" data-desktopportraitvalign=\"bottom\" data-tabletportraitvalign=\"middle\" data-mobileportraitvalign=\"middle\" data-parentid=\"\" data-desktopportraitparentalign=\"center\" data-desktopportraitparentvalign=\"middle\" data-sstype=\"layer\"><div id=\"n2-ss-78item4\" class=\"  n2-ss-item-content n2-ss-text n2-ow\" style=\"display:block;\"><a class=\"n2-ow n2-font-11d1c638541bad9aeeb2454f66620187-hover n2-style-4d0baf74f4fa7e3d58aa2f2f6bf2b28d-heading \" style=\"display:block;\" href=\"https:\/\/sites.uel.br\/sustentabilidade\/apotheke-londrina\/\">Oficinas de Artes Visuais em Londrina: Pesquisa pl\u00e1stica e arte p\u00fablica<\/a><\/div><\/div><\/div><\/div><\/div><\/div><\/div>                <\/div>\n                            <\/div>\n        <\/div>\n        <\/div><ss3-loader><\/ss3-loader><\/div><\/div><div class=\"n2_clear\"><\/div><\/div><\/ss3-force-full-width><\/div>","protected":false},"excerpt":{"rendered":"","protected":false},"author":6,"featured_media":0,"parent":0,"menu_order":0,"comment_status":"closed","ping_status":"closed","template":"","meta":{"footnotes":""},"class_list":["post-318","page","type-page","status-publish","hentry"],"acf":[],"_links":{"self":[{"href":"https:\/\/sites.uel.br\/sustentabilidade\/wp-json\/wp\/v2\/pages\/318","targetHints":{"allow":["GET"]}}],"collection":[{"href":"https:\/\/sites.uel.br\/sustentabilidade\/wp-json\/wp\/v2\/pages"}],"about":[{"href":"https:\/\/sites.uel.br\/sustentabilidade\/wp-json\/wp\/v2\/types\/page"}],"author":[{"embeddable":true,"href":"https:\/\/sites.uel.br\/sustentabilidade\/wp-json\/wp\/v2\/users\/6"}],"replies":[{"embeddable":true,"href":"https:\/\/sites.uel.br\/sustentabilidade\/wp-json\/wp\/v2\/comments?post=318"}],"version-history":[{"count":15,"href":"https:\/\/sites.uel.br\/sustentabilidade\/wp-json\/wp\/v2\/pages\/318\/revisions"}],"predecessor-version":[{"id":4077,"href":"https:\/\/sites.uel.br\/sustentabilidade\/wp-json\/wp\/v2\/pages\/318\/revisions\/4077"}],"wp:attachment":[{"href":"https:\/\/sites.uel.br\/sustentabilidade\/wp-json\/wp\/v2\/media?parent=318"}],"curies":[{"name":"wp","href":"https:\/\/api.w.org\/{rel}","templated":true}]}}