{"id":8184,"date":"2025-05-28T16:09:39","date_gmt":"2025-05-28T19:09:39","guid":{"rendered":"https:\/\/sites.uel.br\/ser\/?page_id=8184"},"modified":"2025-07-11T09:51:05","modified_gmt":"2025-07-11T12:51:05","slug":"premio-boas-praticas-na-recepcao-aos-estudantes-ingressantes-premiados-2025-relacoes-publicas","status":"publish","type":"page","link":"https:\/\/sites.uel.br\/ser\/premio-boas-praticas-na-recepcao-aos-estudantes-ingressantes-premiados-2025-relacoes-publicas\/","title":{"rendered":"Pr\u00eamio Boas Pr\u00e1ticas Solid\u00e1rias na Recep\u00e7\u00e3o aos Estudantes Ingressantes"},"content":{"rendered":"\n<hr class=\"wp-block-separator has-alpha-channel-opacity is-style-wide\" \/>\n\n\n<div class=\"wp-block-image\">\n<figure class=\"aligncenter size-full\"><img loading=\"lazy\" decoding=\"async\" width=\"1279\" height=\"510\" src=\"https:\/\/sites.uel.br\/ser\/wp-content\/uploads\/2025\/03\/topo_ser_uel_2025.png\" alt=\"\" class=\"wp-image-7631\" srcset=\"https:\/\/sites.uel.br\/ser\/wp-content\/uploads\/2025\/03\/topo_ser_uel_2025.png 1279w, https:\/\/sites.uel.br\/ser\/wp-content\/uploads\/2025\/03\/topo_ser_uel_2025-300x120.png 300w, https:\/\/sites.uel.br\/ser\/wp-content\/uploads\/2025\/03\/topo_ser_uel_2025-1024x408.png 1024w, https:\/\/sites.uel.br\/ser\/wp-content\/uploads\/2025\/03\/topo_ser_uel_2025-768x306.png 768w\" sizes=\"auto, (max-width: 1279px) 100vw, 1279px\" \/><\/figure>\n<\/div>\n\n\n<h2 class=\"wp-block-heading\">Cursos Inscritos Premiados<\/h2>\n\n\n\n<h2 class=\"wp-block-heading\">2025<\/h2>\n\n\n\n<h2 class=\"wp-block-heading\">Rela\u00e7\u00f5es P\u00fablicas<\/h2>\n\n\n\n<p><strong>Resumo da A\u00e7\u00e3o:<\/strong><\/p>\n\n\n\n<p>A a\u00e7\u00e3o realizada foi a arrecada\u00e7\u00e3o de caixas de bis para a a\u00e7\u00e3o de P\u00e1scoa do ICEFAS (instituto crist\u00e3o de ensino, forma\u00e7\u00e3o e assist\u00eancia social) que \u00e9 uma institui\u00e7\u00e3o sem fins lucrativos que visa promover a educa\u00e7\u00e3o, o desenvolvimento profissional e a assist\u00eancia social, que atualmente beneficia 60 crian\u00e7as, ou seja, o objetivo era de arrecadar no m\u00ednimo 60 caixas, arrecada\u00e7\u00e3o essa que come\u00e7ou em 26\/03 quando os veteranos apresentaram o projeto e foram finalizadas em 11\/04.<br><br>Com ideias criativas em artes e v\u00eddeo e com a ajuda dos veteranos do segundo ano noturno, a nova turma de ingressantes do curso conseguiu a arrecada\u00e7\u00e3o de mais de 100 caixas de Bis, quase o dobro da quantidade estipulada inicialmente.<br><br>Toda a arrecada\u00e7\u00e3o foi entregue ao ICEFAS no dia 12\/04 onde ocorreu o evento de p\u00e1scoa da institui\u00e7\u00e3o, que contou com atividades para as crian\u00e7as, onde quem pudesse, entre veteranos e calouros, participariam como volunt\u00e1rios no evento que consistiu em dar boas-vindas a novas crian\u00e7as no projeto com falas sobre o instituto e atividades para 2025, al\u00e9m de recrea\u00e7\u00f5es com as crian\u00e7as, hist\u00f3rias de pascoa crist\u00e3, lanches e diversas brincadeiras que aconteceram das 08 da manh\u00e3 as 13h da tarde.<\/p>\n\n\n\n<p>\u201cMe chamo Jo\u00e3o Paulo, sou aluno do segundo ano noturno de RP e participei do trote solid\u00e1rio representando o ICEFAS, onde componho a comiss\u00e3o de eventos como respons\u00e1vel pelo voluntariado.<br>A arrecada\u00e7\u00e3o superou nossas expectativas, praticamente dobrando o n\u00famero estipulado na meta inicial, nos ajudando a alegrar a P\u00e1scoa das crian\u00e7as. No dia, diversos calouros volunt\u00e1rios nos ajudaram a servir os lanches e brincar com as crian\u00e7as.<br><br>No geral a minha avalia\u00e7\u00e3o \u00e9 que a participa\u00e7\u00e3o dos calouros foi extraordin\u00e1ria.\u201d<br>\u2018\u2019Anthony Oliveira, participei do evento no ICEFAS, de P\u00e1scoa. E foi extremamente gratificante trabalhar com as crian\u00e7as, proporcionamos diversas atividades recreativas, racioc\u00ednio e f\u00edsicas. Montamos refei\u00e7\u00f5es para eles, interagimos e conhecemos um pouco da vida dos pequenos fora do instituto, realmente um esfor\u00e7o mais do que bem pago, o sorriso desses brotinhos vale ouro.\u2019\u2019<\/p>\n\n\n\n<p><em>Obs: texto confeccionado pelos estudantes de Gradua\u00e7\u00e3o e\/ou Coordena\u00e7\u00e3o do curso.<\/em><\/p>\n\n\n\n<hr class=\"wp-block-separator has-text-color has-cinza-color has-css-opacity has-cinza-background-color has-background is-style-wide\" \/>\n\n\n\n<figure class=\"wp-block-embed is-type-video is-provider-youtube wp-block-embed-youtube wp-embed-aspect-16-9 wp-has-aspect-ratio\"><div class=\"wp-block-embed__wrapper\">\n<iframe loading=\"lazy\" title=\"Pr\u00eamio Boas Pr\u00e1ticas Solid\u00e1rias na Semana do Estudante Ingressante 2025 (Rela\u00e7\u00f5es P\u00fablicas)\" width=\"500\" height=\"281\" src=\"https:\/\/www.youtube.com\/embed\/MKlcbGArtTA?feature=oembed\" frameborder=\"0\" allow=\"accelerometer; autoplay; clipboard-write; encrypted-media; gyroscope; picture-in-picture; web-share\" referrerpolicy=\"strict-origin-when-cross-origin\" allowfullscreen><\/iframe>\n<\/div><\/figure>\n\n\n<div class=\"wp-block-image\">\n<figure class=\"aligncenter size-large\"><img decoding=\"async\" src=\"https:\/\/sites.uel.br\/ser\/wp-content\/uploads\/imagens\/2025\/relacoes_publicas\/01.jpg\" alt=\"\" \/><\/figure>\n<\/div>\n\n<div class=\"wp-block-image\">\n<figure class=\"aligncenter size-large\"><img decoding=\"async\" src=\"https:\/\/sites.uel.br\/ser\/wp-content\/uploads\/imagens\/2025\/relacoes_publicas\/02.jpg\" alt=\"\" \/><\/figure>\n<\/div>\n\n<div class=\"wp-block-image\">\n<figure class=\"aligncenter size-large\"><img decoding=\"async\" src=\"https:\/\/sites.uel.br\/ser\/wp-content\/uploads\/imagens\/2025\/relacoes_publicas\/03.jpg\" alt=\"\" \/><\/figure>\n<\/div>\n\n<div class=\"wp-block-image\">\n<figure class=\"aligncenter size-large\"><img decoding=\"async\" src=\"https:\/\/sites.uel.br\/ser\/wp-content\/uploads\/imagens\/2025\/relacoes_publicas\/04.jpg\" alt=\"\" \/><\/figure>\n<\/div>\n\n<div class=\"wp-block-image\">\n<figure class=\"aligncenter size-large\"><img decoding=\"async\" src=\"https:\/\/sites.uel.br\/ser\/wp-content\/uploads\/imagens\/2025\/relacoes_publicas\/05.jpg\" alt=\"\" \/><\/figure>\n<\/div>\n\n<div class=\"wp-block-image\">\n<figure class=\"aligncenter size-large\"><img decoding=\"async\" src=\"https:\/\/sites.uel.br\/ser\/wp-content\/uploads\/imagens\/2025\/relacoes_publicas\/06.jpg\" alt=\"\" \/><\/figure>\n<\/div>\n\n<div class=\"wp-block-image\">\n<figure class=\"aligncenter size-large\"><img decoding=\"async\" src=\"https:\/\/sites.uel.br\/ser\/wp-content\/uploads\/imagens\/2025\/relacoes_publicas\/07.jpg\" alt=\"\" \/><\/figure>\n<\/div>\n\n<div class=\"wp-block-image\">\n<figure class=\"aligncenter size-large\"><img decoding=\"async\" src=\"https:\/\/sites.uel.br\/ser\/wp-content\/uploads\/imagens\/2025\/relacoes_publicas\/08.jpg\" alt=\"\" \/><\/figure>\n<\/div>\n\n<div class=\"wp-block-image\">\n<figure class=\"aligncenter size-large\"><img decoding=\"async\" src=\"https:\/\/sites.uel.br\/ser\/wp-content\/uploads\/imagens\/2025\/relacoes_publicas\/09-scaled.jpg\" alt=\"\" \/><\/figure>\n<\/div>\n\n<div class=\"wp-block-image\">\n<figure class=\"aligncenter size-large\"><img decoding=\"async\" src=\"https:\/\/sites.uel.br\/ser\/wp-content\/uploads\/imagens\/2025\/relacoes_publicas\/10.jpg\" alt=\"\" \/><\/figure>\n<\/div>\n\n<div class=\"wp-block-image\">\n<figure class=\"aligncenter size-large\"><img decoding=\"async\" src=\"https:\/\/sites.uel.br\/ser\/wp-content\/uploads\/imagens\/2025\/relacoes_publicas\/11.jpg\" alt=\"\" \/><\/figure>\n<\/div>\n\n<div class=\"wp-block-image\">\n<figure class=\"aligncenter size-large\"><img decoding=\"async\" src=\"https:\/\/sites.uel.br\/ser\/wp-content\/uploads\/imagens\/2025\/relacoes_publicas\/12.jpg\" alt=\"\" \/><\/figure>\n<\/div>\n\n\n<hr class=\"wp-block-separator has-text-color has-cinza-color has-css-opacity has-cinza-background-color has-background is-style-wide\" \/>\n\n\n\n<p><strong>ESTUDANTES PARTICIPANTES<\/strong><\/p>\n\n\n\n<p>ANA HELENA FONSECA<br>ANA JULIA ACIELI NOGUEIRA<br>ANA JULIA DOS SANTOS PEREIRA<br>ANA LIS GON\u00c7ALVES CHAVES<br>ANA LUIZA CABRAL MENDES DE OLIVEIRA<br>ANGELA RAISSA AP AMARAL DOS REIS<br>ANNA GABRIELA SAKAMOTO<br>ANTHONY DE PAULA OLIVEIRA<br>BARBARA CRUZ GONZALES<br>BEATRIZ CRISTINA SILVEIRA CARMEZINI MORAIS<br>BEATRIZ FERNANDA FIRMINO<br>BRUNA APARECIDA PERRUD DE FARIA<br>CAMILA MASSUMI LIMA ONO<br>CLAUDIO DE AGUIAR ALVES<br>DOUGLAS AUGUSTO PORFIRIO VILELA<br>GABRIEL NUNES CORREA LEITE<br>IGOR GABRIEL DE ANDRADE GUARI<br>JENIFER REBECA DE CASTRO FERREIRA<br>JENNIFER FERNANDA APARECIDA DA SILVA BRASILINO<br>JOAO PEDRO RETUCI SILVERIO<br>JOAO SAAVEDRA NOGUEIRA<br>JULIA RIOS PERRUCHE<br>KAILANY MUNHOZ<br>KARINY INGRID SILVA DA COSTA<br>LARISSA GARCIA SCHIAVON<br>LAURA CAVATONI ZAVA<br>MARIA EDUARDA BACILLI NOBILE<br>MARIA EDUARDA GOMES VITORINO<br>MARIA EDUARDA SARTORIO DE ANDRADE<br>MARIA FERNANDA CARDOSO SILVA<br>MARIA HELOISA QUEIROZ SAMPAIO<br>MARIA HELOISE DE LIMA SALDANHA<br>MARIA JULIA RODRIGUES<br>MARIA REGINA ROSA DA SILVA<br>MATHEUS APARECIDO DE OLIVEIRA<br>MATHEUS GIOVANY NASCIMENTO<br>MIGUEL AKIRA MARCON TANNO<br>NATHALIA SILVA DE JESUS<br>NICOLAS BIAZAO SANCHES<br>NICOLE LINA DA SILVA<br>RAQUEL DOS SANTOS BOREL<br>SOFIA CAVALCANTE FIORE<br>STHEFANY MOTTA BRAGA PORTO<br>TAYNA DE OLIVEIRA FERREIRA NOVAES<br>VITORIA ROSA CASTRO<br>YAMIN CRISTINE CARVALLI DE QUEIROZ<\/p>\n\n\n\n<div style=\"height:20px\" aria-hidden=\"true\" class=\"wp-block-spacer\"><\/div>\n\n\n\n<p><strong>DOCENTES PARTICIPANTES<\/strong><\/p>\n\n\n\n<p>IRIS TOMITA<\/p>\n","protected":false},"excerpt":{"rendered":"<p>Cursos Inscritos Premiados 2025 Rela\u00e7\u00f5es P\u00fablicas Resumo da A\u00e7\u00e3o: A a\u00e7\u00e3o realizada foi a arrecada\u00e7\u00e3o de caixas de bis para a a\u00e7\u00e3o de P\u00e1scoa do ICEFAS (instituto crist\u00e3o de ensino, forma\u00e7\u00e3o e assist\u00eancia social) que \u00e9 uma institui\u00e7\u00e3o sem fins lucrativos que visa promover a educa\u00e7\u00e3o, o desenvolvimento profissional e a assist\u00eancia social, que atualmente [&hellip;]<\/p>\n","protected":false},"author":8,"featured_media":0,"parent":0,"menu_order":0,"comment_status":"closed","ping_status":"closed","template":"","meta":{"_acf_changed":false,"_themeisle_gutenberg_block_has_review":false,"footnotes":""},"class_list":["post-8184","page","type-page","status-publish","hentry"],"acf":[],"_links":{"self":[{"href":"https:\/\/sites.uel.br\/ser\/wp-json\/wp\/v2\/pages\/8184","targetHints":{"allow":["GET"]}}],"collection":[{"href":"https:\/\/sites.uel.br\/ser\/wp-json\/wp\/v2\/pages"}],"about":[{"href":"https:\/\/sites.uel.br\/ser\/wp-json\/wp\/v2\/types\/page"}],"author":[{"embeddable":true,"href":"https:\/\/sites.uel.br\/ser\/wp-json\/wp\/v2\/users\/8"}],"replies":[{"embeddable":true,"href":"https:\/\/sites.uel.br\/ser\/wp-json\/wp\/v2\/comments?post=8184"}],"version-history":[{"count":10,"href":"https:\/\/sites.uel.br\/ser\/wp-json\/wp\/v2\/pages\/8184\/revisions"}],"predecessor-version":[{"id":8644,"href":"https:\/\/sites.uel.br\/ser\/wp-json\/wp\/v2\/pages\/8184\/revisions\/8644"}],"wp:attachment":[{"href":"https:\/\/sites.uel.br\/ser\/wp-json\/wp\/v2\/media?parent=8184"}],"curies":[{"name":"wp","href":"https:\/\/api.w.org\/{rel}","templated":true}]}}