{"id":8183,"date":"2025-05-28T16:09:37","date_gmt":"2025-05-28T19:09:37","guid":{"rendered":"https:\/\/sites.uel.br\/ser\/?page_id=8183"},"modified":"2025-07-11T09:51:01","modified_gmt":"2025-07-11T12:51:01","slug":"premio-boas-praticas-na-recepcao-aos-estudantes-ingressantes-premiados-2025-psicologia","status":"publish","type":"page","link":"https:\/\/sites.uel.br\/ser\/premio-boas-praticas-na-recepcao-aos-estudantes-ingressantes-premiados-2025-psicologia\/","title":{"rendered":"Pr\u00eamio Boas Pr\u00e1ticas Solid\u00e1rias na Recep\u00e7\u00e3o aos Estudantes Ingressantes"},"content":{"rendered":"\n<hr class=\"wp-block-separator has-alpha-channel-opacity is-style-wide\" \/>\n\n\n<div class=\"wp-block-image\">\n<figure class=\"aligncenter size-full\"><img loading=\"lazy\" decoding=\"async\" width=\"1279\" height=\"510\" src=\"https:\/\/sites.uel.br\/ser\/wp-content\/uploads\/2025\/03\/topo_ser_uel_2025.png\" alt=\"\" class=\"wp-image-7631\" srcset=\"https:\/\/sites.uel.br\/ser\/wp-content\/uploads\/2025\/03\/topo_ser_uel_2025.png 1279w, https:\/\/sites.uel.br\/ser\/wp-content\/uploads\/2025\/03\/topo_ser_uel_2025-300x120.png 300w, https:\/\/sites.uel.br\/ser\/wp-content\/uploads\/2025\/03\/topo_ser_uel_2025-1024x408.png 1024w, https:\/\/sites.uel.br\/ser\/wp-content\/uploads\/2025\/03\/topo_ser_uel_2025-768x306.png 768w\" sizes=\"auto, (max-width: 1279px) 100vw, 1279px\" \/><\/figure>\n<\/div>\n\n\n<h2 class=\"wp-block-heading\">Cursos Inscritos Premiados<\/h2>\n\n\n\n<h2 class=\"wp-block-heading\">2025<\/h2>\n\n\n\n<h2 class=\"wp-block-heading\">Psicologia<\/h2>\n\n\n\n<p><strong>Resumo da A\u00e7\u00e3o:<\/strong><\/p>\n\n\n\n<p>A Psico A\u00e7\u00e3o Solid\u00e1ria chega \u00e0 sua segunda edi\u00e7\u00e3o se consolidando como uma promissora tradi\u00e7\u00e3o entre calouros e veteranos do curso de Psicologia da Universidade Estadual de Londrina. Realizada durante a semana de recep\u00e7\u00e3o dos ingressantes, a a\u00e7\u00e3o prop\u00f5e mais do que uma simples acolhida: ela convida os novos estudantes a se engajarem desde o in\u00edcio em pr\u00e1ticas de solidariedade e compromisso social.<\/p>\n\n\n\n<p>A atividade consiste na arrecada\u00e7\u00e3o de alimentos n\u00e3o perec\u00edveis, itens de higiene pessoal, roupas em bom estado, materiais escolares, livros, brinquedos e outros artigos de utilidade. Todo o material coletado \u00e9 destinado a comunidades em situa\u00e7\u00e3o de vulnerabilidade social de Londrina e a projetos extensionistas da UEL que atuam diretamente na promo\u00e7\u00e3o da cidadania e da justi\u00e7a social.<\/p>\n\n\n\n<p>Entre os projetos beneficiados est\u00e3o o Grades em Transgress\u00e3o, que realiza um trabalho transformador com mulheres em priva\u00e7\u00e3o de liberdade, o Flores do Campo e o Ciranda, que atuam com mulheres e crian\u00e7as em contextos de vulnerabilidade, comunidades da regi\u00e3o da Bratac, e o curso Pr\u00e9-Vestibular da UEL, que oferece apoio educacional a jovens em busca do ingresso ao ensino superior.<\/p>\n\n\n\n<p>Mais do que arrecadar itens, a Psico A\u00e7\u00e3o Solid\u00e1ria tem se mostrado uma potente ferramenta de sensibiliza\u00e7\u00e3o para os novos ingressantes, estimulando desde cedo o engajamento em a\u00e7\u00f5es coletivas, emp\u00e1ticas e transformadoras: valores essenciais \u00e0 forma\u00e7\u00e3o de psic\u00f3logas e psic\u00f3logos comprometidos com a realidade social&nbsp;que&nbsp;os&nbsp;cerca.<\/p>\n\n\n\n<p><em>Obs: texto confeccionado pelos estudantes de Gradua\u00e7\u00e3o e\/ou Coordena\u00e7\u00e3o do curso.<\/em><\/p>\n\n\n\n<hr class=\"wp-block-separator has-text-color has-cinza-color has-css-opacity has-cinza-background-color has-background is-style-wide\" \/>\n\n\n<div class=\"wp-block-image\">\n<figure class=\"aligncenter size-large\"><img decoding=\"async\" src=\"https:\/\/sites.uel.br\/ser\/wp-content\/uploads\/imagens\/2025\/psicologia\/01-scaled.jpeg\" alt=\"\" \/><\/figure>\n<\/div>\n\n<div class=\"wp-block-image\">\n<figure class=\"aligncenter size-large\"><img decoding=\"async\" src=\"https:\/\/sites.uel.br\/ser\/wp-content\/uploads\/imagens\/2025\/psicologia\/02-scaled.jpeg\" alt=\"\" \/><\/figure>\n<\/div>\n\n<div class=\"wp-block-image\">\n<figure class=\"aligncenter size-large\"><img decoding=\"async\" src=\"https:\/\/sites.uel.br\/ser\/wp-content\/uploads\/imagens\/2025\/psicologia\/03-scaled.jpeg\" alt=\"\" \/><\/figure>\n<\/div>\n\n<div class=\"wp-block-image\">\n<figure class=\"aligncenter size-large\"><img decoding=\"async\" src=\"https:\/\/sites.uel.br\/ser\/wp-content\/uploads\/imagens\/2025\/psicologia\/04.jpeg\" alt=\"\" \/><\/figure>\n<\/div>\n\n<div class=\"wp-block-image\">\n<figure class=\"aligncenter size-large\"><img decoding=\"async\" src=\"https:\/\/sites.uel.br\/ser\/wp-content\/uploads\/imagens\/2025\/psicologia\/05-scaled.jpeg\" alt=\"\" \/><\/figure>\n<\/div>\n\n\n<hr class=\"wp-block-separator has-text-color has-cinza-color has-css-opacity has-cinza-background-color has-background is-style-wide\" \/>\n\n\n\n<p><strong>ESTUDANTES PARTICIPANTES<\/strong><\/p>\n\n\n\n<p>ANA CAROLINA DE AGUIAR GONCALVES<br>ANA CLARA ALMEIDA CARVALHO<br>ANA CLARA FERREIRA BARRETO<br>ANA CLARA YURIE YOSHIMOTO<br>ANA LAURA CAMPOS DOS SANTOS<br>ANA LIVIA CABRAL<br>ANA LIVIA VALENTE LIMA<br>ANA L\u00daCIA MENEGAZZO FERREYRA<br>ANA LU\u00cdSA CASTANHA ZANOLI<br>ANA PAULA DE FRAN\u00c7A<br>ANANDA FLORA DE OLIVEIRA RIBEIRO<br>ANDRESSA OLIVEIRA CORREA<br>ANNA JULIA GABRIEL DEMETINO<br>ARISSA NAKAMURA FAUSTINO<br>BEATRIZ CORDEIRO DE LIMA CERQUEIRA<br>BEATRIZ DAL COL ESTANISLAU<br>BEATRIZ MESSIAS PEDROSO<br>BEATRIZ RODRIGUES MARTINEZ<br>BRUNA LETICIA EGIDIO<br>BRUNO VITTI RACHID<br>CAMILA EMY HIRASHIMA<br>CATARINA SAYURI IDE<br>CATEM ROMANO NHAGA<br>CAU\u00c3 COD\u00c1 MACHADO DE ALMEIDA<br>CISSA SANTIAGO DIORIO SOUZA<br>CLARA DE SOUZA LULA SANCHES<br>DANIELLE SAYURI OKUNO<br>D\u00c9BORA BARBOSA DE SOUZA<br>DEBORA DE SOUZA SICHINEL<br>DIEGO AURELIANO RIBEIRO<br>DIKIELY CASSIA DE SOUSA GON\u00c7ALVES<br>EDUARDO ALEX BANHARA WISCH<br>EDUARDO MARTINS DA SILVA<br>ELIS RAMOS<br>EMELLY APARECIDA NERIS<br>ESTER PELOIA SANTOS<br>FELIPE DAMASIO COELHO<br>FERNANDA LOU\u00c7\u00c3O PANTOJA<br>GABRIEL VIEIRA DE MELO<br>GABRIELA ALMEIDA BITTENCOURT<br>GABRIELLA NASCIMENTO RAMOS<br>GABRIELLE BISPO DA SILVA<br>GABRIELLE NORDIO TROMBETTA<br>GABRIELLY CASTRO SILVA<br>GISELLE CHAGAS DO SACRAMENTO<br>GIULIANA CANTERO SIMONATO<br>GLENDA FERREIRA DA CRUZ<br>GUILHERME HENRIQUE DE OLIVEIRA<br>GUSTAVO FERREIRA MARTINS<br>ISABEL FUGIE DE SOUZA<br>ISABEL JUNKO NARIMATSU<br>ISABELA ARMENI CASSINELLI<br>ISABELLA OLIVEIRA DA SILVA<br>ISABELY CONCEI\u00c7\u00c3O ALBUQUERQUE GOMES<br>ISADORA APARECIDA GON\u00c7ALVES ALVES<br>ISADORA FRANCISCA MOURA DOI<br>J\u00c9SSICA KONCZAK STAGLIANO FENIMAN<br>JO\u00c3O PEDRO SILVA MARCONDES DE ALMEIDA<br>JOAO VICTOR RODRIGUES GIROLDO<br>JOAO VICTOR SILVA ALVES<br>JO\u00c3O VITOR MARQUES DO VALE<br>JOS\u00c9 ANGELO KIELLANDER TAGLIARI<br>JOS\u00c9 FELIPE DE PONTES<br>JOSU\u00c9 DA SILVA OLIVEIRA<br>JULIA ARAUJO<br>JULIA CAVARSAN COSSA<br>JULIA DA SILVA GON\u00c7ALVES<br>JULIA FERREIRA VERONESI<br>JULIA GALDIN ROCHA<br>JULIA GIROTO MERIM<br>JULIA GUION<br>JULIA KATO<br>JULIA LIMA DA SILVA<br>J\u00daLIA LISE LUCACHEVI CAMARGO<br>JULIANA CAROLINA GOMES<br>JULLIE K\u00caMILY NICLEVIS TRINDADE<br>KAREN EMY NISHIMURA<br>KARLOS EDUARDO ORSI MARTINS<br>LARISSA CARVALHO CANDIDO<br>LAURA AKEMI SOARES YASUDA<br>LAURA BERNARDI CAROCIA<br>LAURA GABRIELE RADTKE<br>LAYS FERREIRA DE SOUZA<br>LET\u00cdCIA OLIVEIRA GIMENEZ<br>LIVIA MARIA CABE\u00c7AS<br>LIVIA MARIA DE OLIVEIRA MACEDO<br>LOHANNE VENANCIO<br>LUANA DE SOUSA BASTOS<br>LUCAS RENATO DEUNGARO<br>LUISA SEGUIN RABELO<br>MANUELA MORAES VOLLERTT<br>MARCOS HIROKI IDA<br>MARIA EDUARDA HIROMI<br>MARIA EDUARDA SANCHES DOS ANJOS<br>MARIA EDUARDA SEMCOVICI NOZI<br>MARIA L\u00daCIA SZEKUT<br>MARIA LUIZA AQUINO DE SOUSA<br>MARIA LUIZA DE FRANCA CAMARGO<br>MARIA LUIZA DE OLIVEIRA CALIXTO<br>MARIA LUIZA DO PRADO TEIXEIRA<br>MARIA VICTORIA VER\u00cdSSIMO DA SILVA GOMES<br>MARIAH MARTINS POLETO<br>MARIANA DOS SANTOS ALVES<br>MARIANA MERCI DOS SANTOS<br>MARINA BERG ARAUJO<br>MARINA PEDRO TINI<br>MICHELE FERREIRA DE ANDRADE<br>MIGUEL AUGUSTO DA SILVA<br>MILENA DOS SANTOS FERREIRA<br>NARA LUISA SILVA HAGE<br>NICOLAS NOGUEIRA ORSI<br>OT\u00c1VIO PAIVA YOSHIDA<br>PAOLA DA COSTA MANSO LIMA<br>PEDRO MIGUEL FERREIRA<br>PEDRO MORENO BRUNIERI<br>RAFAEL DOS SANTOS SACRAMENTO<br>RAFAELA DE SOUZA FALCONI<br>RAYSSA EDUARDA DA SILVA<br>SABRINA DOMINGUES MONTEIRO<br>SAMARA PAULINO DA SILVA<br>SAMUEL BELLO STRASS<br>SOFIA BASTOS FELIX<br>SOFIA GASPARINO MALVEZZI<br>SOFIA ROMAGNOLO PEREIRA DA SILVA<br>SOFYA STEFANY REUS GOULARTE<br>SOPHIA GABRIELA SPANHOL DA MOTTA<br>STEFANY LORRAINE DIAS DA SILVA<br>STEPHANY PEREIRA RODRIGUES<br>TOBIAS BENTO FONSECA<br>VINICIUS APARECIDO DUARTE MARTINS<br>VITOR DA SILVA GONCALVES<br>VITOR ROMEIRO ETINGER<br>VIT\u00d3RIA CORREIA VICENTE<br>YASMIN JOVIAL FASCINA<\/p>\n\n\n\n<div style=\"height:20px\" aria-hidden=\"true\" class=\"wp-block-spacer\"><\/div>\n\n\n\n<p><strong>DOCENTES PARTICIPANTES<\/strong><\/p>\n\n\n\n<p>ALEJANDRA ASTRID LEON CEDE\u00d1O<br>MAIANGO DIAS<\/p>\n","protected":false},"excerpt":{"rendered":"<p>Cursos Inscritos Premiados 2025 Psicologia Resumo da A\u00e7\u00e3o: A Psico A\u00e7\u00e3o Solid\u00e1ria chega \u00e0 sua segunda edi\u00e7\u00e3o se consolidando como uma promissora tradi\u00e7\u00e3o entre calouros e veteranos do curso de Psicologia da Universidade Estadual de Londrina. Realizada durante a semana de recep\u00e7\u00e3o dos ingressantes, a a\u00e7\u00e3o prop\u00f5e mais do que uma simples acolhida: ela convida [&hellip;]<\/p>\n","protected":false},"author":8,"featured_media":0,"parent":0,"menu_order":0,"comment_status":"closed","ping_status":"closed","template":"","meta":{"_acf_changed":false,"_themeisle_gutenberg_block_has_review":false,"footnotes":""},"class_list":["post-8183","page","type-page","status-publish","hentry"],"acf":[],"_links":{"self":[{"href":"https:\/\/sites.uel.br\/ser\/wp-json\/wp\/v2\/pages\/8183","targetHints":{"allow":["GET"]}}],"collection":[{"href":"https:\/\/sites.uel.br\/ser\/wp-json\/wp\/v2\/pages"}],"about":[{"href":"https:\/\/sites.uel.br\/ser\/wp-json\/wp\/v2\/types\/page"}],"author":[{"embeddable":true,"href":"https:\/\/sites.uel.br\/ser\/wp-json\/wp\/v2\/users\/8"}],"replies":[{"embeddable":true,"href":"https:\/\/sites.uel.br\/ser\/wp-json\/wp\/v2\/comments?post=8183"}],"version-history":[{"count":8,"href":"https:\/\/sites.uel.br\/ser\/wp-json\/wp\/v2\/pages\/8183\/revisions"}],"predecessor-version":[{"id":8643,"href":"https:\/\/sites.uel.br\/ser\/wp-json\/wp\/v2\/pages\/8183\/revisions\/8643"}],"wp:attachment":[{"href":"https:\/\/sites.uel.br\/ser\/wp-json\/wp\/v2\/media?parent=8183"}],"curies":[{"name":"wp","href":"https:\/\/api.w.org\/{rel}","templated":true}]}}

Prêmio Boas Práticas Solidárias na Recepção aos Estudantes Ingressantes

<hr class="wp-block-separator has-alpha-channel-opacity is-style-wide" />


<div class="wp-block-image">
<figure class="aligncenter size-full"><img loading="lazy" decoding="async" width="1279" height="510" src="https://sites.uel.br/ser/wp-content/uploads/2025/03/topo_ser_uel_2025.png" alt="" class="wp-image-7631" srcset="https://sites.uel.br/ser/wp-content/uploads/2025/03/topo_ser_uel_2025.png 1279w, https://sites.uel.br/ser/wp-content/uploads/2025/03/topo_ser_uel_2025-300x120.png 300w, https://sites.uel.br/ser/wp-content/uploads/2025/03/topo_ser_uel_2025-1024x408.png 1024w, https://sites.uel.br/ser/wp-content/uploads/2025/03/topo_ser_uel_2025-768x306.png 768w" sizes="auto, (max-width: 1279px) 100vw, 1279px" /></figure>
</div>


<h2 class="wp-block-heading">Cursos Inscritos Premiados</h2>



<h2 class="wp-block-heading">2025</h2>



<h2 class="wp-block-heading">Psicologia</h2>



<p><strong>Resumo da Ação:</strong></p>



<p>A Psico Ação Solidária chega à sua segunda edição se consolidando como uma promissora tradição entre calouros e veteranos do curso de Psicologia da Universidade Estadual de Londrina. Realizada durante a semana de recepção dos ingressantes, a ação propõe mais do que uma simples acolhida: ela convida os novos estudantes a se engajarem desde o início em práticas de solidariedade e compromisso social.</p>



<p>A atividade consiste na arrecadação de alimentos não perecíveis, itens de higiene pessoal, roupas em bom estado, materiais escolares, livros, brinquedos e outros artigos de utilidade. Todo o material coletado é destinado a comunidades em situação de vulnerabilidade social de Londrina e a projetos extensionistas da UEL que atuam diretamente na promoção da cidadania e da justiça social.</p>



<p>Entre os projetos beneficiados estão o Grades em Transgressão, que realiza um trabalho transformador com mulheres em privação de liberdade, o Flores do Campo e o Ciranda, que atuam com mulheres e crianças em contextos de vulnerabilidade, comunidades da região da Bratac, e o curso Pré-Vestibular da UEL, que oferece apoio educacional a jovens em busca do ingresso ao ensino superior.</p>



<p>Mais do que arrecadar itens, a Psico Ação Solidária tem se mostrado uma potente ferramenta de sensibilização para os novos ingressantes, estimulando desde cedo o engajamento em ações coletivas, empáticas e transformadoras: valores essenciais à formação de psicólogas e psicólogos comprometidos com a realidade social&nbsp;que&nbsp;os&nbsp;cerca.</p>



<p><em>Obs: texto confeccionado pelos estudantes de Graduação e/ou Coordenação do curso.</em></p>



<hr class="wp-block-separator has-text-color has-cinza-color has-css-opacity has-cinza-background-color has-background is-style-wide" />


<div class="wp-block-image">
<figure class="aligncenter size-large"><img decoding="async" src="https://sites.uel.br/ser/wp-content/uploads/imagens/2025/psicologia/01-scaled.jpeg" alt="" /></figure>
</div>

<div class="wp-block-image">
<figure class="aligncenter size-large"><img decoding="async" src="https://sites.uel.br/ser/wp-content/uploads/imagens/2025/psicologia/02-scaled.jpeg" alt="" /></figure>
</div>

<div class="wp-block-image">
<figure class="aligncenter size-large"><img decoding="async" src="https://sites.uel.br/ser/wp-content/uploads/imagens/2025/psicologia/03-scaled.jpeg" alt="" /></figure>
</div>

<div class="wp-block-image">
<figure class="aligncenter size-large"><img decoding="async" src="https://sites.uel.br/ser/wp-content/uploads/imagens/2025/psicologia/04.jpeg" alt="" /></figure>
</div>

<div class="wp-block-image">
<figure class="aligncenter size-large"><img decoding="async" src="https://sites.uel.br/ser/wp-content/uploads/imagens/2025/psicologia/05-scaled.jpeg" alt="" /></figure>
</div>


<hr class="wp-block-separator has-text-color has-cinza-color has-css-opacity has-cinza-background-color has-background is-style-wide" />



<p><strong>ESTUDANTES PARTICIPANTES</strong></p>



<p>ANA CAROLINA DE AGUIAR GONCALVES<br>ANA CLARA ALMEIDA CARVALHO<br>ANA CLARA FERREIRA BARRETO<br>ANA CLARA YURIE YOSHIMOTO<br>ANA LAURA CAMPOS DOS SANTOS<br>ANA LIVIA CABRAL<br>ANA LIVIA VALENTE LIMA<br>ANA LÚCIA MENEGAZZO FERREYRA<br>ANA LUÍSA CASTANHA ZANOLI<br>ANA PAULA DE FRANÇA<br>ANANDA FLORA DE OLIVEIRA RIBEIRO<br>ANDRESSA OLIVEIRA CORREA<br>ANNA JULIA GABRIEL DEMETINO<br>ARISSA NAKAMURA FAUSTINO<br>BEATRIZ CORDEIRO DE LIMA CERQUEIRA<br>BEATRIZ DAL COL ESTANISLAU<br>BEATRIZ MESSIAS PEDROSO<br>BEATRIZ RODRIGUES MARTINEZ<br>BRUNA LETICIA EGIDIO<br>BRUNO VITTI RACHID<br>CAMILA EMY HIRASHIMA<br>CATARINA SAYURI IDE<br>CATEM ROMANO NHAGA<br>CAUÃ CODÁ MACHADO DE ALMEIDA<br>CISSA SANTIAGO DIORIO SOUZA<br>CLARA DE SOUZA LULA SANCHES<br>DANIELLE SAYURI OKUNO<br>DÉBORA BARBOSA DE SOUZA<br>DEBORA DE SOUZA SICHINEL<br>DIEGO AURELIANO RIBEIRO<br>DIKIELY CASSIA DE SOUSA GONÇALVES<br>EDUARDO ALEX BANHARA WISCH<br>EDUARDO MARTINS DA SILVA<br>ELIS RAMOS<br>EMELLY APARECIDA NERIS<br>ESTER PELOIA SANTOS<br>FELIPE DAMASIO COELHO<br>FERNANDA LOUÇÃO PANTOJA<br>GABRIEL VIEIRA DE MELO<br>GABRIELA ALMEIDA BITTENCOURT<br>GABRIELLA NASCIMENTO RAMOS<br>GABRIELLE BISPO DA SILVA<br>GABRIELLE NORDIO TROMBETTA<br>GABRIELLY CASTRO SILVA<br>GISELLE CHAGAS DO SACRAMENTO<br>GIULIANA CANTERO SIMONATO<br>GLENDA FERREIRA DA CRUZ<br>GUILHERME HENRIQUE DE OLIVEIRA<br>GUSTAVO FERREIRA MARTINS<br>ISABEL FUGIE DE SOUZA<br>ISABEL JUNKO NARIMATSU<br>ISABELA ARMENI CASSINELLI<br>ISABELLA OLIVEIRA DA SILVA<br>ISABELY CONCEIÇÃO ALBUQUERQUE GOMES<br>ISADORA APARECIDA GONÇALVES ALVES<br>ISADORA FRANCISCA MOURA DOI<br>JÉSSICA KONCZAK STAGLIANO FENIMAN<br>JOÃO PEDRO SILVA MARCONDES DE ALMEIDA<br>JOAO VICTOR RODRIGUES GIROLDO<br>JOAO VICTOR SILVA ALVES<br>JOÃO VITOR MARQUES DO VALE<br>JOSÉ ANGELO KIELLANDER TAGLIARI<br>JOSÉ FELIPE DE PONTES<br>JOSUÉ DA SILVA OLIVEIRA<br>JULIA ARAUJO<br>JULIA CAVARSAN COSSA<br>JULIA DA SILVA GONÇALVES<br>JULIA FERREIRA VERONESI<br>JULIA GALDIN ROCHA<br>JULIA GIROTO MERIM<br>JULIA GUION<br>JULIA KATO<br>JULIA LIMA DA SILVA<br>JÚLIA LISE LUCACHEVI CAMARGO<br>JULIANA CAROLINA GOMES<br>JULLIE KÊMILY NICLEVIS TRINDADE<br>KAREN EMY NISHIMURA<br>KARLOS EDUARDO ORSI MARTINS<br>LARISSA CARVALHO CANDIDO<br>LAURA AKEMI SOARES YASUDA<br>LAURA BERNARDI CAROCIA<br>LAURA GABRIELE RADTKE<br>LAYS FERREIRA DE SOUZA<br>LETÍCIA OLIVEIRA GIMENEZ<br>LIVIA MARIA CABEÇAS<br>LIVIA MARIA DE OLIVEIRA MACEDO<br>LOHANNE VENANCIO<br>LUANA DE SOUSA BASTOS<br>LUCAS RENATO DEUNGARO<br>LUISA SEGUIN RABELO<br>MANUELA MORAES VOLLERTT<br>MARCOS HIROKI IDA<br>MARIA EDUARDA HIROMI<br>MARIA EDUARDA SANCHES DOS ANJOS<br>MARIA EDUARDA SEMCOVICI NOZI<br>MARIA LÚCIA SZEKUT<br>MARIA LUIZA AQUINO DE SOUSA<br>MARIA LUIZA DE FRANCA CAMARGO<br>MARIA LUIZA DE OLIVEIRA CALIXTO<br>MARIA LUIZA DO PRADO TEIXEIRA<br>MARIA VICTORIA VERÍSSIMO DA SILVA GOMES<br>MARIAH MARTINS POLETO<br>MARIANA DOS SANTOS ALVES<br>MARIANA MERCI DOS SANTOS<br>MARINA BERG ARAUJO<br>MARINA PEDRO TINI<br>MICHELE FERREIRA DE ANDRADE<br>MIGUEL AUGUSTO DA SILVA<br>MILENA DOS SANTOS FERREIRA<br>NARA LUISA SILVA HAGE<br>NICOLAS NOGUEIRA ORSI<br>OTÁVIO PAIVA YOSHIDA<br>PAOLA DA COSTA MANSO LIMA<br>PEDRO MIGUEL FERREIRA<br>PEDRO MORENO BRUNIERI<br>RAFAEL DOS SANTOS SACRAMENTO<br>RAFAELA DE SOUZA FALCONI<br>RAYSSA EDUARDA DA SILVA<br>SABRINA DOMINGUES MONTEIRO<br>SAMARA PAULINO DA SILVA<br>SAMUEL BELLO STRASS<br>SOFIA BASTOS FELIX<br>SOFIA GASPARINO MALVEZZI<br>SOFIA ROMAGNOLO PEREIRA DA SILVA<br>SOFYA STEFANY REUS GOULARTE<br>SOPHIA GABRIELA SPANHOL DA MOTTA<br>STEFANY LORRAINE DIAS DA SILVA<br>STEPHANY PEREIRA RODRIGUES<br>TOBIAS BENTO FONSECA<br>VINICIUS APARECIDO DUARTE MARTINS<br>VITOR DA SILVA GONCALVES<br>VITOR ROMEIRO ETINGER<br>VITÓRIA CORREIA VICENTE<br>YASMIN JOVIAL FASCINA</p>



<div style="height:20px" aria-hidden="true" class="wp-block-spacer"></div>



<p><strong>DOCENTES PARTICIPANTES</strong></p>



<p>ALEJANDRA ASTRID LEON CEDEÑO<br>MAIANGO DIAS</p>

<p>Cursos Inscritos Premiados 2025 Psicologia Resumo da Ação: A Psico Ação Solidária chega à sua segunda edição se consolidando como uma promissora tradição entre calouros e veteranos do curso de Psicologia da Universidade Estadual de Londrina. Realizada durante a semana de recepção dos ingressantes, a ação propõe mais do que uma simples acolhida: ela convida [&hellip;]</p>
