{"id":8182,"date":"2025-05-28T16:09:35","date_gmt":"2025-05-28T19:09:35","guid":{"rendered":"https:\/\/sites.uel.br\/ser\/?page_id=8182"},"modified":"2025-07-11T09:50:58","modified_gmt":"2025-07-11T12:50:58","slug":"premio-boas-praticas-na-recepcao-aos-estudantes-ingressantes-premiados-2025-pedagogia","status":"publish","type":"page","link":"https:\/\/sites.uel.br\/ser\/premio-boas-praticas-na-recepcao-aos-estudantes-ingressantes-premiados-2025-pedagogia\/","title":{"rendered":"Pr\u00eamio Boas Pr\u00e1ticas Solid\u00e1rias na Recep\u00e7\u00e3o aos Estudantes Ingressantes"},"content":{"rendered":"\n<hr class=\"wp-block-separator has-alpha-channel-opacity is-style-wide\" \/>\n\n\n<div class=\"wp-block-image\">\n<figure class=\"aligncenter size-full\"><img loading=\"lazy\" decoding=\"async\" width=\"1279\" height=\"510\" src=\"https:\/\/sites.uel.br\/ser\/wp-content\/uploads\/2025\/03\/topo_ser_uel_2025.png\" alt=\"\" class=\"wp-image-7631\" srcset=\"https:\/\/sites.uel.br\/ser\/wp-content\/uploads\/2025\/03\/topo_ser_uel_2025.png 1279w, https:\/\/sites.uel.br\/ser\/wp-content\/uploads\/2025\/03\/topo_ser_uel_2025-300x120.png 300w, https:\/\/sites.uel.br\/ser\/wp-content\/uploads\/2025\/03\/topo_ser_uel_2025-1024x408.png 1024w, https:\/\/sites.uel.br\/ser\/wp-content\/uploads\/2025\/03\/topo_ser_uel_2025-768x306.png 768w\" sizes=\"auto, (max-width: 1279px) 100vw, 1279px\" \/><\/figure>\n<\/div>\n\n\n<h2 class=\"wp-block-heading\">Cursos Inscritos Premiados<\/h2>\n\n\n\n<h2 class=\"wp-block-heading\">2025<\/h2>\n\n\n\n<h2 class=\"wp-block-heading\">Pedagogia<\/h2>\n\n\n\n<p><strong>Resumo da A\u00e7\u00e3o:<\/strong><\/p>\n\n\n\n<p>Ser\u00e1 realizada coleta de livros infantis e brinquedos pedag\u00f3gicos para doa\u00e7\u00e3o para o CEI Reverendo Jonas Dias Martins. Os estudantes participar\u00e3o de um momento no pr\u00f3prio CEI em que realizar\u00e3o atividades pedag\u00f3gicas com as crian\u00e7as.<\/p>\n\n\n\n<p><em>Obs: texto confeccionado pelos estudantes de Gradua\u00e7\u00e3o e\/ou Coordena\u00e7\u00e3o do curso.<\/em><\/p>\n\n\n\n<hr class=\"wp-block-separator has-text-color has-cinza-color has-css-opacity has-cinza-background-color has-background is-style-wide\" \/>\n\n\n<div class=\"wp-block-image\">\n<figure class=\"aligncenter size-large\"><img decoding=\"async\" src=\"https:\/\/sites.uel.br\/ser\/wp-content\/uploads\/imagens\/2025\/pedagogia\/01.jpg\" alt=\"\" \/><\/figure>\n<\/div>\n\n<div class=\"wp-block-image\">\n<figure class=\"aligncenter size-large\"><img decoding=\"async\" src=\"https:\/\/sites.uel.br\/ser\/wp-content\/uploads\/imagens\/2025\/pedagogia\/02.jpg\" alt=\"\" \/><\/figure>\n<\/div>\n\n<div class=\"wp-block-image\">\n<figure class=\"aligncenter size-large\"><img decoding=\"async\" src=\"https:\/\/sites.uel.br\/ser\/wp-content\/uploads\/imagens\/2025\/pedagogia\/03.jpg\" alt=\"\" \/><\/figure>\n<\/div>\n\n\n<hr class=\"wp-block-separator has-text-color has-cinza-color has-css-opacity has-cinza-background-color has-background is-style-wide\" \/>\n\n\n\n<p><strong>ESTUDANTES PARTICIPANTES<\/strong><\/p>\n\n\n\n<p>AHANA MORENO GOMES DE SANTANA<br>AMIRAH TELLES HIJAZI DE QUEIROZ<br>ANA CLARA DE ALMEIDA ALVES<br>ANA CLARA RODRIGUES FANTINELLI<br>ANA LU\u00cdSA SILVA LISSE<br>ANNA CL\u00c1UDIA PRESTES<br>BEATRIZ VILALTA NORDER<br>BRENDA YUKIE TIBA YAMASHITA<br>BRUNA BRIZOLA SILVA MACHADO<br>CAMILA ZANIN CAMILO<br>CLARA AYME DA ROSA<br>FRANCINY VIT\u00d3RIA ANSELMO<br>GABRIELA DE CASTRO PESTANA<br>GABRIELA TANNO DE LIMA<br>GIOVANNA MAFRA CERNEV<br>GRAZIELA LARISSA RIBEIRO PORTO<br>JADDY TEIXEIRA BORTOLOTTI<br>JULIA ARTUZO DE MELLO<br>LORENA FREIRE DE FIGUEIREDO MARCOLINO<br>JULIA HOKARI LUCIO GOMES<br>JULIA MANUELA DOS SANTOS<br>KEMILY GABRIELA LIMA<br>LARISSA PARESCHI PIRES<br>LIVIA LOUREN\u00c7O DE OLIVEIRA<br>LOHAN SILVA AUGUSTO SOUZA<br>LUANA AM\u00c9RICO DE OLIVEIRA<br>MANUELA BARROSO DE OLIVEIRA<br>MARIA CLARA DAMASCENO MOURA<br>MARIA CLARA MILIATI DA SILVA<br>MARIA EDUARDA ASSUN\u00c7\u00c3O PEREIRA<br>MARIANA MOREIRA DOS SANTOS<br>NAYARA STEPHANY OLIVEIRA DE SOUZA<br>NICOLE CARVALHO BRITO<br>P\u00c2MELA L\u00cdDIA MARQUES<br>RAFAELA JACOMINI<br>RAFAELLA RIBEIRO<br>REBECA EID CAMPOS SOPHIA AMBROGI GALERANI<\/p>\n\n\n\n<div style=\"height:20px\" aria-hidden=\"true\" class=\"wp-block-spacer\"><\/div>\n\n\n\n<p><strong>DOCENTES PARTICIPANTES<\/strong><\/p>\n\n\n\n<p>CLEIDE VITOR MUSSINI BATISTA<br>JACINTA DE F\u00c1TIMA DUARTE CRUZ<br>MARTA SILENE FERREIRA BARROS<br>SANDRA REGINA MANTOVANI LEITE<\/p>\n","protected":false},"excerpt":{"rendered":"<p>Cursos Inscritos Premiados 2025 Pedagogia Resumo da A\u00e7\u00e3o: Ser\u00e1 realizada coleta de livros infantis e brinquedos pedag\u00f3gicos para doa\u00e7\u00e3o para o CEI Reverendo Jonas Dias Martins. Os estudantes participar\u00e3o de um momento no pr\u00f3prio CEI em que realizar\u00e3o atividades pedag\u00f3gicas com as crian\u00e7as. Obs: texto confeccionado pelos estudantes de Gradua\u00e7\u00e3o e\/ou Coordena\u00e7\u00e3o do curso. ESTUDANTES [&hellip;]<\/p>\n","protected":false},"author":8,"featured_media":0,"parent":0,"menu_order":0,"comment_status":"closed","ping_status":"closed","template":"","meta":{"_acf_changed":false,"_themeisle_gutenberg_block_has_review":false,"footnotes":""},"class_list":["post-8182","page","type-page","status-publish","hentry"],"acf":[],"_links":{"self":[{"href":"https:\/\/sites.uel.br\/ser\/wp-json\/wp\/v2\/pages\/8182","targetHints":{"allow":["GET"]}}],"collection":[{"href":"https:\/\/sites.uel.br\/ser\/wp-json\/wp\/v2\/pages"}],"about":[{"href":"https:\/\/sites.uel.br\/ser\/wp-json\/wp\/v2\/types\/page"}],"author":[{"embeddable":true,"href":"https:\/\/sites.uel.br\/ser\/wp-json\/wp\/v2\/users\/8"}],"replies":[{"embeddable":true,"href":"https:\/\/sites.uel.br\/ser\/wp-json\/wp\/v2\/comments?post=8182"}],"version-history":[{"count":9,"href":"https:\/\/sites.uel.br\/ser\/wp-json\/wp\/v2\/pages\/8182\/revisions"}],"predecessor-version":[{"id":8642,"href":"https:\/\/sites.uel.br\/ser\/wp-json\/wp\/v2\/pages\/8182\/revisions\/8642"}],"wp:attachment":[{"href":"https:\/\/sites.uel.br\/ser\/wp-json\/wp\/v2\/media?parent=8182"}],"curies":[{"name":"wp","href":"https:\/\/api.w.org\/{rel}","templated":true}]}}

Prêmio Boas Práticas Solidárias na Recepção aos Estudantes Ingressantes

<hr class="wp-block-separator has-alpha-channel-opacity is-style-wide" />


<div class="wp-block-image">
<figure class="aligncenter size-full"><img loading="lazy" decoding="async" width="1279" height="510" src="https://sites.uel.br/ser/wp-content/uploads/2025/03/topo_ser_uel_2025.png" alt="" class="wp-image-7631" srcset="https://sites.uel.br/ser/wp-content/uploads/2025/03/topo_ser_uel_2025.png 1279w, https://sites.uel.br/ser/wp-content/uploads/2025/03/topo_ser_uel_2025-300x120.png 300w, https://sites.uel.br/ser/wp-content/uploads/2025/03/topo_ser_uel_2025-1024x408.png 1024w, https://sites.uel.br/ser/wp-content/uploads/2025/03/topo_ser_uel_2025-768x306.png 768w" sizes="auto, (max-width: 1279px) 100vw, 1279px" /></figure>
</div>


<h2 class="wp-block-heading">Cursos Inscritos Premiados</h2>



<h2 class="wp-block-heading">2025</h2>



<h2 class="wp-block-heading">Pedagogia</h2>



<p><strong>Resumo da Ação:</strong></p>



<p>Será realizada coleta de livros infantis e brinquedos pedagógicos para doação para o CEI Reverendo Jonas Dias Martins. Os estudantes participarão de um momento no próprio CEI em que realizarão atividades pedagógicas com as crianças.</p>



<p><em>Obs: texto confeccionado pelos estudantes de Graduação e/ou Coordenação do curso.</em></p>



<hr class="wp-block-separator has-text-color has-cinza-color has-css-opacity has-cinza-background-color has-background is-style-wide" />


<div class="wp-block-image">
<figure class="aligncenter size-large"><img decoding="async" src="https://sites.uel.br/ser/wp-content/uploads/imagens/2025/pedagogia/01.jpg" alt="" /></figure>
</div>

<div class="wp-block-image">
<figure class="aligncenter size-large"><img decoding="async" src="https://sites.uel.br/ser/wp-content/uploads/imagens/2025/pedagogia/02.jpg" alt="" /></figure>
</div>

<div class="wp-block-image">
<figure class="aligncenter size-large"><img decoding="async" src="https://sites.uel.br/ser/wp-content/uploads/imagens/2025/pedagogia/03.jpg" alt="" /></figure>
</div>


<hr class="wp-block-separator has-text-color has-cinza-color has-css-opacity has-cinza-background-color has-background is-style-wide" />



<p><strong>ESTUDANTES PARTICIPANTES</strong></p>



<p>AHANA MORENO GOMES DE SANTANA<br>AMIRAH TELLES HIJAZI DE QUEIROZ<br>ANA CLARA DE ALMEIDA ALVES<br>ANA CLARA RODRIGUES FANTINELLI<br>ANA LUÍSA SILVA LISSE<br>ANNA CLÁUDIA PRESTES<br>BEATRIZ VILALTA NORDER<br>BRENDA YUKIE TIBA YAMASHITA<br>BRUNA BRIZOLA SILVA MACHADO<br>CAMILA ZANIN CAMILO<br>CLARA AYME DA ROSA<br>FRANCINY VITÓRIA ANSELMO<br>GABRIELA DE CASTRO PESTANA<br>GABRIELA TANNO DE LIMA<br>GIOVANNA MAFRA CERNEV<br>GRAZIELA LARISSA RIBEIRO PORTO<br>JADDY TEIXEIRA BORTOLOTTI<br>JULIA ARTUZO DE MELLO<br>LORENA FREIRE DE FIGUEIREDO MARCOLINO<br>JULIA HOKARI LUCIO GOMES<br>JULIA MANUELA DOS SANTOS<br>KEMILY GABRIELA LIMA<br>LARISSA PARESCHI PIRES<br>LIVIA LOURENÇO DE OLIVEIRA<br>LOHAN SILVA AUGUSTO SOUZA<br>LUANA AMÉRICO DE OLIVEIRA<br>MANUELA BARROSO DE OLIVEIRA<br>MARIA CLARA DAMASCENO MOURA<br>MARIA CLARA MILIATI DA SILVA<br>MARIA EDUARDA ASSUNÇÃO PEREIRA<br>MARIANA MOREIRA DOS SANTOS<br>NAYARA STEPHANY OLIVEIRA DE SOUZA<br>NICOLE CARVALHO BRITO<br>PÂMELA LÍDIA MARQUES<br>RAFAELA JACOMINI<br>RAFAELLA RIBEIRO<br>REBECA EID CAMPOS SOPHIA AMBROGI GALERANI</p>



<div style="height:20px" aria-hidden="true" class="wp-block-spacer"></div>



<p><strong>DOCENTES PARTICIPANTES</strong></p>



<p>CLEIDE VITOR MUSSINI BATISTA<br>JACINTA DE FÁTIMA DUARTE CRUZ<br>MARTA SILENE FERREIRA BARROS<br>SANDRA REGINA MANTOVANI LEITE</p>

<p>Cursos Inscritos Premiados 2025 Pedagogia Resumo da Ação: Será realizada coleta de livros infantis e brinquedos pedagógicos para doação para o CEI Reverendo Jonas Dias Martins. Os estudantes participarão de um momento no próprio CEI em que realizarão atividades pedagógicas com as crianças. Obs: texto confeccionado pelos estudantes de Graduação e/ou Coordenação do curso. ESTUDANTES [&hellip;]</p>
