{"id":8181,"date":"2025-05-28T16:09:33","date_gmt":"2025-05-28T19:09:33","guid":{"rendered":"https:\/\/sites.uel.br\/ser\/?page_id=8181"},"modified":"2025-07-11T09:50:54","modified_gmt":"2025-07-11T12:50:54","slug":"premio-boas-praticas-na-recepcao-aos-estudantes-ingressantes-premiados-2025-medicina-veterinaria","status":"publish","type":"page","link":"https:\/\/sites.uel.br\/ser\/premio-boas-praticas-na-recepcao-aos-estudantes-ingressantes-premiados-2025-medicina-veterinaria\/","title":{"rendered":"Pr\u00eamio Boas Pr\u00e1ticas Solid\u00e1rias na Recep\u00e7\u00e3o aos Estudantes Ingressantes"},"content":{"rendered":"\n<hr class=\"wp-block-separator has-alpha-channel-opacity is-style-wide\" \/>\n\n\n<div class=\"wp-block-image\">\n<figure class=\"aligncenter size-full\"><img loading=\"lazy\" decoding=\"async\" width=\"1279\" height=\"510\" src=\"https:\/\/sites.uel.br\/ser\/wp-content\/uploads\/2025\/03\/topo_ser_uel_2025.png\" alt=\"\" class=\"wp-image-7631\" srcset=\"https:\/\/sites.uel.br\/ser\/wp-content\/uploads\/2025\/03\/topo_ser_uel_2025.png 1279w, https:\/\/sites.uel.br\/ser\/wp-content\/uploads\/2025\/03\/topo_ser_uel_2025-300x120.png 300w, https:\/\/sites.uel.br\/ser\/wp-content\/uploads\/2025\/03\/topo_ser_uel_2025-1024x408.png 1024w, https:\/\/sites.uel.br\/ser\/wp-content\/uploads\/2025\/03\/topo_ser_uel_2025-768x306.png 768w\" sizes=\"auto, (max-width: 1279px) 100vw, 1279px\" \/><\/figure>\n<\/div>\n\n\n<h2 class=\"wp-block-heading\">Cursos Inscritos Premiados<\/h2>\n\n\n\n<h2 class=\"wp-block-heading\">2025<\/h2>\n\n\n\n<h2 class=\"wp-block-heading\">Medicina Veterin\u00e1ria<\/h2>\n\n\n\n<p><strong>Resumo da A\u00e7\u00e3o:<\/strong><\/p>\n\n\n\n<p>O Centro Acad\u00eamico (CAVET), junto da AAAMV 1\u00b0 de Abril, entidades do curso de Medicina Veterin\u00e1ria da UEL, arrecadaram mais de 200kg de ra\u00e7\u00e3o para a Ong Animalize, projeto comandado pela ex aluna e M\u00e9dica Veterin\u00e1ria Amanda Fantin, o qual promove campanhas de ado\u00e7\u00e3o de diversos animais resgatados. As duas entidades se organizaram para promover a campanha de arrecada\u00e7\u00e3o de ra\u00e7\u00e3o entre os alunos de gradua\u00e7\u00e3o, tanto pessoalmente quanto por meio de suas redes sociais, com o objetivo de apoiar diretamente o projeto Animalize a continuar resgatando animais.<\/p>\n\n\n\n<p><em>Obs: texto confeccionado pelos estudantes de Gradua\u00e7\u00e3o e\/ou Coordena\u00e7\u00e3o do curso.<\/em><\/p>\n\n\n\n<hr class=\"wp-block-separator has-text-color has-cinza-color has-css-opacity has-cinza-background-color has-background is-style-wide\" \/>\n\n\n<div class=\"wp-block-image\">\n<figure class=\"aligncenter size-large\"><img decoding=\"async\" src=\"https:\/\/sites.uel.br\/ser\/wp-content\/uploads\/imagens\/2025\/medicina_veterinaria\/01-scaled.jpeg\" alt=\"\" \/><\/figure>\n<\/div>\n\n<div class=\"wp-block-image\">\n<figure class=\"aligncenter size-large\"><img decoding=\"async\" src=\"https:\/\/sites.uel.br\/ser\/wp-content\/uploads\/imagens\/2025\/medicina_veterinaria\/02.jpeg\" alt=\"\" \/><\/figure>\n<\/div>\n\n\n<hr class=\"wp-block-separator has-text-color has-cinza-color has-css-opacity has-cinza-background-color has-background is-style-wide\" \/>\n\n\n\n<p><strong>ESTUDANTES PARTICIPANTES<\/strong><\/p>\n\n\n\n<p>ANA CLARA QUEIROZ ARTONI<br>ANA LUIZA NANCI MOTA<br>\u2060ANDRIELLY SAMPAIO PATRIOTA<br>\u2060ANNA ARISSA TAKANOHASHI<br>\u2060BRUNA MIYUKI NAKAHARA OGASSAWARA<br>CECILIA CORBACHO MACIEL<br>EDUARDO SOUZA CARRASCO<br>\u2060\u00c9RIKA FERNANDA DA SILVA<br>\u2060FELIPE CANTU BERTOL<br>\u2060GEOVANI DAS MERC\u00caS MUNHOZ<br>\u2060GIOVANA OLIVEIRA NUNES SOUZA<br>\u2060HELO\u00cdSA GASPARDO FOLQUITTO<br>IGOR GABRIEL BENATTI ALVES<br>\u2060ISADORA NOGUEIRA SALOM\u00c3O<br>\u2060JO\u00c3O PEDRO PETILE<br>JULIA GUIMAR\u00c3ES POMPEU<br>\u2060LARA FRASSON ARA\u00daJO<br>\u2060LARISSA RIBEIRO BURKLE<br>\u2060LAURA CARDOSO FONTES<br>\u2060LETHICIA MENDES NINO<br>\u2060LET\u00cdCIA DE OLIVEIRA FIGUEIREDO<br>\u2060LETICIA PALACIO DA SILVA<br>\u2060L\u00cdVIA ARA\u00daJO LIMA<br>\u2060LUCAS NASCIMENTO STRESSER<br>\u2060LU\u00cdZA MACHADO E CARDOSO<br>MARCOS ANT\u00d4NIO RIBEIRO DE LIMA PAULO<br>NATHALIA CRISTINA C\u00c2NDIDO DE REZENDE<br>\u2060PAOLA ZANIM MICHELAZZO<br>PEDRO HENRIQUE LUNA SOUZA<br>\u2060RENATA CAROLINE GON\u00c7ALVES<br>\u2060VICTOR MACEDO NELLESSEN<br>\u2060VITOR HUGO MESSIAS DA CRUZ<br>\u2060YASMIN MARCELA LUCENA DA SILVA<br>\u2060YOLANDA SIM\u00d5ES ORSI<\/p>\n\n\n\n<div style=\"height:20px\" aria-hidden=\"true\" class=\"wp-block-spacer\"><\/div>\n\n\n\n<p><strong>DOCENTES PARTICIPANTES<\/strong><\/p>\n\n\n\n<p>F\u00c1BIO NELSON GAVA<\/p>\n","protected":false},"excerpt":{"rendered":"<p>Cursos Inscritos Premiados 2025 Medicina Veterin\u00e1ria Resumo da A\u00e7\u00e3o: O Centro Acad\u00eamico (CAVET), junto da AAAMV 1\u00b0 de Abril, entidades do curso de Medicina Veterin\u00e1ria da UEL, arrecadaram mais de 200kg de ra\u00e7\u00e3o para a Ong Animalize, projeto comandado pela ex aluna e M\u00e9dica Veterin\u00e1ria Amanda Fantin, o qual promove campanhas de ado\u00e7\u00e3o de diversos [&hellip;]<\/p>\n","protected":false},"author":8,"featured_media":0,"parent":0,"menu_order":0,"comment_status":"closed","ping_status":"closed","template":"","meta":{"_acf_changed":false,"_themeisle_gutenberg_block_has_review":false,"footnotes":""},"class_list":["post-8181","page","type-page","status-publish","hentry"],"acf":[],"_links":{"self":[{"href":"https:\/\/sites.uel.br\/ser\/wp-json\/wp\/v2\/pages\/8181","targetHints":{"allow":["GET"]}}],"collection":[{"href":"https:\/\/sites.uel.br\/ser\/wp-json\/wp\/v2\/pages"}],"about":[{"href":"https:\/\/sites.uel.br\/ser\/wp-json\/wp\/v2\/types\/page"}],"author":[{"embeddable":true,"href":"https:\/\/sites.uel.br\/ser\/wp-json\/wp\/v2\/users\/8"}],"replies":[{"embeddable":true,"href":"https:\/\/sites.uel.br\/ser\/wp-json\/wp\/v2\/comments?post=8181"}],"version-history":[{"count":8,"href":"https:\/\/sites.uel.br\/ser\/wp-json\/wp\/v2\/pages\/8181\/revisions"}],"predecessor-version":[{"id":8641,"href":"https:\/\/sites.uel.br\/ser\/wp-json\/wp\/v2\/pages\/8181\/revisions\/8641"}],"wp:attachment":[{"href":"https:\/\/sites.uel.br\/ser\/wp-json\/wp\/v2\/media?parent=8181"}],"curies":[{"name":"wp","href":"https:\/\/api.w.org\/{rel}","templated":true}]}}

Prêmio Boas Práticas Solidárias na Recepção aos Estudantes Ingressantes

<hr class="wp-block-separator has-alpha-channel-opacity is-style-wide" />


<div class="wp-block-image">
<figure class="aligncenter size-full"><img loading="lazy" decoding="async" width="1279" height="510" src="https://sites.uel.br/ser/wp-content/uploads/2025/03/topo_ser_uel_2025.png" alt="" class="wp-image-7631" srcset="https://sites.uel.br/ser/wp-content/uploads/2025/03/topo_ser_uel_2025.png 1279w, https://sites.uel.br/ser/wp-content/uploads/2025/03/topo_ser_uel_2025-300x120.png 300w, https://sites.uel.br/ser/wp-content/uploads/2025/03/topo_ser_uel_2025-1024x408.png 1024w, https://sites.uel.br/ser/wp-content/uploads/2025/03/topo_ser_uel_2025-768x306.png 768w" sizes="auto, (max-width: 1279px) 100vw, 1279px" /></figure>
</div>


<h2 class="wp-block-heading">Cursos Inscritos Premiados</h2>



<h2 class="wp-block-heading">2025</h2>



<h2 class="wp-block-heading">Medicina Veterinária</h2>



<p><strong>Resumo da Ação:</strong></p>



<p>O Centro Acadêmico (CAVET), junto da AAAMV 1° de Abril, entidades do curso de Medicina Veterinária da UEL, arrecadaram mais de 200kg de ração para a Ong Animalize, projeto comandado pela ex aluna e Médica Veterinária Amanda Fantin, o qual promove campanhas de adoção de diversos animais resgatados. As duas entidades se organizaram para promover a campanha de arrecadação de ração entre os alunos de graduação, tanto pessoalmente quanto por meio de suas redes sociais, com o objetivo de apoiar diretamente o projeto Animalize a continuar resgatando animais.</p>



<p><em>Obs: texto confeccionado pelos estudantes de Graduação e/ou Coordenação do curso.</em></p>



<hr class="wp-block-separator has-text-color has-cinza-color has-css-opacity has-cinza-background-color has-background is-style-wide" />


<div class="wp-block-image">
<figure class="aligncenter size-large"><img decoding="async" src="https://sites.uel.br/ser/wp-content/uploads/imagens/2025/medicina_veterinaria/01-scaled.jpeg" alt="" /></figure>
</div>

<div class="wp-block-image">
<figure class="aligncenter size-large"><img decoding="async" src="https://sites.uel.br/ser/wp-content/uploads/imagens/2025/medicina_veterinaria/02.jpeg" alt="" /></figure>
</div>


<hr class="wp-block-separator has-text-color has-cinza-color has-css-opacity has-cinza-background-color has-background is-style-wide" />



<p><strong>ESTUDANTES PARTICIPANTES</strong></p>



<p>ANA CLARA QUEIROZ ARTONI<br>ANA LUIZA NANCI MOTA<br>⁠ANDRIELLY SAMPAIO PATRIOTA<br>⁠ANNA ARISSA TAKANOHASHI<br>⁠BRUNA MIYUKI NAKAHARA OGASSAWARA<br>CECILIA CORBACHO MACIEL<br>EDUARDO SOUZA CARRASCO<br>⁠ÉRIKA FERNANDA DA SILVA<br>⁠FELIPE CANTU BERTOL<br>⁠GEOVANI DAS MERCÊS MUNHOZ<br>⁠GIOVANA OLIVEIRA NUNES SOUZA<br>⁠HELOÍSA GASPARDO FOLQUITTO<br>IGOR GABRIEL BENATTI ALVES<br>⁠ISADORA NOGUEIRA SALOMÃO<br>⁠JOÃO PEDRO PETILE<br>JULIA GUIMARÃES POMPEU<br>⁠LARA FRASSON ARAÚJO<br>⁠LARISSA RIBEIRO BURKLE<br>⁠LAURA CARDOSO FONTES<br>⁠LETHICIA MENDES NINO<br>⁠LETÍCIA DE OLIVEIRA FIGUEIREDO<br>⁠LETICIA PALACIO DA SILVA<br>⁠LÍVIA ARAÚJO LIMA<br>⁠LUCAS NASCIMENTO STRESSER<br>⁠LUÍZA MACHADO E CARDOSO<br>MARCOS ANTÔNIO RIBEIRO DE LIMA PAULO<br>NATHALIA CRISTINA CÂNDIDO DE REZENDE<br>⁠PAOLA ZANIM MICHELAZZO<br>PEDRO HENRIQUE LUNA SOUZA<br>⁠RENATA CAROLINE GONÇALVES<br>⁠VICTOR MACEDO NELLESSEN<br>⁠VITOR HUGO MESSIAS DA CRUZ<br>⁠YASMIN MARCELA LUCENA DA SILVA<br>⁠YOLANDA SIMÕES ORSI</p>



<div style="height:20px" aria-hidden="true" class="wp-block-spacer"></div>



<p><strong>DOCENTES PARTICIPANTES</strong></p>



<p>FÁBIO NELSON GAVA</p>

<p>Cursos Inscritos Premiados 2025 Medicina Veterinária Resumo da Ação: O Centro Acadêmico (CAVET), junto da AAAMV 1° de Abril, entidades do curso de Medicina Veterinária da UEL, arrecadaram mais de 200kg de ração para a Ong Animalize, projeto comandado pela ex aluna e Médica Veterinária Amanda Fantin, o qual promove campanhas de adoção de diversos [&hellip;]</p>
