{"id":8180,"date":"2025-05-28T16:09:31","date_gmt":"2025-05-28T19:09:31","guid":{"rendered":"https:\/\/sites.uel.br\/ser\/?page_id=8180"},"modified":"2025-07-11T09:50:49","modified_gmt":"2025-07-11T12:50:49","slug":"premio-boas-praticas-na-recepcao-aos-estudantes-ingressantes-premiados-2025-matematica","status":"publish","type":"page","link":"https:\/\/sites.uel.br\/ser\/premio-boas-praticas-na-recepcao-aos-estudantes-ingressantes-premiados-2025-matematica\/","title":{"rendered":"Pr\u00eamio Boas Pr\u00e1ticas Solid\u00e1rias na Recep\u00e7\u00e3o aos Estudantes Ingressantes"},"content":{"rendered":"\n<hr class=\"wp-block-separator has-alpha-channel-opacity is-style-wide\" \/>\n\n\n<div class=\"wp-block-image\">\n<figure class=\"aligncenter size-full\"><img loading=\"lazy\" decoding=\"async\" width=\"1279\" height=\"510\" src=\"https:\/\/sites.uel.br\/ser\/wp-content\/uploads\/2025\/03\/topo_ser_uel_2025.png\" alt=\"\" class=\"wp-image-7631\" srcset=\"https:\/\/sites.uel.br\/ser\/wp-content\/uploads\/2025\/03\/topo_ser_uel_2025.png 1279w, https:\/\/sites.uel.br\/ser\/wp-content\/uploads\/2025\/03\/topo_ser_uel_2025-300x120.png 300w, https:\/\/sites.uel.br\/ser\/wp-content\/uploads\/2025\/03\/topo_ser_uel_2025-1024x408.png 1024w, https:\/\/sites.uel.br\/ser\/wp-content\/uploads\/2025\/03\/topo_ser_uel_2025-768x306.png 768w\" sizes=\"auto, (max-width: 1279px) 100vw, 1279px\" \/><\/figure>\n<\/div>\n\n\n<h2 class=\"wp-block-heading\">Cursos Inscritos Premiados<\/h2>\n\n\n\n<h2 class=\"wp-block-heading\">2025<\/h2>\n\n\n\n<h2 class=\"wp-block-heading\">Matem\u00e1tica<\/h2>\n\n\n\n<p><strong>Resumo da A\u00e7\u00e3o:<\/strong><\/p>\n\n\n\n<p>Foi Elaborado o Manual do Ingressante.<\/p>\n\n\n\n<p><em>Obs: texto confeccionado pelos estudantes de Gradua\u00e7\u00e3o e\/ou Coordena\u00e7\u00e3o do curso.<\/em><\/p>\n\n\n\n<hr class=\"wp-block-separator has-text-color has-cinza-color has-css-opacity has-cinza-background-color has-background is-style-wide\" \/>\n\n\n\n<figure class=\"wp-block-embed is-type-video is-provider-youtube wp-block-embed-youtube wp-embed-aspect-16-9 wp-has-aspect-ratio\"><div class=\"wp-block-embed__wrapper\">\n<iframe loading=\"lazy\" title=\"Pr\u00eamio Boas Pr\u00e1ticas Solid\u00e1rias na Semana do Estudante Ingressante 2025 (Matem\u00e1tica)\" width=\"500\" height=\"375\" src=\"https:\/\/www.youtube.com\/embed\/4GMYff4mfFQ?feature=oembed\" frameborder=\"0\" allow=\"accelerometer; autoplay; clipboard-write; encrypted-media; gyroscope; picture-in-picture; web-share\" referrerpolicy=\"strict-origin-when-cross-origin\" allowfullscreen><\/iframe>\n<\/div><\/figure>\n\n\n<div class=\"wp-block-image\">\n<figure class=\"aligncenter size-large\"><img decoding=\"async\" src=\"https:\/\/sites.uel.br\/ser\/wp-content\/uploads\/imagens\/2025\/matematica\/01.jpeg\" alt=\"\" \/><\/figure>\n<\/div>\n\n<div class=\"wp-block-image\">\n<figure class=\"aligncenter size-large\"><img decoding=\"async\" src=\"https:\/\/sites.uel.br\/ser\/wp-content\/uploads\/imagens\/2025\/matematica\/02.jpeg\" alt=\"\" \/><\/figure>\n<\/div>\n\n<div class=\"wp-block-image\">\n<figure class=\"aligncenter size-large\"><img decoding=\"async\" src=\"https:\/\/sites.uel.br\/ser\/wp-content\/uploads\/imagens\/2025\/matematica\/03.jpeg\" alt=\"\" \/><\/figure>\n<\/div>\n\n\n<hr class=\"wp-block-separator has-text-color has-cinza-color has-css-opacity has-cinza-background-color has-background is-style-wide\" \/>\n\n\n\n<p><strong>ESTUDANTES PARTICIPANTES<\/strong><\/p>\n\n\n\n<p>ABIGAIL DA COSTA OLIVEIRA<br>AYUMI YOSHIOKA PASCUETO<br>BENJAMIN SILVA HILE<br>EDUARDO HENRIQUE DE SANTANA<br>FELIPE MANCINI RAMOS<br>GHABRIEL GADD FERREIRA<br>JEFTHER GABRIEL CARDOSO DOMINGUES<br>JO\u00c3O ALEXANDRE ZAMBALDI GARCIA<br>LET\u00cdCIA MANANI TANIGUCHI<br>LUCAS QUEIROZ DALLOLIO<br>LUIS RAFAEL DE CARVALHO MOREIRA<br>MARIA HELOISA BATILANA COUXA DE FERRO<br>MIGUEL COSTENARO ANDRIELLI<br>PABLO MARCELO ARBOLEYA NOGUEIRA<br>PEDRO SANCHEZ BRANCO<br>PEDRO SILVA BUFALO<br>VICTOR LUCAS BATISTA DE AVILA<br>VITOR HUGO CAMPANH\u00c3 DE OLIVEIRA<\/p>\n\n\n\n<div style=\"height:20px\" aria-hidden=\"true\" class=\"wp-block-spacer\"><\/div>\n\n\n\n<p><strong>DOCENTES PARTICIPANTES<\/strong><\/p>\n\n\n\n<p>PAULO ANTONIO LIBONI FILHO<\/p>\n","protected":false},"excerpt":{"rendered":"<p>Cursos Inscritos Premiados 2025 Matem\u00e1tica Resumo da A\u00e7\u00e3o: Foi Elaborado o Manual do Ingressante. Obs: texto confeccionado pelos estudantes de Gradua\u00e7\u00e3o e\/ou Coordena\u00e7\u00e3o do curso. ESTUDANTES PARTICIPANTES ABIGAIL DA COSTA OLIVEIRAAYUMI YOSHIOKA PASCUETOBENJAMIN SILVA HILEEDUARDO HENRIQUE DE SANTANAFELIPE MANCINI RAMOSGHABRIEL GADD FERREIRAJEFTHER GABRIEL CARDOSO DOMINGUESJO\u00c3O ALEXANDRE ZAMBALDI GARCIALET\u00cdCIA MANANI TANIGUCHILUCAS QUEIROZ DALLOLIOLUIS RAFAEL DE CARVALHO [&hellip;]<\/p>\n","protected":false},"author":8,"featured_media":0,"parent":0,"menu_order":0,"comment_status":"closed","ping_status":"closed","template":"","meta":{"_acf_changed":false,"_themeisle_gutenberg_block_has_review":false,"footnotes":""},"class_list":["post-8180","page","type-page","status-publish","hentry"],"acf":[],"_links":{"self":[{"href":"https:\/\/sites.uel.br\/ser\/wp-json\/wp\/v2\/pages\/8180","targetHints":{"allow":["GET"]}}],"collection":[{"href":"https:\/\/sites.uel.br\/ser\/wp-json\/wp\/v2\/pages"}],"about":[{"href":"https:\/\/sites.uel.br\/ser\/wp-json\/wp\/v2\/types\/page"}],"author":[{"embeddable":true,"href":"https:\/\/sites.uel.br\/ser\/wp-json\/wp\/v2\/users\/8"}],"replies":[{"embeddable":true,"href":"https:\/\/sites.uel.br\/ser\/wp-json\/wp\/v2\/comments?post=8180"}],"version-history":[{"count":15,"href":"https:\/\/sites.uel.br\/ser\/wp-json\/wp\/v2\/pages\/8180\/revisions"}],"predecessor-version":[{"id":8640,"href":"https:\/\/sites.uel.br\/ser\/wp-json\/wp\/v2\/pages\/8180\/revisions\/8640"}],"wp:attachment":[{"href":"https:\/\/sites.uel.br\/ser\/wp-json\/wp\/v2\/media?parent=8180"}],"curies":[{"name":"wp","href":"https:\/\/api.w.org\/{rel}","templated":true}]}}

Prêmio Boas Práticas Solidárias na Recepção aos Estudantes Ingressantes

<hr class="wp-block-separator has-alpha-channel-opacity is-style-wide" />


<div class="wp-block-image">
<figure class="aligncenter size-full"><img loading="lazy" decoding="async" width="1279" height="510" src="https://sites.uel.br/ser/wp-content/uploads/2025/03/topo_ser_uel_2025.png" alt="" class="wp-image-7631" srcset="https://sites.uel.br/ser/wp-content/uploads/2025/03/topo_ser_uel_2025.png 1279w, https://sites.uel.br/ser/wp-content/uploads/2025/03/topo_ser_uel_2025-300x120.png 300w, https://sites.uel.br/ser/wp-content/uploads/2025/03/topo_ser_uel_2025-1024x408.png 1024w, https://sites.uel.br/ser/wp-content/uploads/2025/03/topo_ser_uel_2025-768x306.png 768w" sizes="auto, (max-width: 1279px) 100vw, 1279px" /></figure>
</div>


<h2 class="wp-block-heading">Cursos Inscritos Premiados</h2>



<h2 class="wp-block-heading">2025</h2>



<h2 class="wp-block-heading">Matemática</h2>



<p><strong>Resumo da Ação:</strong></p>



<p>Foi Elaborado o Manual do Ingressante.</p>



<p><em>Obs: texto confeccionado pelos estudantes de Graduação e/ou Coordenação do curso.</em></p>



<hr class="wp-block-separator has-text-color has-cinza-color has-css-opacity has-cinza-background-color has-background is-style-wide" />



<figure class="wp-block-embed is-type-video is-provider-youtube wp-block-embed-youtube wp-embed-aspect-16-9 wp-has-aspect-ratio"><div class="wp-block-embed__wrapper">
<iframe loading="lazy" title="Prêmio Boas Práticas Solidárias na Semana do Estudante Ingressante 2025 (Matemática)" width="500" height="375" src="https://www.youtube.com/embed/4GMYff4mfFQ?feature=oembed" frameborder="0" allow="accelerometer; autoplay; clipboard-write; encrypted-media; gyroscope; picture-in-picture; web-share" referrerpolicy="strict-origin-when-cross-origin" allowfullscreen></iframe>
</div></figure>


<div class="wp-block-image">
<figure class="aligncenter size-large"><img decoding="async" src="https://sites.uel.br/ser/wp-content/uploads/imagens/2025/matematica/01.jpeg" alt="" /></figure>
</div>

<div class="wp-block-image">
<figure class="aligncenter size-large"><img decoding="async" src="https://sites.uel.br/ser/wp-content/uploads/imagens/2025/matematica/02.jpeg" alt="" /></figure>
</div>

<div class="wp-block-image">
<figure class="aligncenter size-large"><img decoding="async" src="https://sites.uel.br/ser/wp-content/uploads/imagens/2025/matematica/03.jpeg" alt="" /></figure>
</div>


<hr class="wp-block-separator has-text-color has-cinza-color has-css-opacity has-cinza-background-color has-background is-style-wide" />



<p><strong>ESTUDANTES PARTICIPANTES</strong></p>



<p>ABIGAIL DA COSTA OLIVEIRA<br>AYUMI YOSHIOKA PASCUETO<br>BENJAMIN SILVA HILE<br>EDUARDO HENRIQUE DE SANTANA<br>FELIPE MANCINI RAMOS<br>GHABRIEL GADD FERREIRA<br>JEFTHER GABRIEL CARDOSO DOMINGUES<br>JOÃO ALEXANDRE ZAMBALDI GARCIA<br>LETÍCIA MANANI TANIGUCHI<br>LUCAS QUEIROZ DALLOLIO<br>LUIS RAFAEL DE CARVALHO MOREIRA<br>MARIA HELOISA BATILANA COUXA DE FERRO<br>MIGUEL COSTENARO ANDRIELLI<br>PABLO MARCELO ARBOLEYA NOGUEIRA<br>PEDRO SANCHEZ BRANCO<br>PEDRO SILVA BUFALO<br>VICTOR LUCAS BATISTA DE AVILA<br>VITOR HUGO CAMPANHÃ DE OLIVEIRA</p>



<div style="height:20px" aria-hidden="true" class="wp-block-spacer"></div>



<p><strong>DOCENTES PARTICIPANTES</strong></p>



<p>PAULO ANTONIO LIBONI FILHO</p>

<p>Cursos Inscritos Premiados 2025 Matemática Resumo da Ação: Foi Elaborado o Manual do Ingressante. Obs: texto confeccionado pelos estudantes de Graduação e/ou Coordenação do curso. ESTUDANTES PARTICIPANTES ABIGAIL DA COSTA OLIVEIRAAYUMI YOSHIOKA PASCUETOBENJAMIN SILVA HILEEDUARDO HENRIQUE DE SANTANAFELIPE MANCINI RAMOSGHABRIEL GADD FERREIRAJEFTHER GABRIEL CARDOSO DOMINGUESJOÃO ALEXANDRE ZAMBALDI GARCIALETÍCIA MANANI TANIGUCHILUCAS QUEIROZ DALLOLIOLUIS RAFAEL DE CARVALHO [&hellip;]</p>
