{"id":8179,"date":"2025-05-28T16:09:29","date_gmt":"2025-05-28T19:09:29","guid":{"rendered":"https:\/\/sites.uel.br\/ser\/?page_id=8179"},"modified":"2025-07-11T09:50:45","modified_gmt":"2025-07-11T12:50:45","slug":"premio-boas-praticas-na-recepcao-aos-estudantes-ingressantes-premiados-2025-geografia","status":"publish","type":"page","link":"https:\/\/sites.uel.br\/ser\/premio-boas-praticas-na-recepcao-aos-estudantes-ingressantes-premiados-2025-geografia\/","title":{"rendered":"Pr\u00eamio Boas Pr\u00e1ticas Solid\u00e1rias na Recep\u00e7\u00e3o aos Estudantes Ingressantes"},"content":{"rendered":"\n<hr class=\"wp-block-separator has-alpha-channel-opacity is-style-wide\" \/>\n\n\n<div class=\"wp-block-image\">\n<figure class=\"aligncenter size-full\"><img loading=\"lazy\" decoding=\"async\" width=\"1279\" height=\"510\" src=\"https:\/\/sites.uel.br\/ser\/wp-content\/uploads\/2025\/03\/topo_ser_uel_2025.png\" alt=\"\" class=\"wp-image-7631\" srcset=\"https:\/\/sites.uel.br\/ser\/wp-content\/uploads\/2025\/03\/topo_ser_uel_2025.png 1279w, https:\/\/sites.uel.br\/ser\/wp-content\/uploads\/2025\/03\/topo_ser_uel_2025-300x120.png 300w, https:\/\/sites.uel.br\/ser\/wp-content\/uploads\/2025\/03\/topo_ser_uel_2025-1024x408.png 1024w, https:\/\/sites.uel.br\/ser\/wp-content\/uploads\/2025\/03\/topo_ser_uel_2025-768x306.png 768w\" sizes=\"auto, (max-width: 1279px) 100vw, 1279px\" \/><\/figure>\n<\/div>\n\n\n<h2 class=\"wp-block-heading\">Cursos Inscritos Premiados<\/h2>\n\n\n\n<h2 class=\"wp-block-heading\">2025<\/h2>\n\n\n\n<h2 class=\"wp-block-heading\">Geografia<\/h2>\n\n\n\n<p><strong>Resumo da A\u00e7\u00e3o:<\/strong><\/p>\n\n\n\n<p>As atividades de boas-pr\u00e1ticas levou em considera\u00e7\u00e3o as a\u00e7\u00f5es desenvolvidas pelo Projeto de Extens\u00e3o &#8211; Grades em Transgress\u00e3o &#8211; que desenvolvem atividades na Cadeia P\u00fablica de Santo Ant\u00f4nio da Platina\/Pr. Dessa forma, levando em considera\u00e7\u00e3o que as mulheres em priva\u00e7\u00e3o de liberdade n\u00e3o tem acesso a doces e que a P\u00e1scoa estava na programa\u00e7\u00e3o das a\u00e7\u00f5es referente ao projeto, tomou-se a decis\u00e3o de levar essa informa\u00e7\u00e3o as Coordenadoras do Colegiado do Curso de Geografia, a fim de que se adotassem as mulheres em priva\u00e7\u00e3o com doa\u00e7\u00f5es de barras de chocolates para a Campanha. Foi uma verdadeira mobiliza\u00e7\u00e3o dentro do curso de Geografia e fora ele tamb\u00e9m. Precis\u00e1vamos arrecar 130 barras, e o objetivo foi atingido. No dia 23\/04 as mulheres em priva\u00e7\u00e3o receberam as doa\u00e7\u00f5es e cada um recebeu uma barra de chocolate. Foi gratificante v\u00ea-las felizes por receberem as barras e serem lembradas na P\u00e1scoa, visto que nem todas recebem visitas dos familiares e muito menos doces. em espa\u00e7os de exclus\u00e3o, pequenos gestos podem reacender dignidades esquecidas! Nesta P\u00e1scoa Solid\u00e1ria, 130 mulheres privadas de liberdade receberam mais do que chocolate: foi um lembrete de que s\u00e3o vistas, lembradas e respeitadas. Que a luta por direitos humanos ultrapasse muros e grades, e que nunca percamos a coragem de semear afeto onde tentam semear esquecimento!<\/p>\n\n\n\n<p><em>Obs: texto confeccionado pelos estudantes de Gradua\u00e7\u00e3o e\/ou Coordena\u00e7\u00e3o do curso.<\/em><\/p>\n\n\n\n<hr class=\"wp-block-separator has-text-color has-cinza-color has-css-opacity has-cinza-background-color has-background is-style-wide\" \/>\n\n\n\n<figure class=\"wp-block-embed is-type-video is-provider-youtube wp-block-embed-youtube wp-embed-aspect-16-9 wp-has-aspect-ratio\"><div class=\"wp-block-embed__wrapper\">\n<iframe loading=\"lazy\" title=\"Pr\u00eamio Boas Pr\u00e1ticas Solid\u00e1rias na Semana do Estudante Ingressante 2025 (Geografia)\" width=\"500\" height=\"281\" src=\"https:\/\/www.youtube.com\/embed\/d9W0RbqdCqc?feature=oembed\" frameborder=\"0\" allow=\"accelerometer; autoplay; clipboard-write; encrypted-media; gyroscope; picture-in-picture; web-share\" referrerpolicy=\"strict-origin-when-cross-origin\" allowfullscreen><\/iframe>\n<\/div><\/figure>\n\n\n<div class=\"wp-block-image\">\n<figure class=\"aligncenter size-large\"><img decoding=\"async\" src=\"https:\/\/sites.uel.br\/ser\/wp-content\/uploads\/imagens\/2025\/geografia\/01.jpeg\" alt=\"\" \/><\/figure>\n<\/div>\n\n<div class=\"wp-block-image\">\n<figure class=\"aligncenter size-large\"><img decoding=\"async\" src=\"https:\/\/sites.uel.br\/ser\/wp-content\/uploads\/imagens\/2025\/geografia\/02.jpeg\" alt=\"\" \/><\/figure>\n<\/div>\n\n<div class=\"wp-block-image\">\n<figure class=\"aligncenter size-large\"><img decoding=\"async\" src=\"https:\/\/sites.uel.br\/ser\/wp-content\/uploads\/imagens\/2025\/geografia\/03.jpeg\" alt=\"\" \/><\/figure>\n<\/div>\n\n<div class=\"wp-block-image\">\n<figure class=\"aligncenter size-large\"><img decoding=\"async\" src=\"https:\/\/sites.uel.br\/ser\/wp-content\/uploads\/imagens\/2025\/geografia\/04.jpeg\" alt=\"\" \/><\/figure>\n<\/div>\n\n<div class=\"wp-block-image\">\n<figure class=\"aligncenter size-large\"><img decoding=\"async\" src=\"https:\/\/sites.uel.br\/ser\/wp-content\/uploads\/imagens\/2025\/geografia\/05.jpeg\" alt=\"\" \/><\/figure>\n<\/div>\n\n<div class=\"wp-block-image\">\n<figure class=\"aligncenter size-large\"><img decoding=\"async\" src=\"https:\/\/sites.uel.br\/ser\/wp-content\/uploads\/imagens\/2025\/geografia\/06.jpeg\" alt=\"\" \/><\/figure>\n<\/div>\n\n\n<hr class=\"wp-block-separator has-text-color has-cinza-color has-css-opacity has-cinza-background-color has-background is-style-wide\" \/>\n\n\n\n<p><strong>ESTUDANTES PARTICIPANTES<\/strong><\/p>\n\n\n\n<p>ANA BEATRIZ LACERDA DA SILVA<br>ANA LAURA CAMPOS DOS SANTOS<br>BRUNA&nbsp; GABRIELLA CUNHA DE BEM<br>CAMILA DAN\u00daBIA COLENET RODRIGUES<br>CAROLINE DE OLIVEIRA COSTA<br>FELIPE DAMASIO COELHO<br>FERNANDA DE OLIVEIRA DA SILVA<br>GABRIEL GALLO KAVABATA DE QUEIROZ<br>GIULIA ROBERTA CODATO GAVA SANTOS<br>GL\u00d3RIA FIAMMA SOLER<br>ISADORA FRANCISCA MOURA DOI<br>JHON LUCAS<br>JULIANA MARCELY GRAVENA<br>LYDI BARBIERI DA SILVA<br>RAUL MOURA GUIMAR\u00c3ES PENA<br>SARAH ISABELE SANTOS NEVES<br>TAMIRIS DE CARVALHO FERREIRA<br>THAIS CHRISTINE DE OLIVEIRA DA SILVA<br>THEO GOULART TAVARES<\/p>\n\n\n\n<div style=\"height:20px\" aria-hidden=\"true\" class=\"wp-block-spacer\"><\/div>\n\n\n\n<p><strong>DOCENTES PARTICIPANTES<\/strong><\/p>\n\n\n\n<p>JAQUELINE TELMA VERCEZI<br>JEANI DELGADO PASCHOAL MOURA<br>MARCIEL LOHMANN<br>MARGARIDA DE CASSIA CAMPOS<\/p>\n","protected":false},"excerpt":{"rendered":"<p>Cursos Inscritos Premiados 2025 Geografia Resumo da A\u00e7\u00e3o: As atividades de boas-pr\u00e1ticas levou em considera\u00e7\u00e3o as a\u00e7\u00f5es desenvolvidas pelo Projeto de Extens\u00e3o &#8211; Grades em Transgress\u00e3o &#8211; que desenvolvem atividades na Cadeia P\u00fablica de Santo Ant\u00f4nio da Platina\/Pr. Dessa forma, levando em considera\u00e7\u00e3o que as mulheres em priva\u00e7\u00e3o de liberdade n\u00e3o tem acesso a doces [&hellip;]<\/p>\n","protected":false},"author":8,"featured_media":0,"parent":0,"menu_order":0,"comment_status":"closed","ping_status":"closed","template":"","meta":{"_acf_changed":false,"_themeisle_gutenberg_block_has_review":false,"footnotes":""},"class_list":["post-8179","page","type-page","status-publish","hentry"],"acf":[],"_links":{"self":[{"href":"https:\/\/sites.uel.br\/ser\/wp-json\/wp\/v2\/pages\/8179","targetHints":{"allow":["GET"]}}],"collection":[{"href":"https:\/\/sites.uel.br\/ser\/wp-json\/wp\/v2\/pages"}],"about":[{"href":"https:\/\/sites.uel.br\/ser\/wp-json\/wp\/v2\/types\/page"}],"author":[{"embeddable":true,"href":"https:\/\/sites.uel.br\/ser\/wp-json\/wp\/v2\/users\/8"}],"replies":[{"embeddable":true,"href":"https:\/\/sites.uel.br\/ser\/wp-json\/wp\/v2\/comments?post=8179"}],"version-history":[{"count":9,"href":"https:\/\/sites.uel.br\/ser\/wp-json\/wp\/v2\/pages\/8179\/revisions"}],"predecessor-version":[{"id":8639,"href":"https:\/\/sites.uel.br\/ser\/wp-json\/wp\/v2\/pages\/8179\/revisions\/8639"}],"wp:attachment":[{"href":"https:\/\/sites.uel.br\/ser\/wp-json\/wp\/v2\/media?parent=8179"}],"curies":[{"name":"wp","href":"https:\/\/api.w.org\/{rel}","templated":true}]}}

Prêmio Boas Práticas Solidárias na Recepção aos Estudantes Ingressantes

<hr class="wp-block-separator has-alpha-channel-opacity is-style-wide" />


<div class="wp-block-image">
<figure class="aligncenter size-full"><img loading="lazy" decoding="async" width="1279" height="510" src="https://sites.uel.br/ser/wp-content/uploads/2025/03/topo_ser_uel_2025.png" alt="" class="wp-image-7631" srcset="https://sites.uel.br/ser/wp-content/uploads/2025/03/topo_ser_uel_2025.png 1279w, https://sites.uel.br/ser/wp-content/uploads/2025/03/topo_ser_uel_2025-300x120.png 300w, https://sites.uel.br/ser/wp-content/uploads/2025/03/topo_ser_uel_2025-1024x408.png 1024w, https://sites.uel.br/ser/wp-content/uploads/2025/03/topo_ser_uel_2025-768x306.png 768w" sizes="auto, (max-width: 1279px) 100vw, 1279px" /></figure>
</div>


<h2 class="wp-block-heading">Cursos Inscritos Premiados</h2>



<h2 class="wp-block-heading">2025</h2>



<h2 class="wp-block-heading">Geografia</h2>



<p><strong>Resumo da Ação:</strong></p>



<p>As atividades de boas-práticas levou em consideração as ações desenvolvidas pelo Projeto de Extensão &#8211; Grades em Transgressão &#8211; que desenvolvem atividades na Cadeia Pública de Santo Antônio da Platina/Pr. Dessa forma, levando em consideração que as mulheres em privação de liberdade não tem acesso a doces e que a Páscoa estava na programação das ações referente ao projeto, tomou-se a decisão de levar essa informação as Coordenadoras do Colegiado do Curso de Geografia, a fim de que se adotassem as mulheres em privação com doações de barras de chocolates para a Campanha. Foi uma verdadeira mobilização dentro do curso de Geografia e fora ele também. Precisávamos arrecar 130 barras, e o objetivo foi atingido. No dia 23/04 as mulheres em privação receberam as doações e cada um recebeu uma barra de chocolate. Foi gratificante vê-las felizes por receberem as barras e serem lembradas na Páscoa, visto que nem todas recebem visitas dos familiares e muito menos doces. em espaços de exclusão, pequenos gestos podem reacender dignidades esquecidas! Nesta Páscoa Solidária, 130 mulheres privadas de liberdade receberam mais do que chocolate: foi um lembrete de que são vistas, lembradas e respeitadas. Que a luta por direitos humanos ultrapasse muros e grades, e que nunca percamos a coragem de semear afeto onde tentam semear esquecimento!</p>



<p><em>Obs: texto confeccionado pelos estudantes de Graduação e/ou Coordenação do curso.</em></p>



<hr class="wp-block-separator has-text-color has-cinza-color has-css-opacity has-cinza-background-color has-background is-style-wide" />



<figure class="wp-block-embed is-type-video is-provider-youtube wp-block-embed-youtube wp-embed-aspect-16-9 wp-has-aspect-ratio"><div class="wp-block-embed__wrapper">
<iframe loading="lazy" title="Prêmio Boas Práticas Solidárias na Semana do Estudante Ingressante 2025 (Geografia)" width="500" height="281" src="https://www.youtube.com/embed/d9W0RbqdCqc?feature=oembed" frameborder="0" allow="accelerometer; autoplay; clipboard-write; encrypted-media; gyroscope; picture-in-picture; web-share" referrerpolicy="strict-origin-when-cross-origin" allowfullscreen></iframe>
</div></figure>


<div class="wp-block-image">
<figure class="aligncenter size-large"><img decoding="async" src="https://sites.uel.br/ser/wp-content/uploads/imagens/2025/geografia/01.jpeg" alt="" /></figure>
</div>

<div class="wp-block-image">
<figure class="aligncenter size-large"><img decoding="async" src="https://sites.uel.br/ser/wp-content/uploads/imagens/2025/geografia/02.jpeg" alt="" /></figure>
</div>

<div class="wp-block-image">
<figure class="aligncenter size-large"><img decoding="async" src="https://sites.uel.br/ser/wp-content/uploads/imagens/2025/geografia/03.jpeg" alt="" /></figure>
</div>

<div class="wp-block-image">
<figure class="aligncenter size-large"><img decoding="async" src="https://sites.uel.br/ser/wp-content/uploads/imagens/2025/geografia/04.jpeg" alt="" /></figure>
</div>

<div class="wp-block-image">
<figure class="aligncenter size-large"><img decoding="async" src="https://sites.uel.br/ser/wp-content/uploads/imagens/2025/geografia/05.jpeg" alt="" /></figure>
</div>

<div class="wp-block-image">
<figure class="aligncenter size-large"><img decoding="async" src="https://sites.uel.br/ser/wp-content/uploads/imagens/2025/geografia/06.jpeg" alt="" /></figure>
</div>


<hr class="wp-block-separator has-text-color has-cinza-color has-css-opacity has-cinza-background-color has-background is-style-wide" />



<p><strong>ESTUDANTES PARTICIPANTES</strong></p>



<p>ANA BEATRIZ LACERDA DA SILVA<br>ANA LAURA CAMPOS DOS SANTOS<br>BRUNA&nbsp; GABRIELLA CUNHA DE BEM<br>CAMILA DANÚBIA COLENET RODRIGUES<br>CAROLINE DE OLIVEIRA COSTA<br>FELIPE DAMASIO COELHO<br>FERNANDA DE OLIVEIRA DA SILVA<br>GABRIEL GALLO KAVABATA DE QUEIROZ<br>GIULIA ROBERTA CODATO GAVA SANTOS<br>GLÓRIA FIAMMA SOLER<br>ISADORA FRANCISCA MOURA DOI<br>JHON LUCAS<br>JULIANA MARCELY GRAVENA<br>LYDI BARBIERI DA SILVA<br>RAUL MOURA GUIMARÃES PENA<br>SARAH ISABELE SANTOS NEVES<br>TAMIRIS DE CARVALHO FERREIRA<br>THAIS CHRISTINE DE OLIVEIRA DA SILVA<br>THEO GOULART TAVARES</p>



<div style="height:20px" aria-hidden="true" class="wp-block-spacer"></div>



<p><strong>DOCENTES PARTICIPANTES</strong></p>



<p>JAQUELINE TELMA VERCEZI<br>JEANI DELGADO PASCHOAL MOURA<br>MARCIEL LOHMANN<br>MARGARIDA DE CASSIA CAMPOS</p>

<p>Cursos Inscritos Premiados 2025 Geografia Resumo da Ação: As atividades de boas-práticas levou em consideração as ações desenvolvidas pelo Projeto de Extensão &#8211; Grades em Transgressão &#8211; que desenvolvem atividades na Cadeia Pública de Santo Antônio da Platina/Pr. Dessa forma, levando em consideração que as mulheres em privação de liberdade não tem acesso a doces [&hellip;]</p>
