{"id":8177,"date":"2025-05-28T16:09:25","date_gmt":"2025-05-28T19:09:25","guid":{"rendered":"https:\/\/sites.uel.br\/ser\/?page_id=8177"},"modified":"2025-07-11T09:50:37","modified_gmt":"2025-07-11T12:50:37","slug":"premio-boas-praticas-na-recepcao-aos-estudantes-ingressantes-premiados-2025-enfermagem-farmacia","status":"publish","type":"page","link":"https:\/\/sites.uel.br\/ser\/premio-boas-praticas-na-recepcao-aos-estudantes-ingressantes-premiados-2025-enfermagem-farmacia\/","title":{"rendered":"Pr\u00eamio Boas Pr\u00e1ticas Solid\u00e1rias na Recep\u00e7\u00e3o aos Estudantes Ingressantes"},"content":{"rendered":"\n<hr class=\"wp-block-separator has-alpha-channel-opacity is-style-wide\" \/>\n\n\n<div class=\"wp-block-image\">\n<figure class=\"aligncenter size-full\"><img loading=\"lazy\" decoding=\"async\" width=\"1279\" height=\"510\" src=\"https:\/\/sites.uel.br\/ser\/wp-content\/uploads\/2025\/03\/topo_ser_uel_2025.png\" alt=\"\" class=\"wp-image-7631\" srcset=\"https:\/\/sites.uel.br\/ser\/wp-content\/uploads\/2025\/03\/topo_ser_uel_2025.png 1279w, https:\/\/sites.uel.br\/ser\/wp-content\/uploads\/2025\/03\/topo_ser_uel_2025-300x120.png 300w, https:\/\/sites.uel.br\/ser\/wp-content\/uploads\/2025\/03\/topo_ser_uel_2025-1024x408.png 1024w, https:\/\/sites.uel.br\/ser\/wp-content\/uploads\/2025\/03\/topo_ser_uel_2025-768x306.png 768w\" sizes=\"auto, (max-width: 1279px) 100vw, 1279px\" \/><\/figure>\n<\/div>\n\n\n<h2 class=\"wp-block-heading\">Cursos Inscritos Premiados<\/h2>\n\n\n\n<h2 class=\"wp-block-heading\">2025<\/h2>\n\n\n\n<h2 class=\"wp-block-heading\">Enfermagem e Farm\u00e1cia<\/h2>\n\n\n\n<p><strong>Resumo da A\u00e7\u00e3o:<\/strong><\/p>\n\n\n\n<p>Trote Solid\u00e1rio da Farm\u00e1cia e Enfermagem da UEL: Alegria para Crian\u00e7as Hospitalizadas<\/p>\n\n\n\n<p>Os calouros dos cursos de Farm\u00e1cia e Enfermagem da UEL foram recebidos com um trote solid\u00e1rio cheio de significado! Em vez de atividades convencionais, organizamos uma campanha para arrecadar brinquedos, l\u00e1pis de cor e outros itens que pudessem levar alegria \u00e0s crian\u00e7as internadas no Hospital Universit\u00e1rio.<\/p>\n\n\n\n<p>A iniciativa uniu veteranos e novos alunos em um gesto de empatia e cuidado, refor\u00e7ando o compromisso da \u00e1rea da sa\u00fade com o bem-estar das pessoas. Al\u00e9m de integrar os estudantes, o trote transformou-se em uma a\u00e7\u00e3o concreta de solidariedade, deixando um impacto positivo na vida de quem mais precisa. \ud83d\udc99<\/p>\n\n\n\n<p><em>Obs: texto confeccionado pelos estudantes de Gradua\u00e7\u00e3o e\/ou Coordena\u00e7\u00e3o do curso.<\/em><\/p>\n\n\n\n<hr class=\"wp-block-separator has-text-color has-cinza-color has-css-opacity has-cinza-background-color has-background is-style-wide\" \/>\n\n\n\n<figure class=\"wp-block-embed is-type-video is-provider-youtube wp-block-embed-youtube wp-embed-aspect-16-9 wp-has-aspect-ratio\"><div class=\"wp-block-embed__wrapper\">\n<iframe loading=\"lazy\" title=\"Pr\u00eamio Boas Pr\u00e1ticas Solid\u00e1rias na Semana do Estudante Ingressante 2025 (Enfermagem e Farm\u00e1cia)\" width=\"500\" height=\"281\" src=\"https:\/\/www.youtube.com\/embed\/ChKBYlL7_3w?feature=oembed\" frameborder=\"0\" allow=\"accelerometer; autoplay; clipboard-write; encrypted-media; gyroscope; picture-in-picture; web-share\" referrerpolicy=\"strict-origin-when-cross-origin\" allowfullscreen><\/iframe>\n<\/div><\/figure>\n\n\n<div class=\"wp-block-image\">\n<figure class=\"aligncenter size-large\"><img decoding=\"async\" src=\"https:\/\/sites.uel.br\/ser\/wp-content\/uploads\/imagens\/2025\/enfermagem_farmacia\/01.jpeg\" alt=\"\" \/><\/figure>\n<\/div>\n\n<div class=\"wp-block-image\">\n<figure class=\"aligncenter size-large\"><img decoding=\"async\" src=\"https:\/\/sites.uel.br\/ser\/wp-content\/uploads\/imagens\/2025\/enfermagem_farmacia\/02.jpeg\" alt=\"\" \/><\/figure>\n<\/div>\n\n\n<hr class=\"wp-block-separator has-text-color has-cinza-color has-css-opacity has-cinza-background-color has-background is-style-wide\" \/>\n\n\n\n<p><strong>ESTUDANTES PARTICIPANTES<\/strong><\/p>\n\n\n\n<p><strong>ENFERMAGEM<\/strong><\/p>\n\n\n\n<p>CINTIA KAORI SATO<br>LET\u00cdCIA CONDE ALVES<br>MARCO AUR\u00c9LIO DA SILVA<br>MARIA GABRIELA PEREIRA<br>RODRIGO DE PAULA DUTRA<\/p>\n\n\n\n<p><strong>FARM\u00c1CIA<\/strong><\/p>\n\n\n\n<p>ANA JULIA DE SIQUEIRA PIRES<br>ANA LU\u00cdSA MONTEIRO SANTANA<br>BEATRIZ TORELLI<br>BRUNA RAVANEDA DE ANTONIO<br>EDGAR GOIS HIDALGO<br>ELOISA BREHMER<br>GABRIELA SANTOS MARCELINO<br>GRASIELE DE OLIVEIRA MOURA<br>ISABELA POLTRONIER ARCANJO DE ARAUJO<br>LAURA VENDRAME MONTI<br>LUIZ MIGUEL SOLDERA RIBEIRO<br>MARIA GABRIELA BRITO<br>MARIA LUIZA LEME<br>MARINA SILVA VARRASCHIM<br>NATALIA DE JESUS BARBOSA<br>NATHALIA TAUANE WICHASKI MAIER<br>NICOLI DE OLIVEIRA ALMEIDA<br>PEDRO HENRIQUE DE AMORIM ELIAS<br>PEDRO MATIAS ULIANA<br>RAFAELA RAINHO RIBEIRO<br>VIT\u00d3RIA MATOS TOTIS<\/p>\n\n\n\n<div style=\"height:20px\" aria-hidden=\"true\" class=\"wp-block-spacer\"><\/div>\n\n\n\n<p><strong>DOCENTES PARTICIPANTES<\/strong><\/p>\n\n\n\n<p>ROS\u00c2NGELA PIMENTA (ENFERMAGEM)<br>TIAGO SEVERO PEIXE (FARM\u00c1CIA)<\/p>\n","protected":false},"excerpt":{"rendered":"<p>Cursos Inscritos Premiados 2025 Enfermagem e Farm\u00e1cia Resumo da A\u00e7\u00e3o: Trote Solid\u00e1rio da Farm\u00e1cia e Enfermagem da UEL: Alegria para Crian\u00e7as Hospitalizadas Os calouros dos cursos de Farm\u00e1cia e Enfermagem da UEL foram recebidos com um trote solid\u00e1rio cheio de significado! Em vez de atividades convencionais, organizamos uma campanha para arrecadar brinquedos, l\u00e1pis de cor [&hellip;]<\/p>\n","protected":false},"author":8,"featured_media":0,"parent":0,"menu_order":0,"comment_status":"closed","ping_status":"closed","template":"","meta":{"_acf_changed":false,"_themeisle_gutenberg_block_has_review":false,"footnotes":""},"class_list":["post-8177","page","type-page","status-publish","hentry"],"acf":[],"_links":{"self":[{"href":"https:\/\/sites.uel.br\/ser\/wp-json\/wp\/v2\/pages\/8177","targetHints":{"allow":["GET"]}}],"collection":[{"href":"https:\/\/sites.uel.br\/ser\/wp-json\/wp\/v2\/pages"}],"about":[{"href":"https:\/\/sites.uel.br\/ser\/wp-json\/wp\/v2\/types\/page"}],"author":[{"embeddable":true,"href":"https:\/\/sites.uel.br\/ser\/wp-json\/wp\/v2\/users\/8"}],"replies":[{"embeddable":true,"href":"https:\/\/sites.uel.br\/ser\/wp-json\/wp\/v2\/comments?post=8177"}],"version-history":[{"count":14,"href":"https:\/\/sites.uel.br\/ser\/wp-json\/wp\/v2\/pages\/8177\/revisions"}],"predecessor-version":[{"id":8637,"href":"https:\/\/sites.uel.br\/ser\/wp-json\/wp\/v2\/pages\/8177\/revisions\/8637"}],"wp:attachment":[{"href":"https:\/\/sites.uel.br\/ser\/wp-json\/wp\/v2\/media?parent=8177"}],"curies":[{"name":"wp","href":"https:\/\/api.w.org\/{rel}","templated":true}]}}

Prêmio Boas Práticas Solidárias na Recepção aos Estudantes Ingressantes

<hr class="wp-block-separator has-alpha-channel-opacity is-style-wide" />


<div class="wp-block-image">
<figure class="aligncenter size-full"><img loading="lazy" decoding="async" width="1279" height="510" src="https://sites.uel.br/ser/wp-content/uploads/2025/03/topo_ser_uel_2025.png" alt="" class="wp-image-7631" srcset="https://sites.uel.br/ser/wp-content/uploads/2025/03/topo_ser_uel_2025.png 1279w, https://sites.uel.br/ser/wp-content/uploads/2025/03/topo_ser_uel_2025-300x120.png 300w, https://sites.uel.br/ser/wp-content/uploads/2025/03/topo_ser_uel_2025-1024x408.png 1024w, https://sites.uel.br/ser/wp-content/uploads/2025/03/topo_ser_uel_2025-768x306.png 768w" sizes="auto, (max-width: 1279px) 100vw, 1279px" /></figure>
</div>


<h2 class="wp-block-heading">Cursos Inscritos Premiados</h2>



<h2 class="wp-block-heading">2025</h2>



<h2 class="wp-block-heading">Enfermagem e Farmácia</h2>



<p><strong>Resumo da Ação:</strong></p>



<p>Trote Solidário da Farmácia e Enfermagem da UEL: Alegria para Crianças Hospitalizadas</p>



<p>Os calouros dos cursos de Farmácia e Enfermagem da UEL foram recebidos com um trote solidário cheio de significado! Em vez de atividades convencionais, organizamos uma campanha para arrecadar brinquedos, lápis de cor e outros itens que pudessem levar alegria às crianças internadas no Hospital Universitário.</p>



<p>A iniciativa uniu veteranos e novos alunos em um gesto de empatia e cuidado, reforçando o compromisso da área da saúde com o bem-estar das pessoas. Além de integrar os estudantes, o trote transformou-se em uma ação concreta de solidariedade, deixando um impacto positivo na vida de quem mais precisa. 💙</p>



<p><em>Obs: texto confeccionado pelos estudantes de Graduação e/ou Coordenação do curso.</em></p>



<hr class="wp-block-separator has-text-color has-cinza-color has-css-opacity has-cinza-background-color has-background is-style-wide" />



<figure class="wp-block-embed is-type-video is-provider-youtube wp-block-embed-youtube wp-embed-aspect-16-9 wp-has-aspect-ratio"><div class="wp-block-embed__wrapper">
<iframe loading="lazy" title="Prêmio Boas Práticas Solidárias na Semana do Estudante Ingressante 2025 (Enfermagem e Farmácia)" width="500" height="281" src="https://www.youtube.com/embed/ChKBYlL7_3w?feature=oembed" frameborder="0" allow="accelerometer; autoplay; clipboard-write; encrypted-media; gyroscope; picture-in-picture; web-share" referrerpolicy="strict-origin-when-cross-origin" allowfullscreen></iframe>
</div></figure>


<div class="wp-block-image">
<figure class="aligncenter size-large"><img decoding="async" src="https://sites.uel.br/ser/wp-content/uploads/imagens/2025/enfermagem_farmacia/01.jpeg" alt="" /></figure>
</div>

<div class="wp-block-image">
<figure class="aligncenter size-large"><img decoding="async" src="https://sites.uel.br/ser/wp-content/uploads/imagens/2025/enfermagem_farmacia/02.jpeg" alt="" /></figure>
</div>


<hr class="wp-block-separator has-text-color has-cinza-color has-css-opacity has-cinza-background-color has-background is-style-wide" />



<p><strong>ESTUDANTES PARTICIPANTES</strong></p>



<p><strong>ENFERMAGEM</strong></p>



<p>CINTIA KAORI SATO<br>LETÍCIA CONDE ALVES<br>MARCO AURÉLIO DA SILVA<br>MARIA GABRIELA PEREIRA<br>RODRIGO DE PAULA DUTRA</p>



<p><strong>FARMÁCIA</strong></p>



<p>ANA JULIA DE SIQUEIRA PIRES<br>ANA LUÍSA MONTEIRO SANTANA<br>BEATRIZ TORELLI<br>BRUNA RAVANEDA DE ANTONIO<br>EDGAR GOIS HIDALGO<br>ELOISA BREHMER<br>GABRIELA SANTOS MARCELINO<br>GRASIELE DE OLIVEIRA MOURA<br>ISABELA POLTRONIER ARCANJO DE ARAUJO<br>LAURA VENDRAME MONTI<br>LUIZ MIGUEL SOLDERA RIBEIRO<br>MARIA GABRIELA BRITO<br>MARIA LUIZA LEME<br>MARINA SILVA VARRASCHIM<br>NATALIA DE JESUS BARBOSA<br>NATHALIA TAUANE WICHASKI MAIER<br>NICOLI DE OLIVEIRA ALMEIDA<br>PEDRO HENRIQUE DE AMORIM ELIAS<br>PEDRO MATIAS ULIANA<br>RAFAELA RAINHO RIBEIRO<br>VITÓRIA MATOS TOTIS</p>



<div style="height:20px" aria-hidden="true" class="wp-block-spacer"></div>



<p><strong>DOCENTES PARTICIPANTES</strong></p>



<p>ROSÂNGELA PIMENTA (ENFERMAGEM)<br>TIAGO SEVERO PEIXE (FARMÁCIA)</p>

<p>Cursos Inscritos Premiados 2025 Enfermagem e Farmácia Resumo da Ação: Trote Solidário da Farmácia e Enfermagem da UEL: Alegria para Crianças Hospitalizadas Os calouros dos cursos de Farmácia e Enfermagem da UEL foram recebidos com um trote solidário cheio de significado! Em vez de atividades convencionais, organizamos uma campanha para arrecadar brinquedos, lápis de cor [&hellip;]</p>
