{"id":8175,"date":"2025-05-28T16:09:21","date_gmt":"2025-05-28T19:09:21","guid":{"rendered":"https:\/\/sites.uel.br\/ser\/?page_id=8175"},"modified":"2025-07-14T11:01:21","modified_gmt":"2025-07-14T14:01:21","slug":"premio-boas-praticas-na-recepcao-aos-estudantes-ingressantes-premiados-2025-ciencias-contabeis","status":"publish","type":"page","link":"https:\/\/sites.uel.br\/ser\/premio-boas-praticas-na-recepcao-aos-estudantes-ingressantes-premiados-2025-ciencias-contabeis\/","title":{"rendered":"Pr\u00eamio Boas Pr\u00e1ticas Solid\u00e1rias na Recep\u00e7\u00e3o aos Estudantes Ingressantes"},"content":{"rendered":"\n<hr class=\"wp-block-separator has-alpha-channel-opacity is-style-wide\" \/>\n\n\n<div class=\"wp-block-image\">\n<figure class=\"aligncenter size-full\"><img loading=\"lazy\" decoding=\"async\" width=\"1279\" height=\"510\" src=\"https:\/\/sites.uel.br\/ser\/wp-content\/uploads\/2025\/03\/topo_ser_uel_2025.png\" alt=\"\" class=\"wp-image-7631\" srcset=\"https:\/\/sites.uel.br\/ser\/wp-content\/uploads\/2025\/03\/topo_ser_uel_2025.png 1279w, https:\/\/sites.uel.br\/ser\/wp-content\/uploads\/2025\/03\/topo_ser_uel_2025-300x120.png 300w, https:\/\/sites.uel.br\/ser\/wp-content\/uploads\/2025\/03\/topo_ser_uel_2025-1024x408.png 1024w, https:\/\/sites.uel.br\/ser\/wp-content\/uploads\/2025\/03\/topo_ser_uel_2025-768x306.png 768w\" sizes=\"auto, (max-width: 1279px) 100vw, 1279px\" \/><\/figure>\n<\/div>\n\n\n<h2 class=\"wp-block-heading\">Cursos Inscritos Premiados<\/h2>\n\n\n\n<h2 class=\"wp-block-heading\">2025<\/h2>\n\n\n\n<h2 class=\"wp-block-heading\">Ci\u00eancias Cont\u00e1beis<\/h2>\n\n\n\n<p><strong>Resumo da A\u00e7\u00e3o:<\/strong><\/p>\n\n\n\n<p>A\u00e7\u00e3o social GOTAS DE VIDA UEL referente a Doa\u00e7\u00e3o de sangue com parceria com o Hospital Universit\u00e1rio, promovendo a conscientiza\u00e7\u00e3o nos calouros sobre a import\u00e2ncia de doar.<\/p>\n\n\n\n<p>A\u00e7\u00e3o social PASCOA SOLID\u00c1RIA onde foram arrecadados e distribu\u00eddos doces para mais de 1500 Crian\u00e7as Carentes de diversas institui\u00e7\u00f5es de Ensino, Assentamentos, Hospitais sem fins lucrativos com parceria com a ONG Miss\u00e3oCentoeUm (Missao 101).<\/p>\n\n\n\n<p><em>Obs: texto confeccionado pelos estudantes de Gradua\u00e7\u00e3o e\/ou Coordena\u00e7\u00e3o do curso.<\/em><\/p>\n\n\n\n<hr class=\"wp-block-separator has-text-color has-cinza-color has-css-opacity has-cinza-background-color has-background is-style-wide\" \/>\n\n\n\n<figure class=\"wp-block-embed is-type-video is-provider-youtube wp-block-embed-youtube wp-embed-aspect-16-9 wp-has-aspect-ratio\"><div class=\"wp-block-embed__wrapper\">\n<iframe loading=\"lazy\" title=\"Pr\u00eamio Boas Pr\u00e1ticas Solid\u00e1rias na Recep\u00e7\u00e3o aos Estudantes Ingressantes 2025 (Ci\u00eancias Cont\u00e1beis)\" width=\"500\" height=\"281\" src=\"https:\/\/www.youtube.com\/embed\/HvsaVVBBbiU?feature=oembed\" frameborder=\"0\" allow=\"accelerometer; autoplay; clipboard-write; encrypted-media; gyroscope; picture-in-picture; web-share\" referrerpolicy=\"strict-origin-when-cross-origin\" allowfullscreen><\/iframe>\n<\/div><\/figure>\n\n\n<div class=\"wp-block-image\">\n<figure class=\"aligncenter size-large\"><img decoding=\"async\" src=\"https:\/\/sites.uel.br\/ser\/wp-content\/uploads\/imagens\/2025\/ciencias_contabeis\/01.jpeg\" alt=\"\" \/><\/figure>\n<\/div>\n\n<div class=\"wp-block-image\">\n<figure class=\"aligncenter size-large\"><img decoding=\"async\" src=\"https:\/\/sites.uel.br\/ser\/wp-content\/uploads\/imagens\/2025\/ciencias_contabeis\/02.jpeg\" alt=\"\" \/><\/figure>\n<\/div>\n\n<div class=\"wp-block-image\">\n<figure class=\"aligncenter size-large\"><img decoding=\"async\" src=\"https:\/\/sites.uel.br\/ser\/wp-content\/uploads\/imagens\/2025\/ciencias_contabeis\/03.jpeg\" alt=\"\" \/><\/figure>\n<\/div>\n\n<div class=\"wp-block-image\">\n<figure class=\"aligncenter size-large\"><img decoding=\"async\" src=\"https:\/\/sites.uel.br\/ser\/wp-content\/uploads\/imagens\/2025\/ciencias_contabeis\/04.jpeg\" alt=\"\" \/><\/figure>\n<\/div>\n\n<div class=\"wp-block-image\">\n<figure class=\"aligncenter size-large\"><img decoding=\"async\" src=\"https:\/\/sites.uel.br\/ser\/wp-content\/uploads\/imagens\/2025\/ciencias_contabeis\/05.jpeg\" alt=\"\" \/><\/figure>\n<\/div>\n\n<div class=\"wp-block-image\">\n<figure class=\"aligncenter size-large\"><img decoding=\"async\" src=\"https:\/\/sites.uel.br\/ser\/wp-content\/uploads\/imagens\/2025\/ciencias_contabeis\/06.jpg\" alt=\"\" \/><\/figure>\n<\/div>\n\n<div class=\"wp-block-image\">\n<figure class=\"aligncenter size-large\"><img decoding=\"async\" src=\"https:\/\/sites.uel.br\/ser\/wp-content\/uploads\/imagens\/2025\/ciencias_contabeis\/07.jpg\" alt=\"\" \/><\/figure>\n<\/div>\n\n<div class=\"wp-block-image\">\n<figure class=\"aligncenter size-large\"><img decoding=\"async\" src=\"https:\/\/sites.uel.br\/ser\/wp-content\/uploads\/imagens\/2025\/ciencias_contabeis\/08.jpg\" alt=\"\" \/><\/figure>\n<\/div>\n\n\n<hr class=\"wp-block-separator has-text-color has-cinza-color has-css-opacity has-cinza-background-color has-background is-style-wide\" \/>\n\n\n\n<p><strong>ESTUDANTES PARTICIPANTES<\/strong><\/p>\n\n\n\n<p>ADRIANO PEREIRA JUNIOR<br>ALANA SABRINA DE CASTRO MIRANDA<br>ALINE TORMENA<br>AMANDA FERNANDES NEGREIRO<br>ANA BEATRIZ NASCIMENTO PEREIRA DA SILVA<br>ANA EDUARDA STEIN<br>ANDERSON KAUSAN<br>ATIELY VIT\u00d3RIA S. SILVA<br>BEATRIZ ROBERTO<br>BRUNO MELO<br>CAMILLA RIBEIRO DA CRUZ<br>CASSIANY GABRIELLY<br>DANIEL FONTANA BORGES<br>DAVI DUNZER FRANCO OLIVEIRA<br>DENIS FONTANA BORGES<br>EDUARDO GABRIEL GUILHERME DOS SANTOS<br>ENZO TOSHIO ORINOUTI NAKANISHI<br>FELIPE INAJI<br>FELIPE SAMUEL LEAL DA SILVA<br>GABRIEL DE SOUSA SUTIL<br>GABRIEL VINICIUS ALIBERTI BARBOSA<br>GEOVANA ARANTES<br>GIOVANNA DANYELA CONDE<br>GIOVANNA MARTINS<br>GIOVANNA VOLTANI<br>GRACIELA GAIDALO<br>GRAZIELLY BIZARRIA BRANCO<br>GREGORY SOARES<br>GUILHERME FELIPE GOMES MARTINS<br>GUSTAVO RAFAEL GERMANO LIMA<br>HEDER HENRIQUE DOS SANTOS JUNIOR<br>HELOISA DE PAULA OLIVEIRA<br>HIGOR KAW\u00c3 DA SILVA SANTOS<br>IGOR LEONARDO BARBOZA GOMES<br>ISABELLA GUIMARAES DE OIIVEIRA<br>JENNIFER HELOISAJHENIFER CUSTODIO<br>JONATAN ALAN DE JESUS<br>JOSE JUNIOR<br>JULLIA OLIVEIRA DOS SANTOS<br>KAIQUE DA SILVA MARTINS<br>KAMILA FERNANDA DOS SANTOS SOUZA<br>KAU\u00c3 FELIPE BATISTA CAVALCANTI<br>LAV\u00cdNIA FERREIRA DA SILVA<br>LEANDRO FERREIRA C. JUNIOR<br>LEONARDO SUGIHARA KATAYOSE<br>\u2060LUCAS CORREA NUNES<br>LUCAS HENRIQUE MIAN COVOLAN<br>LUCAS MANGUSSI CARMANHANI<br>LUCAS VIEIRA<br>MARIA EDUARDA BOBIO<br>MARIA EDUARDA ESTANCIA GALINDO<br>MARINA SOUZA SANTOS<br>MATHEUS FELIPE GEOVANI<br>MAYNARA CRISTHYNE DA COSTA OLIVEIRA<br>NATHALY CLARO DE BRITO<br>NATHALY LA\u00cdS LEONARDO<br>NATHAN AUGUSTO PARRA VILLAS BOAS<br>NICOLE VILAS BOAS SANCHES<br>OT\u00c1VIO AUGUSTO DUCHESKI LIMA<br>OTAVIO FERREIRA ALMEIDA<br>PAULO GUILHERME DA SILVA NETO<br>PETRYC CASU SILVA<br>RAFAEL DA SILVA CAETANO<br>RHAONE DOS SANTOS GENTIL<br>VICTOR YUJI DE SANT&#8217;ANA LOUREN\u00c7O<br>VICTORIA MOECKEL MARTINS<br>VITORIA CARDOSO<br>WENDRIUS VILEFORT<br>YAGHO SILVA<\/p>\n\n\n\n<div style=\"height:20px\" aria-hidden=\"true\" class=\"wp-block-spacer\"><\/div>\n\n\n\n<p><strong>DOCENTES PARTICIPANTES<\/strong><\/p>\n\n\n\n<p>DAIANA BRAGUETO MARTINS<\/p>\n","protected":false},"excerpt":{"rendered":"<p>Cursos Inscritos Premiados 2025 Ci\u00eancias Cont\u00e1beis Resumo da A\u00e7\u00e3o: A\u00e7\u00e3o social GOTAS DE VIDA UEL referente a Doa\u00e7\u00e3o de sangue com parceria com o Hospital Universit\u00e1rio, promovendo a conscientiza\u00e7\u00e3o nos calouros sobre a import\u00e2ncia de doar. A\u00e7\u00e3o social PASCOA SOLID\u00c1RIA onde foram arrecadados e distribu\u00eddos doces para mais de 1500 Crian\u00e7as Carentes de diversas institui\u00e7\u00f5es [&hellip;]<\/p>\n","protected":false},"author":8,"featured_media":0,"parent":0,"menu_order":0,"comment_status":"closed","ping_status":"closed","template":"","meta":{"_acf_changed":false,"_themeisle_gutenberg_block_has_review":false,"footnotes":""},"class_list":["post-8175","page","type-page","status-publish","hentry"],"acf":[],"_links":{"self":[{"href":"https:\/\/sites.uel.br\/ser\/wp-json\/wp\/v2\/pages\/8175","targetHints":{"allow":["GET"]}}],"collection":[{"href":"https:\/\/sites.uel.br\/ser\/wp-json\/wp\/v2\/pages"}],"about":[{"href":"https:\/\/sites.uel.br\/ser\/wp-json\/wp\/v2\/types\/page"}],"author":[{"embeddable":true,"href":"https:\/\/sites.uel.br\/ser\/wp-json\/wp\/v2\/users\/8"}],"replies":[{"embeddable":true,"href":"https:\/\/sites.uel.br\/ser\/wp-json\/wp\/v2\/comments?post=8175"}],"version-history":[{"count":12,"href":"https:\/\/sites.uel.br\/ser\/wp-json\/wp\/v2\/pages\/8175\/revisions"}],"predecessor-version":[{"id":8655,"href":"https:\/\/sites.uel.br\/ser\/wp-json\/wp\/v2\/pages\/8175\/revisions\/8655"}],"wp:attachment":[{"href":"https:\/\/sites.uel.br\/ser\/wp-json\/wp\/v2\/media?parent=8175"}],"curies":[{"name":"wp","href":"https:\/\/api.w.org\/{rel}","templated":true}]}}

Prêmio Boas Práticas Solidárias na Recepção aos Estudantes Ingressantes

<hr class="wp-block-separator has-alpha-channel-opacity is-style-wide" />


<div class="wp-block-image">
<figure class="aligncenter size-full"><img loading="lazy" decoding="async" width="1279" height="510" src="https://sites.uel.br/ser/wp-content/uploads/2025/03/topo_ser_uel_2025.png" alt="" class="wp-image-7631" srcset="https://sites.uel.br/ser/wp-content/uploads/2025/03/topo_ser_uel_2025.png 1279w, https://sites.uel.br/ser/wp-content/uploads/2025/03/topo_ser_uel_2025-300x120.png 300w, https://sites.uel.br/ser/wp-content/uploads/2025/03/topo_ser_uel_2025-1024x408.png 1024w, https://sites.uel.br/ser/wp-content/uploads/2025/03/topo_ser_uel_2025-768x306.png 768w" sizes="auto, (max-width: 1279px) 100vw, 1279px" /></figure>
</div>


<h2 class="wp-block-heading">Cursos Inscritos Premiados</h2>



<h2 class="wp-block-heading">2025</h2>



<h2 class="wp-block-heading">Ciências Contábeis</h2>



<p><strong>Resumo da Ação:</strong></p>



<p>Ação social GOTAS DE VIDA UEL referente a Doação de sangue com parceria com o Hospital Universitário, promovendo a conscientização nos calouros sobre a importância de doar.</p>



<p>Ação social PASCOA SOLIDÁRIA onde foram arrecadados e distribuídos doces para mais de 1500 Crianças Carentes de diversas instituições de Ensino, Assentamentos, Hospitais sem fins lucrativos com parceria com a ONG MissãoCentoeUm (Missao 101).</p>



<p><em>Obs: texto confeccionado pelos estudantes de Graduação e/ou Coordenação do curso.</em></p>



<hr class="wp-block-separator has-text-color has-cinza-color has-css-opacity has-cinza-background-color has-background is-style-wide" />



<figure class="wp-block-embed is-type-video is-provider-youtube wp-block-embed-youtube wp-embed-aspect-16-9 wp-has-aspect-ratio"><div class="wp-block-embed__wrapper">
<iframe loading="lazy" title="Prêmio Boas Práticas Solidárias na Recepção aos Estudantes Ingressantes 2025 (Ciências Contábeis)" width="500" height="281" src="https://www.youtube.com/embed/HvsaVVBBbiU?feature=oembed" frameborder="0" allow="accelerometer; autoplay; clipboard-write; encrypted-media; gyroscope; picture-in-picture; web-share" referrerpolicy="strict-origin-when-cross-origin" allowfullscreen></iframe>
</div></figure>


<div class="wp-block-image">
<figure class="aligncenter size-large"><img decoding="async" src="https://sites.uel.br/ser/wp-content/uploads/imagens/2025/ciencias_contabeis/01.jpeg" alt="" /></figure>
</div>

<div class="wp-block-image">
<figure class="aligncenter size-large"><img decoding="async" src="https://sites.uel.br/ser/wp-content/uploads/imagens/2025/ciencias_contabeis/02.jpeg" alt="" /></figure>
</div>

<div class="wp-block-image">
<figure class="aligncenter size-large"><img decoding="async" src="https://sites.uel.br/ser/wp-content/uploads/imagens/2025/ciencias_contabeis/03.jpeg" alt="" /></figure>
</div>

<div class="wp-block-image">
<figure class="aligncenter size-large"><img decoding="async" src="https://sites.uel.br/ser/wp-content/uploads/imagens/2025/ciencias_contabeis/04.jpeg" alt="" /></figure>
</div>

<div class="wp-block-image">
<figure class="aligncenter size-large"><img decoding="async" src="https://sites.uel.br/ser/wp-content/uploads/imagens/2025/ciencias_contabeis/05.jpeg" alt="" /></figure>
</div>

<div class="wp-block-image">
<figure class="aligncenter size-large"><img decoding="async" src="https://sites.uel.br/ser/wp-content/uploads/imagens/2025/ciencias_contabeis/06.jpg" alt="" /></figure>
</div>

<div class="wp-block-image">
<figure class="aligncenter size-large"><img decoding="async" src="https://sites.uel.br/ser/wp-content/uploads/imagens/2025/ciencias_contabeis/07.jpg" alt="" /></figure>
</div>

<div class="wp-block-image">
<figure class="aligncenter size-large"><img decoding="async" src="https://sites.uel.br/ser/wp-content/uploads/imagens/2025/ciencias_contabeis/08.jpg" alt="" /></figure>
</div>


<hr class="wp-block-separator has-text-color has-cinza-color has-css-opacity has-cinza-background-color has-background is-style-wide" />



<p><strong>ESTUDANTES PARTICIPANTES</strong></p>



<p>ADRIANO PEREIRA JUNIOR<br>ALANA SABRINA DE CASTRO MIRANDA<br>ALINE TORMENA<br>AMANDA FERNANDES NEGREIRO<br>ANA BEATRIZ NASCIMENTO PEREIRA DA SILVA<br>ANA EDUARDA STEIN<br>ANDERSON KAUSAN<br>ATIELY VITÓRIA S. SILVA<br>BEATRIZ ROBERTO<br>BRUNO MELO<br>CAMILLA RIBEIRO DA CRUZ<br>CASSIANY GABRIELLY<br>DANIEL FONTANA BORGES<br>DAVI DUNZER FRANCO OLIVEIRA<br>DENIS FONTANA BORGES<br>EDUARDO GABRIEL GUILHERME DOS SANTOS<br>ENZO TOSHIO ORINOUTI NAKANISHI<br>FELIPE INAJI<br>FELIPE SAMUEL LEAL DA SILVA<br>GABRIEL DE SOUSA SUTIL<br>GABRIEL VINICIUS ALIBERTI BARBOSA<br>GEOVANA ARANTES<br>GIOVANNA DANYELA CONDE<br>GIOVANNA MARTINS<br>GIOVANNA VOLTANI<br>GRACIELA GAIDALO<br>GRAZIELLY BIZARRIA BRANCO<br>GREGORY SOARES<br>GUILHERME FELIPE GOMES MARTINS<br>GUSTAVO RAFAEL GERMANO LIMA<br>HEDER HENRIQUE DOS SANTOS JUNIOR<br>HELOISA DE PAULA OLIVEIRA<br>HIGOR KAWÃ DA SILVA SANTOS<br>IGOR LEONARDO BARBOZA GOMES<br>ISABELLA GUIMARAES DE OIIVEIRA<br>JENNIFER HELOISAJHENIFER CUSTODIO<br>JONATAN ALAN DE JESUS<br>JOSE JUNIOR<br>JULLIA OLIVEIRA DOS SANTOS<br>KAIQUE DA SILVA MARTINS<br>KAMILA FERNANDA DOS SANTOS SOUZA<br>KAUÃ FELIPE BATISTA CAVALCANTI<br>LAVÍNIA FERREIRA DA SILVA<br>LEANDRO FERREIRA C. JUNIOR<br>LEONARDO SUGIHARA KATAYOSE<br>⁠LUCAS CORREA NUNES<br>LUCAS HENRIQUE MIAN COVOLAN<br>LUCAS MANGUSSI CARMANHANI<br>LUCAS VIEIRA<br>MARIA EDUARDA BOBIO<br>MARIA EDUARDA ESTANCIA GALINDO<br>MARINA SOUZA SANTOS<br>MATHEUS FELIPE GEOVANI<br>MAYNARA CRISTHYNE DA COSTA OLIVEIRA<br>NATHALY CLARO DE BRITO<br>NATHALY LAÍS LEONARDO<br>NATHAN AUGUSTO PARRA VILLAS BOAS<br>NICOLE VILAS BOAS SANCHES<br>OTÁVIO AUGUSTO DUCHESKI LIMA<br>OTAVIO FERREIRA ALMEIDA<br>PAULO GUILHERME DA SILVA NETO<br>PETRYC CASU SILVA<br>RAFAEL DA SILVA CAETANO<br>RHAONE DOS SANTOS GENTIL<br>VICTOR YUJI DE SANT&#8217;ANA LOURENÇO<br>VICTORIA MOECKEL MARTINS<br>VITORIA CARDOSO<br>WENDRIUS VILEFORT<br>YAGHO SILVA</p>



<div style="height:20px" aria-hidden="true" class="wp-block-spacer"></div>



<p><strong>DOCENTES PARTICIPANTES</strong></p>



<p>DAIANA BRAGUETO MARTINS</p>

<p>Cursos Inscritos Premiados 2025 Ciências Contábeis Resumo da Ação: Ação social GOTAS DE VIDA UEL referente a Doação de sangue com parceria com o Hospital Universitário, promovendo a conscientização nos calouros sobre a importância de doar. Ação social PASCOA SOLIDÁRIA onde foram arrecadados e distribuídos doces para mais de 1500 Crianças Carentes de diversas instituições [&hellip;]</p>
