{"id":8174,"date":"2025-05-28T16:09:19","date_gmt":"2025-05-28T19:09:19","guid":{"rendered":"https:\/\/sites.uel.br\/ser\/?page_id=8174"},"modified":"2025-07-11T09:50:24","modified_gmt":"2025-07-11T12:50:24","slug":"premio-boas-praticas-na-recepcao-aos-estudantes-ingressantes-premiados-2025-ciencias-biologicas","status":"publish","type":"page","link":"https:\/\/sites.uel.br\/ser\/premio-boas-praticas-na-recepcao-aos-estudantes-ingressantes-premiados-2025-ciencias-biologicas\/","title":{"rendered":"Pr\u00eamio Boas Pr\u00e1ticas Solid\u00e1rias na Recep\u00e7\u00e3o aos Estudantes Ingressantes"},"content":{"rendered":"\n<hr class=\"wp-block-separator has-alpha-channel-opacity is-style-wide\" \/>\n\n\n<div class=\"wp-block-image\">\n<figure class=\"aligncenter size-full\"><img loading=\"lazy\" decoding=\"async\" width=\"1279\" height=\"510\" src=\"https:\/\/sites.uel.br\/ser\/wp-content\/uploads\/2025\/03\/topo_ser_uel_2025.png\" alt=\"\" class=\"wp-image-7631\" srcset=\"https:\/\/sites.uel.br\/ser\/wp-content\/uploads\/2025\/03\/topo_ser_uel_2025.png 1279w, https:\/\/sites.uel.br\/ser\/wp-content\/uploads\/2025\/03\/topo_ser_uel_2025-300x120.png 300w, https:\/\/sites.uel.br\/ser\/wp-content\/uploads\/2025\/03\/topo_ser_uel_2025-1024x408.png 1024w, https:\/\/sites.uel.br\/ser\/wp-content\/uploads\/2025\/03\/topo_ser_uel_2025-768x306.png 768w\" sizes=\"auto, (max-width: 1279px) 100vw, 1279px\" \/><\/figure>\n<\/div>\n\n\n<h2 class=\"wp-block-heading\">Cursos Inscritos Premiados<\/h2>\n\n\n\n<h2 class=\"wp-block-heading\">2025<\/h2>\n\n\n\n<h2 class=\"wp-block-heading\">Ci\u00eancias Biol\u00f3gicas<\/h2>\n\n\n\n<p><strong>Resumo da A\u00e7\u00e3o:<\/strong><\/p>\n\n\n\n<p>No ano de 2025 os cursos de ci\u00eancias biol\u00f3gicas bacharel e ci\u00eancias biol\u00f3gicas licenciatura buscaram por meio da solidariedade integrar os novos alunos da Universidade Estadual de Londrina durante a semana de recep\u00e7\u00e3o.<br><br>Para essa pr\u00e1tica solid\u00e1ria tivemos dois momentos, um durante a semana de recep\u00e7\u00e3o, que consistiu em um pintura e revitaliza\u00e7\u00e3o do Centro Acad\u00eamico de Biologia. Proporcionando integra\u00e7\u00e3o a partir do trabalho em equipe e um espa\u00e7o mais digno aos integrantes do curso.<br><br>Os materiais utilizados foram doados pelo centro CCB, Centro de Ci\u00eancias Biol\u00f3gicas, e as opera\u00e7\u00f5es realizadas na tarde de sexta-feira (28\/03) e manh\u00e3 de s\u00e1bado (29\/03).<br><br>J\u00e1 a segunda se baseou em uma doa\u00e7\u00e3o coletiva de sangue. Em parceria com o Pet-bio os calouros puderem ir ao hemocentro do Hospital Universit\u00e1rio para ajudar o pr\u00f3ximo ao doar sangue.<\/p>\n\n\n\n<p><em>Obs: texto confeccionado pelos estudantes de Gradua\u00e7\u00e3o e\/ou Coordena\u00e7\u00e3o do curso.<\/em><\/p>\n\n\n\n<hr class=\"wp-block-separator has-text-color has-cinza-color has-css-opacity has-cinza-background-color has-background is-style-wide\" \/>\n\n\n<div class=\"wp-block-image\">\n<figure class=\"aligncenter size-large\"><img decoding=\"async\" src=\"https:\/\/sites.uel.br\/ser\/wp-content\/uploads\/imagens\/2025\/ciencias_biologicas\/01-scaled.jpg\" alt=\"\" \/><\/figure>\n<\/div>\n\n<div class=\"wp-block-image\">\n<figure class=\"aligncenter size-large\"><img decoding=\"async\" src=\"https:\/\/sites.uel.br\/ser\/wp-content\/uploads\/imagens\/2025\/ciencias_biologicas\/02-scaled.jpg\" alt=\"\" \/><\/figure>\n<\/div>\n\n<div class=\"wp-block-image\">\n<figure class=\"aligncenter size-large\"><img decoding=\"async\" src=\"https:\/\/sites.uel.br\/ser\/wp-content\/uploads\/imagens\/2025\/ciencias_biologicas\/03-scaled.jpg\" alt=\"\" \/><\/figure>\n<\/div>\n\n<div class=\"wp-block-image\">\n<figure class=\"aligncenter size-large\"><img decoding=\"async\" src=\"https:\/\/sites.uel.br\/ser\/wp-content\/uploads\/imagens\/2025\/ciencias_biologicas\/04.jpg\" alt=\"\" \/><\/figure>\n<\/div>\n\n<div class=\"wp-block-image\">\n<figure class=\"aligncenter size-large\"><img decoding=\"async\" src=\"https:\/\/sites.uel.br\/ser\/wp-content\/uploads\/imagens\/2025\/ciencias_biologicas\/05.jpg\" alt=\"\" \/><\/figure>\n<\/div>\n\n<div class=\"wp-block-image\">\n<figure class=\"aligncenter size-large\"><img decoding=\"async\" src=\"https:\/\/sites.uel.br\/ser\/wp-content\/uploads\/imagens\/2025\/ciencias_biologicas\/06.jpg\" alt=\"\" \/><\/figure>\n<\/div>\n\n<div class=\"wp-block-image\">\n<figure class=\"aligncenter size-large\"><img decoding=\"async\" src=\"https:\/\/sites.uel.br\/ser\/wp-content\/uploads\/imagens\/2025\/ciencias_biologicas\/07.jpg\" alt=\"\" \/><\/figure>\n<\/div>\n\n<div class=\"wp-block-image\">\n<figure class=\"aligncenter size-large\"><img decoding=\"async\" src=\"https:\/\/sites.uel.br\/ser\/wp-content\/uploads\/imagens\/2025\/ciencias_biologicas\/08.jpg\" alt=\"\" \/><\/figure>\n<\/div>\n\n\n<hr class=\"wp-block-separator has-text-color has-cinza-color has-css-opacity has-cinza-background-color has-background is-style-wide\" \/>\n\n\n\n<p><strong>ESTUDANTES PARTICIPANTES<\/strong><\/p>\n\n\n\n<p>GIOVANNA CAROLINE CIBIN ELIAS<br>KALLEL ALEXANDER EVANGELISTA<br>LET\u00cdCIA MARINA DA SILVA PEREIRA<br>LUIGI DOS SANTOS LEAL DA SILVA<br>VINICIUS GOIS TEIXEIRA<\/p>\n\n\n\n<div style=\"height:20px\" aria-hidden=\"true\" class=\"wp-block-spacer\"><\/div>\n\n\n\n<p><strong>DOCENTES PARTICIPANTES<\/strong><\/p>\n\n\n\n<p>T\u00c2NIA APARECIDA DA SILVA<\/p>\n","protected":false},"excerpt":{"rendered":"<p>Cursos Inscritos Premiados 2025 Ci\u00eancias Biol\u00f3gicas Resumo da A\u00e7\u00e3o: No ano de 2025 os cursos de ci\u00eancias biol\u00f3gicas bacharel e ci\u00eancias biol\u00f3gicas licenciatura buscaram por meio da solidariedade integrar os novos alunos da Universidade Estadual de Londrina durante a semana de recep\u00e7\u00e3o. Para essa pr\u00e1tica solid\u00e1ria tivemos dois momentos, um durante a semana de recep\u00e7\u00e3o, [&hellip;]<\/p>\n","protected":false},"author":8,"featured_media":0,"parent":0,"menu_order":0,"comment_status":"closed","ping_status":"closed","template":"","meta":{"_acf_changed":false,"_themeisle_gutenberg_block_has_review":false,"footnotes":""},"class_list":["post-8174","page","type-page","status-publish","hentry"],"acf":[],"_links":{"self":[{"href":"https:\/\/sites.uel.br\/ser\/wp-json\/wp\/v2\/pages\/8174","targetHints":{"allow":["GET"]}}],"collection":[{"href":"https:\/\/sites.uel.br\/ser\/wp-json\/wp\/v2\/pages"}],"about":[{"href":"https:\/\/sites.uel.br\/ser\/wp-json\/wp\/v2\/types\/page"}],"author":[{"embeddable":true,"href":"https:\/\/sites.uel.br\/ser\/wp-json\/wp\/v2\/users\/8"}],"replies":[{"embeddable":true,"href":"https:\/\/sites.uel.br\/ser\/wp-json\/wp\/v2\/comments?post=8174"}],"version-history":[{"count":8,"href":"https:\/\/sites.uel.br\/ser\/wp-json\/wp\/v2\/pages\/8174\/revisions"}],"predecessor-version":[{"id":8634,"href":"https:\/\/sites.uel.br\/ser\/wp-json\/wp\/v2\/pages\/8174\/revisions\/8634"}],"wp:attachment":[{"href":"https:\/\/sites.uel.br\/ser\/wp-json\/wp\/v2\/media?parent=8174"}],"curies":[{"name":"wp","href":"https:\/\/api.w.org\/{rel}","templated":true}]}}

Prêmio Boas Práticas Solidárias na Recepção aos Estudantes Ingressantes

<hr class="wp-block-separator has-alpha-channel-opacity is-style-wide" />


<div class="wp-block-image">
<figure class="aligncenter size-full"><img loading="lazy" decoding="async" width="1279" height="510" src="https://sites.uel.br/ser/wp-content/uploads/2025/03/topo_ser_uel_2025.png" alt="" class="wp-image-7631" srcset="https://sites.uel.br/ser/wp-content/uploads/2025/03/topo_ser_uel_2025.png 1279w, https://sites.uel.br/ser/wp-content/uploads/2025/03/topo_ser_uel_2025-300x120.png 300w, https://sites.uel.br/ser/wp-content/uploads/2025/03/topo_ser_uel_2025-1024x408.png 1024w, https://sites.uel.br/ser/wp-content/uploads/2025/03/topo_ser_uel_2025-768x306.png 768w" sizes="auto, (max-width: 1279px) 100vw, 1279px" /></figure>
</div>


<h2 class="wp-block-heading">Cursos Inscritos Premiados</h2>



<h2 class="wp-block-heading">2025</h2>



<h2 class="wp-block-heading">Ciências Biológicas</h2>



<p><strong>Resumo da Ação:</strong></p>



<p>No ano de 2025 os cursos de ciências biológicas bacharel e ciências biológicas licenciatura buscaram por meio da solidariedade integrar os novos alunos da Universidade Estadual de Londrina durante a semana de recepção.<br><br>Para essa prática solidária tivemos dois momentos, um durante a semana de recepção, que consistiu em um pintura e revitalização do Centro Acadêmico de Biologia. Proporcionando integração a partir do trabalho em equipe e um espaço mais digno aos integrantes do curso.<br><br>Os materiais utilizados foram doados pelo centro CCB, Centro de Ciências Biológicas, e as operações realizadas na tarde de sexta-feira (28/03) e manhã de sábado (29/03).<br><br>Já a segunda se baseou em uma doação coletiva de sangue. Em parceria com o Pet-bio os calouros puderem ir ao hemocentro do Hospital Universitário para ajudar o próximo ao doar sangue.</p>



<p><em>Obs: texto confeccionado pelos estudantes de Graduação e/ou Coordenação do curso.</em></p>



<hr class="wp-block-separator has-text-color has-cinza-color has-css-opacity has-cinza-background-color has-background is-style-wide" />


<div class="wp-block-image">
<figure class="aligncenter size-large"><img decoding="async" src="https://sites.uel.br/ser/wp-content/uploads/imagens/2025/ciencias_biologicas/01-scaled.jpg" alt="" /></figure>
</div>

<div class="wp-block-image">
<figure class="aligncenter size-large"><img decoding="async" src="https://sites.uel.br/ser/wp-content/uploads/imagens/2025/ciencias_biologicas/02-scaled.jpg" alt="" /></figure>
</div>

<div class="wp-block-image">
<figure class="aligncenter size-large"><img decoding="async" src="https://sites.uel.br/ser/wp-content/uploads/imagens/2025/ciencias_biologicas/03-scaled.jpg" alt="" /></figure>
</div>

<div class="wp-block-image">
<figure class="aligncenter size-large"><img decoding="async" src="https://sites.uel.br/ser/wp-content/uploads/imagens/2025/ciencias_biologicas/04.jpg" alt="" /></figure>
</div>

<div class="wp-block-image">
<figure class="aligncenter size-large"><img decoding="async" src="https://sites.uel.br/ser/wp-content/uploads/imagens/2025/ciencias_biologicas/05.jpg" alt="" /></figure>
</div>

<div class="wp-block-image">
<figure class="aligncenter size-large"><img decoding="async" src="https://sites.uel.br/ser/wp-content/uploads/imagens/2025/ciencias_biologicas/06.jpg" alt="" /></figure>
</div>

<div class="wp-block-image">
<figure class="aligncenter size-large"><img decoding="async" src="https://sites.uel.br/ser/wp-content/uploads/imagens/2025/ciencias_biologicas/07.jpg" alt="" /></figure>
</div>

<div class="wp-block-image">
<figure class="aligncenter size-large"><img decoding="async" src="https://sites.uel.br/ser/wp-content/uploads/imagens/2025/ciencias_biologicas/08.jpg" alt="" /></figure>
</div>


<hr class="wp-block-separator has-text-color has-cinza-color has-css-opacity has-cinza-background-color has-background is-style-wide" />



<p><strong>ESTUDANTES PARTICIPANTES</strong></p>



<p>GIOVANNA CAROLINE CIBIN ELIAS<br>KALLEL ALEXANDER EVANGELISTA<br>LETÍCIA MARINA DA SILVA PEREIRA<br>LUIGI DOS SANTOS LEAL DA SILVA<br>VINICIUS GOIS TEIXEIRA</p>



<div style="height:20px" aria-hidden="true" class="wp-block-spacer"></div>



<p><strong>DOCENTES PARTICIPANTES</strong></p>



<p>TÂNIA APARECIDA DA SILVA</p>

<p>Cursos Inscritos Premiados 2025 Ciências Biológicas Resumo da Ação: No ano de 2025 os cursos de ciências biológicas bacharel e ciências biológicas licenciatura buscaram por meio da solidariedade integrar os novos alunos da Universidade Estadual de Londrina durante a semana de recepção. Para essa prática solidária tivemos dois momentos, um durante a semana de recepção, [&hellip;]</p>
