{"id":8171,"date":"2025-05-28T16:09:13","date_gmt":"2025-05-28T19:09:13","guid":{"rendered":"https:\/\/sites.uel.br\/ser\/?page_id=8171"},"modified":"2025-07-11T09:51:17","modified_gmt":"2025-07-11T12:51:17","slug":"premio-boas-praticas-na-recepcao-aos-estudantes-ingressantes-premiados-2025-artes-visuais","status":"publish","type":"page","link":"https:\/\/sites.uel.br\/ser\/premio-boas-praticas-na-recepcao-aos-estudantes-ingressantes-premiados-2025-artes-visuais\/","title":{"rendered":"Pr\u00eamio Boas Pr\u00e1ticas Solid\u00e1rias na Recep\u00e7\u00e3o aos Estudantes Ingressantes"},"content":{"rendered":"\n<hr class=\"wp-block-separator has-alpha-channel-opacity is-style-wide\" \/>\n\n\n<div class=\"wp-block-image\">\n<figure class=\"aligncenter size-full\"><img loading=\"lazy\" decoding=\"async\" width=\"1279\" height=\"510\" src=\"https:\/\/sites.uel.br\/ser\/wp-content\/uploads\/2025\/03\/topo_ser_uel_2025.png\" alt=\"\" class=\"wp-image-7631\" srcset=\"https:\/\/sites.uel.br\/ser\/wp-content\/uploads\/2025\/03\/topo_ser_uel_2025.png 1279w, https:\/\/sites.uel.br\/ser\/wp-content\/uploads\/2025\/03\/topo_ser_uel_2025-300x120.png 300w, https:\/\/sites.uel.br\/ser\/wp-content\/uploads\/2025\/03\/topo_ser_uel_2025-1024x408.png 1024w, https:\/\/sites.uel.br\/ser\/wp-content\/uploads\/2025\/03\/topo_ser_uel_2025-768x306.png 768w\" sizes=\"auto, (max-width: 1279px) 100vw, 1279px\" \/><\/figure>\n<\/div>\n\n\n<h2 class=\"wp-block-heading\">Cursos Inscritos Premiados<\/h2>\n\n\n\n<h2 class=\"wp-block-heading\">2025<\/h2>\n\n\n\n<h2 class=\"wp-block-heading\">Artes Visuais<\/h2>\n\n\n\n<p><strong>Resumo da A\u00e7\u00e3o:<\/strong><\/p>\n\n\n\n<p>Durante a Semana de Recep\u00e7\u00e3o dos Calouros de Artes Visuais de 2025, a comiss\u00e3o organizadora, em conjunto com o colegiado, estruturou um cronograma para turmas dos turnos matutino e noturno, garantindo a participa\u00e7\u00e3o de ingressantes, veteranos e corpo docente. Na segunda-feira, pelo turno matutino, houve apresenta\u00e7\u00e3o dos professores e sess\u00e3o de apadrinhamento: veteranos expuseram suas obras em varal, cada calouro escolheu a sua e o veterano autor da obra escolhida revelava-se padrinho, comprometendo-se a acolher o calouro e presente\u00e1-lo com uma ou mais obras complementares \u2014 al\u00e9m de bombons, em alguns casos. \u00c0 noite, a Reitora Prof. Dra. Marta Favaro fez as boas-vindas oficiais, seguidas de novas apresenta\u00e7\u00f5es dos docentes e veteranos.<\/p>\n\n\n\n<p>Na ter\u00e7a-feira, ambos os turnos participaram da abertura da exposi\u00e7\u00e3o \u201cBIOARTE: O LABORAT\u00d3RIO COMO ATELI\u00ca\u201d. Pela manh\u00e3, os calouros receberam um tour guiado pelas instala\u00e7\u00f5es da UEL, conhecendo parte do campus, pontos de \u00f4nibus e caminhos para outros centros e para o RU. \u00c0 noite, foram realizadas oficinas de desenho e gravura, mediadas por veteranos que apresentaram t\u00e9cnicas e orienta\u00e7\u00f5es pr\u00e1ticas. Na quarta, a nova identidade visual do departamento, criada por alunos de design, foi apresentada a todos; \u00e0 noite, aconteceu o apadrinhamento dos calouros do noturno. Na quinta, visitamos a DAP, onde ocorria a exposi\u00e7\u00e3o \u201cSob Efeito da Paisagem\u201d, onde houve uma conversa mediada sobre processos criativos das obras e reflex\u00f5es sobre estes processos. A sexta, pela manh\u00e3, oficinas de lambe-lambe, zines e escultura; \u00e0 noite, nova sess\u00e3o de lambe-lambe e, durante todo o dia, oficina de Raku Obvara com Matheus Burger, mediante inscri\u00e7\u00e3o pr\u00e9via. No s\u00e1bado, encerramos com serigrafia no grafat\u00f3rio, na qual calouros e veteranos estamparam roupas e bolsas com arte desenvolvida por veteranos dos 2\u00ba anos matutino e noturno.<\/p>\n\n\n\n<p>Ao final da semana, pedimos aos calouros um breve relato sobre sua experi\u00eancia. Seguem algumas dessas falas:<\/p>\n\n\n\n<p>\u201cAdorei como deixaram a gente explorar e se divertir ao mesmo tempo que mostraram um pouco do que nos espera. \u201d<\/p>\n\n\n\n<p>\u201cTivemos participa\u00e7\u00e3o de todos e atividades que nos integraram, ajudando a fazer novas amizades. \u201d<\/p>\n\n\n\n<p>\u201cO tour e as apresenta\u00e7\u00f5es tornaram a atmosfera mais receptiva; as oficinas e a exposi\u00e7\u00e3o mostraram, na pr\u00e1tica, o que vamos desenvolver. \u201d<\/p>\n\n\n\n<p>\u201cOs veteranos foram acolhedores, atenciosos e prepararam tudo com muito cuidado. \u201d<\/p>\n\n\n\n<p>\u201cO apadrinhamento e as oficinas foram a melhor parte, com dicas valiosas dos veteranos. \u201d<\/p>\n\n\n\n<p>Paralelamente, desenvolvemos a a\u00e7\u00e3o \u201cP\u00e1scoa do Flores\u201d junto \u00e0 comunidade da ocupa\u00e7\u00e3o Flores do Campo. Ap\u00f3s conversa com Gabriel Melhado, do FotoFlores, conectamo-nos \u00e0 lideran\u00e7a local, Simone, que preparava evento de distribui\u00e7\u00e3o de ovos de chocolate para cerca de 500 crian\u00e7as. Planejamos a arrecada\u00e7\u00e3o de chocolates e de recursos financeiros, definimos metas de doa\u00e7\u00e3o, negociamos or\u00e7amentos e criamos arte para adesivos das embalagens. Divulgamos a campanha nas redes sociais e no departamento, aceitando tamb\u00e9m doa\u00e7\u00f5es em dinheiro. Estabelecemos parceria com o professor Gabriel Ruiz e alunas de Publicidade da Anhanguera, que registraram todas as etapas e colaboraram na log\u00edstica de compra e embalagem. Arrecadamos aproximadamente 3 kg de chocolates e R$ 1.665,00 em dinheiro, investidos na impress\u00e3o de 650 adesivos e na aquisi\u00e7\u00e3o de 57,4 kg de chocolate (com desconto negociado). Com o apoio de outros doadores, a associa\u00e7\u00e3o recebeu mais de 50 kg adicionais de chocolates e bombons. No intervalo de tempo entre a entrega dos chocolates e o domingo de p\u00e1scoa, a Associa\u00e7\u00e3o de Mulheres da ocupa\u00e7\u00e3o Flores do Campo confeccionou aproximadamente 650 ovos de p\u00e1scoa. No dia de entrega, visitamos a comunidade e registramos a entrega dos ovos \u00e0s crian\u00e7as, com m\u00fasica tem\u00e1tica e at\u00e9 uma coelha de P\u00e1scoa para animar o evento.<\/p>\n\n\n\n<p><em>Obs: texto confeccionado pelos estudantes de Gradua\u00e7\u00e3o e\/ou Coordena\u00e7\u00e3o do curso.<\/em><\/p>\n\n\n\n<hr class=\"wp-block-separator has-text-color has-cinza-color has-css-opacity has-cinza-background-color has-background is-style-wide\" \/>\n\n\n<div class=\"wp-block-image\">\n<figure class=\"aligncenter size-large\"><img decoding=\"async\" src=\"https:\/\/sites.uel.br\/ser\/wp-content\/uploads\/imagens\/2025\/artes_visuais\/01-scaled.jpg\" alt=\"\" \/><\/figure>\n<\/div>\n\n<div class=\"wp-block-image\">\n<figure class=\"aligncenter size-large\"><img decoding=\"async\" src=\"https:\/\/sites.uel.br\/ser\/wp-content\/uploads\/imagens\/2025\/artes_visuais\/02-scaled.jpg\" alt=\"\" \/><\/figure>\n<\/div>\n\n<div class=\"wp-block-image\">\n<figure class=\"aligncenter size-large\"><img decoding=\"async\" src=\"https:\/\/sites.uel.br\/ser\/wp-content\/uploads\/imagens\/2025\/artes_visuais\/03-scaled.jpg\" alt=\"\" \/><\/figure>\n<\/div>\n\n<div class=\"wp-block-image\">\n<figure class=\"aligncenter size-large\"><img decoding=\"async\" src=\"https:\/\/sites.uel.br\/ser\/wp-content\/uploads\/imagens\/2025\/artes_visuais\/04-scaled.jpg\" alt=\"\" \/><\/figure>\n<\/div>\n\n<div class=\"wp-block-image\">\n<figure class=\"aligncenter size-large\"><img decoding=\"async\" src=\"https:\/\/sites.uel.br\/ser\/wp-content\/uploads\/imagens\/2025\/artes_visuais\/05-scaled.jpg\" alt=\"\" \/><\/figure>\n<\/div>\n\n<div class=\"wp-block-image\">\n<figure class=\"aligncenter size-large\"><img decoding=\"async\" src=\"https:\/\/sites.uel.br\/ser\/wp-content\/uploads\/imagens\/2025\/artes_visuais\/06-scaled.jpg\" alt=\"\" \/><\/figure>\n<\/div>\n\n<div class=\"wp-block-image\">\n<figure class=\"aligncenter size-large\"><img decoding=\"async\" src=\"https:\/\/sites.uel.br\/ser\/wp-content\/uploads\/imagens\/2025\/artes_visuais\/07-scaled.jpg\" alt=\"\" \/><\/figure>\n<\/div>\n\n<div class=\"wp-block-image\">\n<figure class=\"aligncenter size-large\"><img decoding=\"async\" src=\"https:\/\/sites.uel.br\/ser\/wp-content\/uploads\/imagens\/2025\/artes_visuais\/08-scaled.jpg\" alt=\"\" \/><\/figure>\n<\/div>\n\n<div class=\"wp-block-image\">\n<figure class=\"aligncenter size-large\"><img decoding=\"async\" src=\"https:\/\/sites.uel.br\/ser\/wp-content\/uploads\/imagens\/2025\/artes_visuais\/09-scaled.jpg\" alt=\"\" \/><\/figure>\n<\/div>\n\n<div class=\"wp-block-image\">\n<figure class=\"aligncenter size-large\"><img decoding=\"async\" src=\"https:\/\/sites.uel.br\/ser\/wp-content\/uploads\/imagens\/2025\/artes_visuais\/10-scaled.jpg\" alt=\"\" \/><\/figure>\n<\/div>\n\n<div class=\"wp-block-image\">\n<figure class=\"aligncenter size-large\"><img decoding=\"async\" src=\"https:\/\/sites.uel.br\/ser\/wp-content\/uploads\/imagens\/2025\/artes_visuais\/11-scaled.jpg\" alt=\"\" \/><\/figure>\n<\/div>\n\n<div class=\"wp-block-image\">\n<figure class=\"aligncenter size-large\"><img decoding=\"async\" src=\"https:\/\/sites.uel.br\/ser\/wp-content\/uploads\/imagens\/2025\/artes_visuais\/12-scaled.jpg\" alt=\"\" \/><\/figure>\n<\/div>\n\n\n<hr class=\"wp-block-separator has-text-color has-cinza-color has-css-opacity has-cinza-background-color has-background is-style-wide\" \/>\n\n\n\n<p><strong>ESTUDANTES PARTICIPANTES<\/strong><\/p>\n\n\n\n<p>ADRIELLY ALVES FERNANDES SANTOS<br>ANA BEATRIZ BARREIROS ALVES<br>ANA JULIA BERTONCINI SILVA<br>ANA JULIA CARDOZO DE MEDEIROS<br>ANA JULIA JARDIM DA SILVA<br>ANNA LUIZA DIAS NEVES<br>ANTONIO LUCIO BARIZON FILHO<br>ARYANNE LEONEL RIBEIRO<br>AZURE FERREIRA GUAZZELLI<br>BE FRAN\u00c7A GARCIA<br>BEATRIZ ESTEFANI GUEDES DOS SANTOS<br>BEATRIZ FROIS GREINERT<br>BEATRIZ HELOISE DA SILVA TEIXEIRA<br>BRISEIS MILENA BAZAN ALBUQUERQUE<br>BRUNA VIDA LEAL<br>CESAR ALVES NARDELLO<br>DARA REGINA FERREIRA RUFINO<br>DAVI RIBEIRO DE ALMEIDA<br>EMILY FERNANDES MELLE<br>ERYCK RODRIGUES ANTUNES<br>GABRIEL LUCAS GIROTI<br>GABRIELA ARAO LIMA DOS SANTOS SILVA<br>GABRIELA NAMIE IMOTO<br>GIOVANNA GAMERO VILELA<br>GIOVANNA TOMAZ ROCHA<br>GRAZIELLI CANDIDA MOREIRA SANTOS<br>INGRID MIDORI NOGUTI CATARINO<br>ISABELA KAORI YANABA TAGUCHI<br>ISABELLA PONTES DO NASCIMENTO<br>IZABELLE HASHIMOTO LIMA ARAUJO<br>JHULYA HAAS<br>JO\u00c3O CARLOS RUZZENE JUNIOR<br>JOSE SILVIO COSTA DO NASCIMENTO<br>J\u00daLIA DA SILVA PEREIRA<br>JULIA DAVID LOUREIRO<br>JULIA LOCATELLI<br>JULIA VIT\u00d3RIA BERTIM MORAIS<br>KAEL FERNANDES DA SILVA<br>KAUE IWANAGA TAKEDA PAIS<br>LARA CAMILLO JUSTO<br>LAURA GABRIELA FIGUEIREDO VIDAL<br>LEONARDO GABELONI BONFIM<br>LEONARDO TOZATTO<br>LETICIA MARIA YUKARI WADA<br>LET\u00cdCIA PEREIRA NERIS<br>L\u00cdVIA ALVES SOARES SILVA<br>LUANA GON\u00c7ALVES PROEN\u00c7A DA SILVA<br>LUANA URTADO BATISTA<br>LUCAS DA SILVA PEREIRA<br>LUIZA BOLZANI VIANA ROSA<br>MADILEINE MATIAS PEREIRA<br>MARIA CLARA CARRASCO M\u00c1RCIO<br>MARIA CLARA PEDRO TORRES<br>MARIA EMANUELLE DOS SANTOS GIMENEZ<br>MARIANE TRENTINI FONTANA<br>MELISSA OLIVEIRA CARVALHO<br>NICOLAS MARQUES GOMES NASCIMENTO<br>NICOLE MARTINS HUMMEL<br>NICOLE MAYUMI MATOS AIDA<br>NICOLLE ELO\u00c1 MOREIRA<br>NICOLLY DE SOUZA BATISTA<br>NICOLLY NAMIE ONISHE<br>NOVEMBER MACHADO AMARAL<br>RAFAEL ROSSAFA RODRIGUES<br>RENAN PEREIRA DE MELLO<br>RONNAN YUDI ENOMOTO MORAES<br>SOFIA MOTTA CORNWELL<br>TA\u00cdS DAMASCENO CHIAVELI<br>TH\u00c1LIA MAFRA DIOGO DOS SANTOS<br>TIAGO FERNANDES CORR\u00caA<br>VITOR GABRIEL DOS SANTOS<br>VIT\u00d3RIA CORREIA LEMES DO NASCIMENTO<br>YASMIN TONELLI FREITAS<br>YCARO VIEIRA COSTA<\/p>\n\n\n\n<div style=\"height:20px\" aria-hidden=\"true\" class=\"wp-block-spacer\"><\/div>\n\n\n\n<p><strong>DOCENTES PARTICIPANTES<\/strong><\/p>\n\n\n\n<p>CARLA JULIANA GALV\u00c3O ALVES<br>DANILLO GIMENES VILLA<br>EDSON LUIZ DA SILVA VIEIRA<br>VALTER DO CARMO MOREIRA<br>VANESSA TAVARES DA SILVA<\/p>\n","protected":false},"excerpt":{"rendered":"<p>Cursos Inscritos Premiados 2025 Artes Visuais Resumo da A\u00e7\u00e3o: Durante a Semana de Recep\u00e7\u00e3o dos Calouros de Artes Visuais de 2025, a comiss\u00e3o organizadora, em conjunto com o colegiado, estruturou um cronograma para turmas dos turnos matutino e noturno, garantindo a participa\u00e7\u00e3o de ingressantes, veteranos e corpo docente. Na segunda-feira, pelo turno matutino, houve apresenta\u00e7\u00e3o [&hellip;]<\/p>\n","protected":false},"author":8,"featured_media":0,"parent":0,"menu_order":0,"comment_status":"closed","ping_status":"closed","template":"","meta":{"_acf_changed":false,"_themeisle_gutenberg_block_has_review":false,"footnotes":""},"class_list":["post-8171","page","type-page","status-publish","hentry"],"acf":[],"_links":{"self":[{"href":"https:\/\/sites.uel.br\/ser\/wp-json\/wp\/v2\/pages\/8171","targetHints":{"allow":["GET"]}}],"collection":[{"href":"https:\/\/sites.uel.br\/ser\/wp-json\/wp\/v2\/pages"}],"about":[{"href":"https:\/\/sites.uel.br\/ser\/wp-json\/wp\/v2\/types\/page"}],"author":[{"embeddable":true,"href":"https:\/\/sites.uel.br\/ser\/wp-json\/wp\/v2\/users\/8"}],"replies":[{"embeddable":true,"href":"https:\/\/sites.uel.br\/ser\/wp-json\/wp\/v2\/comments?post=8171"}],"version-history":[{"count":10,"href":"https:\/\/sites.uel.br\/ser\/wp-json\/wp\/v2\/pages\/8171\/revisions"}],"predecessor-version":[{"id":8646,"href":"https:\/\/sites.uel.br\/ser\/wp-json\/wp\/v2\/pages\/8171\/revisions\/8646"}],"wp:attachment":[{"href":"https:\/\/sites.uel.br\/ser\/wp-json\/wp\/v2\/media?parent=8171"}],"curies":[{"name":"wp","href":"https:\/\/api.w.org\/{rel}","templated":true}]}}