{"id":8170,"date":"2025-05-28T16:09:11","date_gmt":"2025-05-28T19:09:11","guid":{"rendered":"https:\/\/sites.uel.br\/ser\/?page_id=8170"},"modified":"2025-08-25T14:04:59","modified_gmt":"2025-08-25T17:04:59","slug":"premio-boas-praticas-na-recepcao-aos-estudantes-ingressantes-premiados-2025-arquivologia-biblioteconomia","status":"publish","type":"page","link":"https:\/\/sites.uel.br\/ser\/premio-boas-praticas-na-recepcao-aos-estudantes-ingressantes-premiados-2025-arquivologia-biblioteconomia\/","title":{"rendered":"Pr\u00eamio Boas Pr\u00e1ticas Solid\u00e1rias na Recep\u00e7\u00e3o aos Estudantes Ingressantes"},"content":{"rendered":"\n<hr class=\"wp-block-separator has-alpha-channel-opacity is-style-wide\" \/>\n\n\n<div class=\"wp-block-image\">\n<figure class=\"aligncenter size-full\"><img loading=\"lazy\" decoding=\"async\" width=\"1279\" height=\"510\" src=\"https:\/\/sites.uel.br\/ser\/wp-content\/uploads\/2025\/03\/topo_ser_uel_2025.png\" alt=\"\" class=\"wp-image-7631\" srcset=\"https:\/\/sites.uel.br\/ser\/wp-content\/uploads\/2025\/03\/topo_ser_uel_2025.png 1279w, https:\/\/sites.uel.br\/ser\/wp-content\/uploads\/2025\/03\/topo_ser_uel_2025-300x120.png 300w, https:\/\/sites.uel.br\/ser\/wp-content\/uploads\/2025\/03\/topo_ser_uel_2025-1024x408.png 1024w, https:\/\/sites.uel.br\/ser\/wp-content\/uploads\/2025\/03\/topo_ser_uel_2025-768x306.png 768w\" sizes=\"auto, (max-width: 1279px) 100vw, 1279px\" \/><\/figure>\n<\/div>\n\n\n<h2 class=\"wp-block-heading\">Cursos Inscritos Premiados<\/h2>\n\n\n\n<h2 class=\"wp-block-heading\">2025<\/h2>\n\n\n\n<h2 class=\"wp-block-heading\">Arquivologia e Biblioteconomia<\/h2>\n\n\n\n<p><strong>Resumo da A\u00e7\u00e3o:<\/strong><\/p>\n\n\n\n<p>Durante a Semana de Recep\u00e7\u00e3o aos Ingressantes 2025, os veteranos do Curso de Arquivologia e Biblioteconomia mobilizaram os ingressantes e demais estudantes do curso a participar da a\u00e7\u00e3o \u201cArrecada\u00e7\u00e3o de doa\u00e7\u00f5es de lacres de alum\u00ednio, tampinhas pl\u00e1sticas e Cupom Fiscal para o Brech\u00f3 do Bem da ONG VIVER\u201d. A campanha de arrecada\u00e7\u00e3o seguiu at\u00e9 o dia 24\/04\/25. Foram arrecadados milhares de tampinhas pl\u00e1sticas e lacres de alum\u00ednio, al\u00e9m de in\u00fameros cupons fiscais. Esses materiais foram entregues na ONG VIVER no dia 28\/04\/2025.<\/p>\n\n\n\n<p><em>Obs: texto confeccionado pelos estudantes de Gradua\u00e7\u00e3o e\/ou Coordena\u00e7\u00e3o do curso.<\/em><\/p>\n\n\n\n<hr class=\"wp-block-separator has-text-color has-cinza-color has-css-opacity has-cinza-background-color has-background is-style-wide\" \/>\n\n\n<div class=\"wp-block-image\">\n<figure class=\"aligncenter size-large\"><img decoding=\"async\" src=\"https:\/\/sites.uel.br\/ser\/wp-content\/uploads\/imagens\/2025\/arquivologia_biblioteconomia\/01.jpeg\" alt=\"\" \/><\/figure>\n<\/div>\n\n<div class=\"wp-block-image\">\n<figure class=\"aligncenter size-large\"><img decoding=\"async\" src=\"https:\/\/sites.uel.br\/ser\/wp-content\/uploads\/imagens\/2025\/arquivologia_biblioteconomia\/02.jpeg\" alt=\"\" \/><\/figure>\n<\/div>\n\n<div class=\"wp-block-image\">\n<figure class=\"aligncenter size-large\"><img decoding=\"async\" src=\"https:\/\/sites.uel.br\/ser\/wp-content\/uploads\/imagens\/2025\/arquivologia_biblioteconomia\/03.jpeg\" alt=\"\" \/><\/figure>\n<\/div>\n\n<div class=\"wp-block-image\">\n<figure class=\"aligncenter size-large\"><img decoding=\"async\" src=\"https:\/\/sites.uel.br\/ser\/wp-content\/uploads\/imagens\/2025\/arquivologia_biblioteconomia\/04.jpeg\" alt=\"\" \/><\/figure>\n<\/div>\n\n<div class=\"wp-block-image\">\n<figure class=\"aligncenter size-large\"><img decoding=\"async\" src=\"https:\/\/sites.uel.br\/ser\/wp-content\/uploads\/imagens\/2025\/arquivologia_biblioteconomia\/05.jpeg\" alt=\"\" \/><\/figure>\n<\/div>\n\n<div class=\"wp-block-image\">\n<figure class=\"aligncenter size-large\"><img decoding=\"async\" src=\"https:\/\/sites.uel.br\/ser\/wp-content\/uploads\/imagens\/2025\/arquivologia_biblioteconomia\/06.jpeg\" alt=\"\" \/><\/figure>\n<\/div>\n\n\n<hr class=\"wp-block-separator has-text-color has-cinza-color has-css-opacity has-cinza-background-color has-background is-style-wide\" \/>\n\n\n\n<p><strong>ESTUDANTES PARTICIPANTES<\/strong><\/p>\n\n\n\n<p><strong>ARQUIVOLOGIA<\/strong><\/p>\n\n\n\n<p>ARIANE MICHELE DA SILVA FEITOSA<br>ERIKA MIYUKI AKAHO<br>GABRIEL SABI\u00c3O DE OLIVEIRA<br>JUCILENE DE MELO PLACIDO TONASSI<br>JULIA ARRUDA FRANZON<br>KAYLANY KAVATSU DINIZ<br>LOANA MARIA LIMA LOURENCO<br>MIRIAN REGINA MENEGUETTI<br>RAYSSA PAULA DE OLIVEIRA<\/p>\n\n\n\n<p><strong>BIBLIOTECONOMIA<\/strong><\/p>\n\n\n\n<p>ALMIR ROGERIO SANDI<br>CLARICE DA SILVA PONTES<br>DANIELLA HASSUIKE DOLIBAINA<br>GIOVANA MARQUESETE<br>ISABELLA HASSUIKE DOLIBAINA<br>JAIR GUSTAVO CHAVES SILVA<br>KAREN MONTEIRO DE SOUZA<br>KAUANNY LUIZA DE SOUZA SANTOS<br>KESYA EMILLY SANTOS RIBEIRO<br>MARCIA DA ROCHA GALV\u00c3O<br>MARIA EDUARDA GON\u00c7ALVES CORREIA<br>MARIA PAULA CARNELOSSI DA SILVA<br>MARIA VIT\u00d3RIA MACHADO FIEL<br>NATALIA SELLA CAROCIA<br>NICOLLE MARTINS AMORIM<br>PEDRO HENRIQUE BEZERRA DE SOUZA<br>RENAN DONIZETE ALMEIDA BORGES<\/p>\n\n\n\n<div style=\"height:20px\" aria-hidden=\"true\" class=\"wp-block-spacer\"><\/div>\n\n\n\n<p><strong>DOCENTES PARTICIPANTES<\/strong><\/p>\n\n\n\n<p><strong>ARQUIVOLOGIA<\/strong><\/p>\n\n\n\n<p>CRISTINA RIBEIRO DOS SANTOS<br>LET\u00cdCIA GORRI MOLINA<\/p>\n\n\n\n<p><strong>BIBLIOTECONOMIA<\/strong><\/p>\n\n\n\n<p>ADRIANA ROSECLER ALCAR\u00c1 ENGELMANN<br>JULIANA CARDOSO DOS SANTOS<\/p>\n\n\n\n<p><\/p>\n","protected":false},"excerpt":{"rendered":"<p>Cursos Inscritos Premiados 2025 Arquivologia e Biblioteconomia Resumo da A\u00e7\u00e3o: Durante a Semana de Recep\u00e7\u00e3o aos Ingressantes 2025, os veteranos do Curso de Arquivologia e Biblioteconomia mobilizaram os ingressantes e demais estudantes do curso a participar da a\u00e7\u00e3o \u201cArrecada\u00e7\u00e3o de doa\u00e7\u00f5es de lacres de alum\u00ednio, tampinhas pl\u00e1sticas e Cupom Fiscal para o Brech\u00f3 do Bem [&hellip;]<\/p>\n","protected":false},"author":8,"featured_media":0,"parent":0,"menu_order":0,"comment_status":"closed","ping_status":"closed","template":"","meta":{"_acf_changed":false,"_themeisle_gutenberg_block_has_review":false,"footnotes":""},"class_list":["post-8170","page","type-page","status-publish","hentry"],"acf":[],"_links":{"self":[{"href":"https:\/\/sites.uel.br\/ser\/wp-json\/wp\/v2\/pages\/8170","targetHints":{"allow":["GET"]}}],"collection":[{"href":"https:\/\/sites.uel.br\/ser\/wp-json\/wp\/v2\/pages"}],"about":[{"href":"https:\/\/sites.uel.br\/ser\/wp-json\/wp\/v2\/types\/page"}],"author":[{"embeddable":true,"href":"https:\/\/sites.uel.br\/ser\/wp-json\/wp\/v2\/users\/8"}],"replies":[{"embeddable":true,"href":"https:\/\/sites.uel.br\/ser\/wp-json\/wp\/v2\/comments?post=8170"}],"version-history":[{"count":13,"href":"https:\/\/sites.uel.br\/ser\/wp-json\/wp\/v2\/pages\/8170\/revisions"}],"predecessor-version":[{"id":8687,"href":"https:\/\/sites.uel.br\/ser\/wp-json\/wp\/v2\/pages\/8170\/revisions\/8687"}],"wp:attachment":[{"href":"https:\/\/sites.uel.br\/ser\/wp-json\/wp\/v2\/media?parent=8170"}],"curies":[{"name":"wp","href":"https:\/\/api.w.org\/{rel}","templated":true}]}}

Prêmio Boas Práticas Solidárias na Recepção aos Estudantes Ingressantes

<hr class="wp-block-separator has-alpha-channel-opacity is-style-wide" />


<div class="wp-block-image">
<figure class="aligncenter size-full"><img loading="lazy" decoding="async" width="1279" height="510" src="https://sites.uel.br/ser/wp-content/uploads/2025/03/topo_ser_uel_2025.png" alt="" class="wp-image-7631" srcset="https://sites.uel.br/ser/wp-content/uploads/2025/03/topo_ser_uel_2025.png 1279w, https://sites.uel.br/ser/wp-content/uploads/2025/03/topo_ser_uel_2025-300x120.png 300w, https://sites.uel.br/ser/wp-content/uploads/2025/03/topo_ser_uel_2025-1024x408.png 1024w, https://sites.uel.br/ser/wp-content/uploads/2025/03/topo_ser_uel_2025-768x306.png 768w" sizes="auto, (max-width: 1279px) 100vw, 1279px" /></figure>
</div>


<h2 class="wp-block-heading">Cursos Inscritos Premiados</h2>



<h2 class="wp-block-heading">2025</h2>



<h2 class="wp-block-heading">Arquivologia e Biblioteconomia</h2>



<p><strong>Resumo da Ação:</strong></p>



<p>Durante a Semana de Recepção aos Ingressantes 2025, os veteranos do Curso de Arquivologia e Biblioteconomia mobilizaram os ingressantes e demais estudantes do curso a participar da ação “Arrecadação de doações de lacres de alumínio, tampinhas plásticas e Cupom Fiscal para o Brechó do Bem da ONG VIVER”. A campanha de arrecadação seguiu até o dia 24/04/25. Foram arrecadados milhares de tampinhas plásticas e lacres de alumínio, além de inúmeros cupons fiscais. Esses materiais foram entregues na ONG VIVER no dia 28/04/2025.</p>



<p><em>Obs: texto confeccionado pelos estudantes de Graduação e/ou Coordenação do curso.</em></p>



<hr class="wp-block-separator has-text-color has-cinza-color has-css-opacity has-cinza-background-color has-background is-style-wide" />


<div class="wp-block-image">
<figure class="aligncenter size-large"><img decoding="async" src="https://sites.uel.br/ser/wp-content/uploads/imagens/2025/arquivologia_biblioteconomia/01.jpeg" alt="" /></figure>
</div>

<div class="wp-block-image">
<figure class="aligncenter size-large"><img decoding="async" src="https://sites.uel.br/ser/wp-content/uploads/imagens/2025/arquivologia_biblioteconomia/02.jpeg" alt="" /></figure>
</div>

<div class="wp-block-image">
<figure class="aligncenter size-large"><img decoding="async" src="https://sites.uel.br/ser/wp-content/uploads/imagens/2025/arquivologia_biblioteconomia/03.jpeg" alt="" /></figure>
</div>

<div class="wp-block-image">
<figure class="aligncenter size-large"><img decoding="async" src="https://sites.uel.br/ser/wp-content/uploads/imagens/2025/arquivologia_biblioteconomia/04.jpeg" alt="" /></figure>
</div>

<div class="wp-block-image">
<figure class="aligncenter size-large"><img decoding="async" src="https://sites.uel.br/ser/wp-content/uploads/imagens/2025/arquivologia_biblioteconomia/05.jpeg" alt="" /></figure>
</div>

<div class="wp-block-image">
<figure class="aligncenter size-large"><img decoding="async" src="https://sites.uel.br/ser/wp-content/uploads/imagens/2025/arquivologia_biblioteconomia/06.jpeg" alt="" /></figure>
</div>


<hr class="wp-block-separator has-text-color has-cinza-color has-css-opacity has-cinza-background-color has-background is-style-wide" />



<p><strong>ESTUDANTES PARTICIPANTES</strong></p>



<p><strong>ARQUIVOLOGIA</strong></p>



<p>ARIANE MICHELE DA SILVA FEITOSA<br>ERIKA MIYUKI AKAHO<br>GABRIEL SABIÃO DE OLIVEIRA<br>JUCILENE DE MELO PLACIDO TONASSI<br>JULIA ARRUDA FRANZON<br>KAYLANY KAVATSU DINIZ<br>LOANA MARIA LIMA LOURENCO<br>MIRIAN REGINA MENEGUETTI<br>RAYSSA PAULA DE OLIVEIRA</p>



<p><strong>BIBLIOTECONOMIA</strong></p>



<p>ALMIR ROGERIO SANDI<br>CLARICE DA SILVA PONTES<br>DANIELLA HASSUIKE DOLIBAINA<br>GIOVANA MARQUESETE<br>ISABELLA HASSUIKE DOLIBAINA<br>JAIR GUSTAVO CHAVES SILVA<br>KAREN MONTEIRO DE SOUZA<br>KAUANNY LUIZA DE SOUZA SANTOS<br>KESYA EMILLY SANTOS RIBEIRO<br>MARCIA DA ROCHA GALVÃO<br>MARIA EDUARDA GONÇALVES CORREIA<br>MARIA PAULA CARNELOSSI DA SILVA<br>MARIA VITÓRIA MACHADO FIEL<br>NATALIA SELLA CAROCIA<br>NICOLLE MARTINS AMORIM<br>PEDRO HENRIQUE BEZERRA DE SOUZA<br>RENAN DONIZETE ALMEIDA BORGES</p>



<div style="height:20px" aria-hidden="true" class="wp-block-spacer"></div>



<p><strong>DOCENTES PARTICIPANTES</strong></p>



<p><strong>ARQUIVOLOGIA</strong></p>



<p>CRISTINA RIBEIRO DOS SANTOS<br>LETÍCIA GORRI MOLINA</p>



<p><strong>BIBLIOTECONOMIA</strong></p>



<p>ADRIANA ROSECLER ALCARÁ ENGELMANN<br>JULIANA CARDOSO DOS SANTOS</p>



<p></p>

<p>Cursos Inscritos Premiados 2025 Arquivologia e Biblioteconomia Resumo da Ação: Durante a Semana de Recepção aos Ingressantes 2025, os veteranos do Curso de Arquivologia e Biblioteconomia mobilizaram os ingressantes e demais estudantes do curso a participar da ação “Arrecadação de doações de lacres de alumínio, tampinhas plásticas e Cupom Fiscal para o Brechó do Bem [&hellip;]</p>
