{"id":8169,"date":"2025-05-28T16:09:07","date_gmt":"2025-05-28T19:09:07","guid":{"rendered":"https:\/\/sites.uel.br\/ser\/?page_id=8169"},"modified":"2025-07-11T09:49:56","modified_gmt":"2025-07-11T12:49:56","slug":"premio-boas-praticas-na-recepcao-aos-estudantes-ingressantes-premiados-2025-agronomia","status":"publish","type":"page","link":"https:\/\/sites.uel.br\/ser\/premio-boas-praticas-na-recepcao-aos-estudantes-ingressantes-premiados-2025-agronomia\/","title":{"rendered":"Pr\u00eamio Boas Pr\u00e1ticas Solid\u00e1rias na Recep\u00e7\u00e3o aos Estudantes Ingressantes"},"content":{"rendered":"\n<hr class=\"wp-block-separator has-alpha-channel-opacity is-style-wide\" \/>\n\n\n<div class=\"wp-block-image\">\n<figure class=\"aligncenter size-full\"><img loading=\"lazy\" decoding=\"async\" width=\"1279\" height=\"510\" src=\"https:\/\/sites.uel.br\/ser\/wp-content\/uploads\/2025\/03\/topo_ser_uel_2025.png\" alt=\"\" class=\"wp-image-7631\" srcset=\"https:\/\/sites.uel.br\/ser\/wp-content\/uploads\/2025\/03\/topo_ser_uel_2025.png 1279w, https:\/\/sites.uel.br\/ser\/wp-content\/uploads\/2025\/03\/topo_ser_uel_2025-300x120.png 300w, https:\/\/sites.uel.br\/ser\/wp-content\/uploads\/2025\/03\/topo_ser_uel_2025-1024x408.png 1024w, https:\/\/sites.uel.br\/ser\/wp-content\/uploads\/2025\/03\/topo_ser_uel_2025-768x306.png 768w\" sizes=\"auto, (max-width: 1279px) 100vw, 1279px\" \/><\/figure>\n<\/div>\n\n\n<h2 class=\"wp-block-heading\">Cursos Inscritos Premiados<\/h2>\n\n\n\n<h2 class=\"wp-block-heading\">2025<\/h2>\n\n\n\n<h2 class=\"wp-block-heading\">Agronomia<\/h2>\n\n\n\n<p><strong>Resumo da A\u00e7\u00e3o:<\/strong><\/p>\n\n\n\n<p><strong>A\u00c7\u00c3O 1<\/strong><br><br>Foi arrecadado alimentos pelos alunos do cursos de Agronomia e Zootecnia e funcion\u00e1rios do CCA.<br>Foi realizado a doa\u00e7\u00e3o dos alimentos.<br>Local: &#8220;Asilo S\u00e3o Vicente de Paula&#8221;.<br>A\u00e7\u00e3o conjunta da Empresa J\u00fanior de Agronomia, Empresa J\u00fanior de Zootecnia, PET Zootecnia e Centro Acad\u00eamico da Agronomia e Centro Acad\u00eamico da Zootecnia, realizando a entrega dos alimentos no Asilo.<br>Os alunos passaram uma tarde com os idosos no Asilo, fazendo um bingo.<\/p>\n\n\n\n<p><strong>A\u00c7\u00c3O 2<\/strong><br><br>Foi arrecadado chocolates pelos alunos do cursos de Agronomia, Veterin\u00e1ria e Zootecnia e funcion\u00e1rios do CCA.<br>Foi realizado a doa\u00e7\u00e3o dos chocolates para as crian\u00e7as.<br>Local: &#8220;Coletivo Ciranda da Paz&#8221;, no Jardim Nossa Senhora da Paz, Bratac.<br>A\u00e7\u00e3o conjunta da Empresa J\u00fanior de Agronomia, Empresa J\u00fanior de Zootecnia, Empresa J\u00fanior da Veterin\u00e1ria, PET Zootecnia, Centro Acad\u00eamico da Agronomia, Centro Acad\u00eamico da Veterin\u00e1ria e Centro Acad\u00eamico da Zootecnia, realizando a entrega dos chocolates na Bratac.<\/p>\n\n\n\n<p><em>Obs: texto confeccionado pelos estudantes de Gradua\u00e7\u00e3o e\/ou Coordena\u00e7\u00e3o do curso.<\/em><\/p>\n\n\n\n<hr class=\"wp-block-separator has-text-color has-cinza-color has-css-opacity has-cinza-background-color has-background is-style-wide\" \/>\n\n\n\n<figure class=\"wp-block-embed is-type-video is-provider-youtube wp-block-embed-youtube wp-embed-aspect-16-9 wp-has-aspect-ratio\"><div class=\"wp-block-embed__wrapper\">\n<iframe loading=\"lazy\" title=\"Pr\u00eamio Boas Pr\u00e1ticas Solid\u00e1rias na Semana do Estudante Ingressante 2025 (Agronomia)\" width=\"500\" height=\"281\" src=\"https:\/\/www.youtube.com\/embed\/NydUn_P3dGo?feature=oembed\" frameborder=\"0\" allow=\"accelerometer; autoplay; clipboard-write; encrypted-media; gyroscope; picture-in-picture; web-share\" referrerpolicy=\"strict-origin-when-cross-origin\" allowfullscreen><\/iframe>\n<\/div><\/figure>\n\n\n<div class=\"wp-block-image\">\n<figure class=\"aligncenter size-large\"><img decoding=\"async\" src=\"https:\/\/sites.uel.br\/ser\/wp-content\/uploads\/imagens\/2025\/agronomia\/01.jpg\" alt=\"\" \/><\/figure>\n<\/div>\n\n<div class=\"wp-block-image\">\n<figure class=\"aligncenter size-large\"><img decoding=\"async\" src=\"https:\/\/sites.uel.br\/ser\/wp-content\/uploads\/imagens\/2025\/agronomia\/02.jpg\" alt=\"\" \/><\/figure>\n<\/div>\n\n<div class=\"wp-block-image\">\n<figure class=\"aligncenter size-large\"><img decoding=\"async\" src=\"https:\/\/sites.uel.br\/ser\/wp-content\/uploads\/imagens\/2025\/agronomia\/03.jpg\" alt=\"\" \/><\/figure>\n<\/div>\n\n<div class=\"wp-block-image\">\n<figure class=\"aligncenter size-large\"><img decoding=\"async\" src=\"https:\/\/sites.uel.br\/ser\/wp-content\/uploads\/imagens\/2025\/agronomia\/04.jpg\" alt=\"\" \/><\/figure>\n<\/div>\n\n<div class=\"wp-block-image\">\n<figure class=\"aligncenter size-large\"><img decoding=\"async\" src=\"https:\/\/sites.uel.br\/ser\/wp-content\/uploads\/imagens\/2025\/agronomia\/05.jpg\" alt=\"\" \/><\/figure>\n<\/div>\n\n\n<hr class=\"wp-block-separator has-text-color has-cinza-color has-css-opacity has-cinza-background-color has-background is-style-wide\" \/>\n\n\n\n<p><strong>ESTUDANTES PARTICIPANTES<\/strong><\/p>\n\n\n\n<p>ANA CLARA CHAVES DA SILVA<br>ANA JULIA SILVEIRA BARBOSA DA CRUZ<br>BEATRIZ BARBOSA DE LIMA<br>GUILHERME KAUE DOS SEIS GON\u00c7ALVES<br>ISABELLE PEREIRA CURELO<br>JO\u00c3O PEDRO MASSARIOLLI DE CAMPOS<br>JO\u00c3O S\u00c1VIO PELISSON DE ALMEIDA<br>JULIA LIMA SOUZA<br>MARCOS LEONARDO DA CUNHA<br>MARIANA DIAS BIONDI DE ANDRADE<br>PEDRO BULLE MONOBI<br>SOPHIA SANT&#8217;ANA DE MORAIS LEITE <br>YURI LUIS REDONDO DE MORAIS<\/p>\n\n\n\n<div style=\"height:20px\" aria-hidden=\"true\" class=\"wp-block-spacer\"><\/div>\n\n\n\n<p><strong>DOCENTES PARTICIPANTES<\/strong><\/p>\n\n\n\n<p>ADILSON LUIZ SEIFERT<br>AMARILDO PASINI<br>ANA MARIA BRIDI<br>IN\u00caS CRISTINA DE BATISTA FONSECA<br>ROBERTO CARLOS QUEIROZ<br>SANDRA GALBEIRO<br>T\u00c2NIA LUIZA DA SILVA TOFFOLLI<\/p>\n","protected":false},"excerpt":{"rendered":"<p>Cursos Inscritos Premiados 2025 Agronomia Resumo da A\u00e7\u00e3o: A\u00c7\u00c3O 1 Foi arrecadado alimentos pelos alunos do cursos de Agronomia e Zootecnia e funcion\u00e1rios do CCA.Foi realizado a doa\u00e7\u00e3o dos alimentos.Local: &#8220;Asilo S\u00e3o Vicente de Paula&#8221;.A\u00e7\u00e3o conjunta da Empresa J\u00fanior de Agronomia, Empresa J\u00fanior de Zootecnia, PET Zootecnia e Centro Acad\u00eamico da Agronomia e Centro Acad\u00eamico [&hellip;]<\/p>\n","protected":false},"author":8,"featured_media":0,"parent":0,"menu_order":0,"comment_status":"closed","ping_status":"closed","template":"","meta":{"_acf_changed":false,"_themeisle_gutenberg_block_has_review":false,"footnotes":""},"class_list":["post-8169","page","type-page","status-publish","hentry"],"acf":[],"_links":{"self":[{"href":"https:\/\/sites.uel.br\/ser\/wp-json\/wp\/v2\/pages\/8169","targetHints":{"allow":["GET"]}}],"collection":[{"href":"https:\/\/sites.uel.br\/ser\/wp-json\/wp\/v2\/pages"}],"about":[{"href":"https:\/\/sites.uel.br\/ser\/wp-json\/wp\/v2\/types\/page"}],"author":[{"embeddable":true,"href":"https:\/\/sites.uel.br\/ser\/wp-json\/wp\/v2\/users\/8"}],"replies":[{"embeddable":true,"href":"https:\/\/sites.uel.br\/ser\/wp-json\/wp\/v2\/comments?post=8169"}],"version-history":[{"count":11,"href":"https:\/\/sites.uel.br\/ser\/wp-json\/wp\/v2\/pages\/8169\/revisions"}],"predecessor-version":[{"id":8628,"href":"https:\/\/sites.uel.br\/ser\/wp-json\/wp\/v2\/pages\/8169\/revisions\/8628"}],"wp:attachment":[{"href":"https:\/\/sites.uel.br\/ser\/wp-json\/wp\/v2\/media?parent=8169"}],"curies":[{"name":"wp","href":"https:\/\/api.w.org\/{rel}","templated":true}]}}

Prêmio Boas Práticas Solidárias na Recepção aos Estudantes Ingressantes

<hr class="wp-block-separator has-alpha-channel-opacity is-style-wide" />


<div class="wp-block-image">
<figure class="aligncenter size-full"><img loading="lazy" decoding="async" width="1279" height="510" src="https://sites.uel.br/ser/wp-content/uploads/2025/03/topo_ser_uel_2025.png" alt="" class="wp-image-7631" srcset="https://sites.uel.br/ser/wp-content/uploads/2025/03/topo_ser_uel_2025.png 1279w, https://sites.uel.br/ser/wp-content/uploads/2025/03/topo_ser_uel_2025-300x120.png 300w, https://sites.uel.br/ser/wp-content/uploads/2025/03/topo_ser_uel_2025-1024x408.png 1024w, https://sites.uel.br/ser/wp-content/uploads/2025/03/topo_ser_uel_2025-768x306.png 768w" sizes="auto, (max-width: 1279px) 100vw, 1279px" /></figure>
</div>


<h2 class="wp-block-heading">Cursos Inscritos Premiados</h2>



<h2 class="wp-block-heading">2025</h2>



<h2 class="wp-block-heading">Agronomia</h2>



<p><strong>Resumo da Ação:</strong></p>



<p><strong>AÇÃO 1</strong><br><br>Foi arrecadado alimentos pelos alunos do cursos de Agronomia e Zootecnia e funcionários do CCA.<br>Foi realizado a doação dos alimentos.<br>Local: &#8220;Asilo São Vicente de Paula&#8221;.<br>Ação conjunta da Empresa Júnior de Agronomia, Empresa Júnior de Zootecnia, PET Zootecnia e Centro Acadêmico da Agronomia e Centro Acadêmico da Zootecnia, realizando a entrega dos alimentos no Asilo.<br>Os alunos passaram uma tarde com os idosos no Asilo, fazendo um bingo.</p>



<p><strong>AÇÃO 2</strong><br><br>Foi arrecadado chocolates pelos alunos do cursos de Agronomia, Veterinária e Zootecnia e funcionários do CCA.<br>Foi realizado a doação dos chocolates para as crianças.<br>Local: &#8220;Coletivo Ciranda da Paz&#8221;, no Jardim Nossa Senhora da Paz, Bratac.<br>Ação conjunta da Empresa Júnior de Agronomia, Empresa Júnior de Zootecnia, Empresa Júnior da Veterinária, PET Zootecnia, Centro Acadêmico da Agronomia, Centro Acadêmico da Veterinária e Centro Acadêmico da Zootecnia, realizando a entrega dos chocolates na Bratac.</p>



<p><em>Obs: texto confeccionado pelos estudantes de Graduação e/ou Coordenação do curso.</em></p>



<hr class="wp-block-separator has-text-color has-cinza-color has-css-opacity has-cinza-background-color has-background is-style-wide" />



<figure class="wp-block-embed is-type-video is-provider-youtube wp-block-embed-youtube wp-embed-aspect-16-9 wp-has-aspect-ratio"><div class="wp-block-embed__wrapper">
<iframe loading="lazy" title="Prêmio Boas Práticas Solidárias na Semana do Estudante Ingressante 2025 (Agronomia)" width="500" height="281" src="https://www.youtube.com/embed/NydUn_P3dGo?feature=oembed" frameborder="0" allow="accelerometer; autoplay; clipboard-write; encrypted-media; gyroscope; picture-in-picture; web-share" referrerpolicy="strict-origin-when-cross-origin" allowfullscreen></iframe>
</div></figure>


<div class="wp-block-image">
<figure class="aligncenter size-large"><img decoding="async" src="https://sites.uel.br/ser/wp-content/uploads/imagens/2025/agronomia/01.jpg" alt="" /></figure>
</div>

<div class="wp-block-image">
<figure class="aligncenter size-large"><img decoding="async" src="https://sites.uel.br/ser/wp-content/uploads/imagens/2025/agronomia/02.jpg" alt="" /></figure>
</div>

<div class="wp-block-image">
<figure class="aligncenter size-large"><img decoding="async" src="https://sites.uel.br/ser/wp-content/uploads/imagens/2025/agronomia/03.jpg" alt="" /></figure>
</div>

<div class="wp-block-image">
<figure class="aligncenter size-large"><img decoding="async" src="https://sites.uel.br/ser/wp-content/uploads/imagens/2025/agronomia/04.jpg" alt="" /></figure>
</div>

<div class="wp-block-image">
<figure class="aligncenter size-large"><img decoding="async" src="https://sites.uel.br/ser/wp-content/uploads/imagens/2025/agronomia/05.jpg" alt="" /></figure>
</div>


<hr class="wp-block-separator has-text-color has-cinza-color has-css-opacity has-cinza-background-color has-background is-style-wide" />



<p><strong>ESTUDANTES PARTICIPANTES</strong></p>



<p>ANA CLARA CHAVES DA SILVA<br>ANA JULIA SILVEIRA BARBOSA DA CRUZ<br>BEATRIZ BARBOSA DE LIMA<br>GUILHERME KAUE DOS SEIS GONÇALVES<br>ISABELLE PEREIRA CURELO<br>JOÃO PEDRO MASSARIOLLI DE CAMPOS<br>JOÃO SÁVIO PELISSON DE ALMEIDA<br>JULIA LIMA SOUZA<br>MARCOS LEONARDO DA CUNHA<br>MARIANA DIAS BIONDI DE ANDRADE<br>PEDRO BULLE MONOBI<br>SOPHIA SANT&#8217;ANA DE MORAIS LEITE <br>YURI LUIS REDONDO DE MORAIS</p>



<div style="height:20px" aria-hidden="true" class="wp-block-spacer"></div>



<p><strong>DOCENTES PARTICIPANTES</strong></p>



<p>ADILSON LUIZ SEIFERT<br>AMARILDO PASINI<br>ANA MARIA BRIDI<br>INÊS CRISTINA DE BATISTA FONSECA<br>ROBERTO CARLOS QUEIROZ<br>SANDRA GALBEIRO<br>TÂNIA LUIZA DA SILVA TOFFOLLI</p>

<p>Cursos Inscritos Premiados 2025 Agronomia Resumo da Ação: AÇÃO 1 Foi arrecadado alimentos pelos alunos do cursos de Agronomia e Zootecnia e funcionários do CCA.Foi realizado a doação dos alimentos.Local: &#8220;Asilo São Vicente de Paula&#8221;.Ação conjunta da Empresa Júnior de Agronomia, Empresa Júnior de Zootecnia, PET Zootecnia e Centro Acadêmico da Agronomia e Centro Acadêmico [&hellip;]</p>
