{"id":8168,"date":"2025-05-28T16:09:05","date_gmt":"2025-05-28T19:09:05","guid":{"rendered":"https:\/\/sites.uel.br\/ser\/?page_id=8168"},"modified":"2025-07-11T09:49:52","modified_gmt":"2025-07-11T12:49:52","slug":"premio-boas-praticas-na-recepcao-aos-estudantes-ingressantes-premiados-2025-administracao-ciencias-contabeis-ciencias-economicas-direito-secretariado-executivo-e-servico-social","status":"publish","type":"page","link":"https:\/\/sites.uel.br\/ser\/premio-boas-praticas-na-recepcao-aos-estudantes-ingressantes-premiados-2025-administracao-ciencias-contabeis-ciencias-economicas-direito-secretariado-executivo-e-servico-social\/","title":{"rendered":"Pr\u00eamio Boas Pr\u00e1ticas Solid\u00e1rias na Recep\u00e7\u00e3o aos Estudantes Ingressantes"},"content":{"rendered":"\n<hr class=\"wp-block-separator has-alpha-channel-opacity is-style-wide\" \/>\n\n\n<div class=\"wp-block-image\">\n<figure class=\"aligncenter size-full\"><img loading=\"lazy\" decoding=\"async\" width=\"1279\" height=\"510\" src=\"https:\/\/sites.uel.br\/ser\/wp-content\/uploads\/2025\/03\/topo_ser_uel_2025.png\" alt=\"\" class=\"wp-image-7631\" srcset=\"https:\/\/sites.uel.br\/ser\/wp-content\/uploads\/2025\/03\/topo_ser_uel_2025.png 1279w, https:\/\/sites.uel.br\/ser\/wp-content\/uploads\/2025\/03\/topo_ser_uel_2025-300x120.png 300w, https:\/\/sites.uel.br\/ser\/wp-content\/uploads\/2025\/03\/topo_ser_uel_2025-1024x408.png 1024w, https:\/\/sites.uel.br\/ser\/wp-content\/uploads\/2025\/03\/topo_ser_uel_2025-768x306.png 768w\" sizes=\"auto, (max-width: 1279px) 100vw, 1279px\" \/><\/figure>\n<\/div>\n\n\n<h2 class=\"wp-block-heading\">Cursos Inscritos Premiados<\/h2>\n\n\n\n<h2 class=\"wp-block-heading\">2025<\/h2>\n\n\n\n<h2 class=\"wp-block-heading\">Administra\u00e7\u00e3o, Ci\u00eancias Cont\u00e1beis, Ci\u00eancias Econ\u00f4micas, Direito, Secretariado Executivo e Servi\u00e7o Social<\/h2>\n\n\n\n<p><strong>Resumo da A\u00e7\u00e3o:<\/strong><\/p>\n\n\n\n<p>1) Boas Pr\u00e1ticas CESA\/UEL: O Lar S\u00e3o Vicente de Paulo em Londrina \u00e9 uma das Obras Unidas da Sociedade de S\u00e3o Vicente de Paulo. Acolhemos idosos em situa\u00e7\u00e3o de vulnerabilidade. A\u00e7\u00e3o: Doa\u00e7\u00f5es ser\u00e3o toucas e toalhas de banho.<br><br>2) Projeto &#8220;Ler Para Libertar&#8221; oferece a possibilidade de remi\u00e7\u00e3o da pena a homens e mulheres por meio da leitura. A\u00e7\u00e3o: Doa\u00e7\u00e3o de Livros.<\/p>\n\n\n\n<p><\/p>\n\n\n\n<p><em>Obs: texto confeccionado pelos estudantes de Gradua\u00e7\u00e3o e\/ou Coordena\u00e7\u00e3o do curso.<\/em><\/p>\n\n\n\n<hr class=\"wp-block-separator has-text-color has-cinza-color has-css-opacity has-cinza-background-color has-background is-style-wide\" \/>\n\n\n<div class=\"wp-block-image\">\n<figure class=\"aligncenter size-large\"><img decoding=\"async\" src=\"https:\/\/sites.uel.br\/ser\/wp-content\/uploads\/imagens\/2025\/cesa\/01.jpeg\" alt=\"\" \/><\/figure>\n<\/div>\n\n<div class=\"wp-block-image\">\n<figure class=\"aligncenter size-large\"><img decoding=\"async\" src=\"https:\/\/sites.uel.br\/ser\/wp-content\/uploads\/imagens\/2025\/cesa\/02.jpeg\" alt=\"\" \/><\/figure>\n<\/div>\n\n<div class=\"wp-block-image\">\n<figure class=\"aligncenter size-large\"><img decoding=\"async\" src=\"https:\/\/sites.uel.br\/ser\/wp-content\/uploads\/imagens\/2025\/cesa\/03.jpeg\" alt=\"\" \/><\/figure>\n<\/div>\n\n<div class=\"wp-block-image\">\n<figure class=\"aligncenter size-large\"><img decoding=\"async\" src=\"https:\/\/sites.uel.br\/ser\/wp-content\/uploads\/imagens\/2025\/cesa\/04.jpeg\" alt=\"\" \/><\/figure>\n<\/div>\n\n<div class=\"wp-block-image\">\n<figure class=\"aligncenter size-large\"><img decoding=\"async\" src=\"https:\/\/sites.uel.br\/ser\/wp-content\/uploads\/imagens\/2025\/cesa\/05.jpeg\" alt=\"\" \/><\/figure>\n<\/div>\n\n<div class=\"wp-block-image\">\n<figure class=\"aligncenter size-large\"><img decoding=\"async\" src=\"https:\/\/sites.uel.br\/ser\/wp-content\/uploads\/imagens\/2025\/cesa\/06.jpeg\" alt=\"\" \/><\/figure>\n<\/div>\n\n<div class=\"wp-block-image\">\n<figure class=\"aligncenter size-large\"><img decoding=\"async\" src=\"https:\/\/sites.uel.br\/ser\/wp-content\/uploads\/imagens\/2025\/cesa\/07.jpeg\" alt=\"\" \/><\/figure>\n<\/div>\n\n<div class=\"wp-block-image\">\n<figure class=\"aligncenter size-large\"><img decoding=\"async\" src=\"https:\/\/sites.uel.br\/ser\/wp-content\/uploads\/imagens\/2025\/cesa\/08.jpeg\" alt=\"\" \/><\/figure>\n<\/div>\n\n<div class=\"wp-block-image\">\n<figure class=\"aligncenter size-large\"><img decoding=\"async\" src=\"https:\/\/sites.uel.br\/ser\/wp-content\/uploads\/imagens\/2025\/cesa\/09.jpeg\" alt=\"\" \/><\/figure>\n<\/div>\n\n\n<hr class=\"wp-block-separator has-text-color has-cinza-color has-css-opacity has-cinza-background-color has-background is-style-wide\" \/>\n\n\n\n<p><strong>ESTUDANTES PARTICIPANTES<\/strong><\/p>\n\n\n\n<p><strong>ADMINISTRA\u00c7\u00c3O<\/strong><\/p>\n\n\n\n<p>ANA EMANUELY LEODORO SANTANA<br>ARTHUR LUCAS MOLONI MOREIRA<br>CAETANO BARBOSA DE RESENDE<br>CLARA AYUMI YOKO<br>DANIEL NIGRO DOS SANTOS<br>DANIELLE DE SOUZA E SILVA GUISARDI<br>GABRIEL DE SOUZA MARCHI<br>GABRIELLE DOS SANTOS CORDEIRO<br>GIOVANNA EDUARDA RIBEIRO DE SOUZA<br>GIOVANNA MARIA MENDES<br>GUILHERME ALVES VITTORELLO<br>GUSTAVO HENRIQUE DE LIMA NESPOLO<br>HELENA TOKAIRIN POZZA<br>JO\u00c3O FERNADO BISSOQUI<br>JOAQUIM ANT\u00d4NIO MACEDO<br>KARLA KASSYANE DOS SANTOS SOUZA<br>LETICIA CRUZ DO NASCIMENTO BICHARA<br>LU\u00cdS FELIPE ALVES ANTONIO<br>LUIZA LOPES BUENO<br>MARCO AUR\u00c9LIO DINIZ<br>MARINA MITUGUI FINARDI<br>MATHEUS CERQUEIRA SILVA<br>MATHEUS MENDES SANTOS<br>RAFAEL ALMEIDA DO LAGO<br>RAFAEL BRENTAM ALVES<br>RAFAEL HUBERT BEHLAU<br>THOM\u00c1S OLIVEIRA FERREIRA SANTOS<br>WESLEY DOMINGUES DE CARVALHO<\/p>\n\n\n\n<p><strong>CI\u00caNCIAS CONT\u00c1BEIS<\/strong><\/p>\n\n\n\n<p>GABRIEL HENRIQUE DA SILVA RAMOS<br>GUILHERME BATISTA MONTEIRO<br>ISABELLA DA FRAN\u00c7A BORGES<br>LEANDRO FERREIRA DE CARVALHO JUNIOR<br>LEONARDO QUEIROZ DE OLIVEIRA<br>LET\u00cdCIA VIT\u00d3RIA ESTEV\u00c3O SALVADOR<br>LUCAS VIEIRA<br>MARIA AM\u00c9LIA ZANUTO<br>MARIA EDUARDA BOBIO<br>MARIA EDUARDA ESTANCIA GALINDO<br>MARIANA CAMPELO BRAGAN\u00c7A DE PINA<br>MARIANA GALACCI ALVES DOMICIANO<br>NATHALY CLARO DE BRITO<br>NATHALY CRISTIANY MOREIRA SILVA<br>NICOLE VILAS&nbsp;BOAS&nbsp;SANCHES<br>RAFAEL TERUO KENMOTSU<br>VICTOR DOURADO NOGUEIRA<\/p>\n\n\n\n<p><strong>CI\u00caNCIAS ECON\u00d4MICAS<\/strong><\/p>\n\n\n\n<p>ADRIANO FIGUEIRA<br>ANA PAULA DE SOUZA QUADRA<br>BEATRIZ CAROLINE VILLELA<br>BRUNO LEIDEMER SILVA<br>CAROLINE GRANDI DE OLIVEIRA<br>DAVI EDUARDO RODRIGUES MONTEIRO<br>EDUARDO AUGUSTO RIBEIRO PINTO<br>EULA PAULA DA SILVA<br>GUILHERME AUGUSTO CODATO GAVA SANTOS<br>GUSTAVO ROCCO<br>J\u00c9SSICA MIRANDA MOTOKI<br>LIANDRA RID\u00c3O ALVES<br>LUCAS MARQUES DE&nbsp;OLIVEIRA<br>MARCIO AUGUSTO CREMONEZI<br>MARIA EDUARDA APARECIDA RAMALHO<br>MARIA VIT\u00d3RIA TORTOLA<br>THIAGO ORLANDELLI COLAMONICO<br><br><strong>DIREITO<\/strong><\/p>\n\n\n\n<p>ANA LAURA DA SILVA GOMES<br>ANITA COELHO<br>JULIA DE SOUZA RAMOS E SILVA<br>NICOLE GOMES RODRIGUES<br>PAULA NATALIA DOS SANTOS GAMEIRO DE OLIVEIRA<br>SOFIA PEDRASSA PRATES<br><br><strong>SECRETARIADO EXECUTIVO<\/strong><\/p>\n\n\n\n<p>BEATRIZ ALEXIA ROVENA LUIZ<br>PAOLA LOPES<\/p>\n\n\n\n<p><strong>SERVI\u00c7O SOCIAL<\/strong><\/p>\n\n\n\n<p>ADRIANA ANDRADE DE ALMEIDA BARBOSA<br>ANA VITORIA CORDEIRO DO CARMO<br>ARIANE FRANCIELLE BOTELHO DE LIMA<br>CLODOALDO JOS\u00c9 LEANDRO<br>ELIANE BATISTA DOS SANTOS<br>FABIANA APARECIDA DO CARMO AMARAL DE SOUZA<br>MARCOS HENRIQUE ALVES DE CARVALHO<br>RAFAELA MULARI PAIVA ANTONIO<br>SABRINA RODRIGUES DELBIANCO<br>SANDRA SILVA NASCIMENTO<br>VITORIA LUANA BERNARDES DA SILVA<\/p>\n\n\n\n<div style=\"height:20px\" aria-hidden=\"true\" class=\"wp-block-spacer\"><\/div>\n\n\n\n<p><strong>DOCENTES PARTICIPANTES<\/strong><\/p>\n\n\n\n<p><strong><strong>ADMINISTRA\u00c7\u00c3O<\/strong><\/strong><\/p>\n\n\n\n<p>EDUARDO AUGUSTO DO ROSARIO CONTANI<br>LILIAN ALIGLERI<br>LUIS MIGUEL LUZIO DOS SANTOS&nbsp;<br>MARCIO NAKAYAMA MIURA<br>SAULO FABIANO AM\u00c2NCIO VIEIRA<br>SUELI F\u00c1TIMA CONSOLINI<br>THAIS ACCIOLY BACCARO<\/p>\n\n\n\n<p><strong>CI\u00caNCIAS CONT\u00c1BEIS<\/strong><\/p>\n\n\n\n<p>DAIANA BRAGUETO MARTINS<\/p>\n\n\n\n<p><strong>CI\u00caNCIAS ECON\u00d4MICAS<\/strong><\/p>\n\n\n\n<p>ANDR\u00c9IA MOREIRA DA FONSECA BOECHAT<br>CARLOS ROBERTO FERREIRA<br>CARLOS ROERTO FERREITA<br>FABIANO PRADO PEDROSO<br>IRENE DOMENES ZAPPAROLI<br>MARCIA GON\u00c7ALVES PIZAIA<br>PRISCILLA PERRUD SILVA<\/p>\n\n\n\n<p><strong>DIREITO<\/strong><\/p>\n\n\n\n<p>ANA CLAUDIA DUARTE PINHEIRO<br>JULIANA KIYOSEN NAKAYAMA<\/p>\n\n\n\n<p><strong>SECRETARIADO EXECUTIVO<\/strong><\/p>\n\n\n\n<p>MARLUCE FAGOTTI DE PAIVA<\/p>\n\n\n\n<p><strong>SERVI\u00c7O SOCIAL<\/strong><\/p>\n\n\n\n<p>ANA PATRICIA PIRES NALESSO<\/p>\n\n\n\n<p><strong>DIRE\u00c7\u00c3O DE CENTRO<\/strong><\/p>\n\n\n\n<p>CARLOS EDUARDO CALDARELLI<br>MIGUEL BELINATI PICCIRILLO<\/p>\n\n\n\n<p><\/p>\n","protected":false},"excerpt":{"rendered":"<p>Cursos Inscritos Premiados 2025 Administra\u00e7\u00e3o, Ci\u00eancias Cont\u00e1beis, Ci\u00eancias Econ\u00f4micas, Direito, Secretariado Executivo e Servi\u00e7o Social Resumo da A\u00e7\u00e3o: 1) Boas Pr\u00e1ticas CESA\/UEL: O Lar S\u00e3o Vicente de Paulo em Londrina \u00e9 uma das Obras Unidas da Sociedade de S\u00e3o Vicente de Paulo. Acolhemos idosos em situa\u00e7\u00e3o de vulnerabilidade. A\u00e7\u00e3o: Doa\u00e7\u00f5es ser\u00e3o toucas e toalhas de [&hellip;]<\/p>\n","protected":false},"author":8,"featured_media":0,"parent":0,"menu_order":0,"comment_status":"closed","ping_status":"closed","template":"","meta":{"_acf_changed":false,"_themeisle_gutenberg_block_has_review":false,"footnotes":""},"class_list":["post-8168","page","type-page","status-publish","hentry"],"acf":[],"_links":{"self":[{"href":"https:\/\/sites.uel.br\/ser\/wp-json\/wp\/v2\/pages\/8168","targetHints":{"allow":["GET"]}}],"collection":[{"href":"https:\/\/sites.uel.br\/ser\/wp-json\/wp\/v2\/pages"}],"about":[{"href":"https:\/\/sites.uel.br\/ser\/wp-json\/wp\/v2\/types\/page"}],"author":[{"embeddable":true,"href":"https:\/\/sites.uel.br\/ser\/wp-json\/wp\/v2\/users\/8"}],"replies":[{"embeddable":true,"href":"https:\/\/sites.uel.br\/ser\/wp-json\/wp\/v2\/comments?post=8168"}],"version-history":[{"count":17,"href":"https:\/\/sites.uel.br\/ser\/wp-json\/wp\/v2\/pages\/8168\/revisions"}],"predecessor-version":[{"id":8627,"href":"https:\/\/sites.uel.br\/ser\/wp-json\/wp\/v2\/pages\/8168\/revisions\/8627"}],"wp:attachment":[{"href":"https:\/\/sites.uel.br\/ser\/wp-json\/wp\/v2\/media?parent=8168"}],"curies":[{"name":"wp","href":"https:\/\/api.w.org\/{rel}","templated":true}]}}

Prêmio Boas Práticas Solidárias na Recepção aos Estudantes Ingressantes

<hr class="wp-block-separator has-alpha-channel-opacity is-style-wide" />


<div class="wp-block-image">
<figure class="aligncenter size-full"><img loading="lazy" decoding="async" width="1279" height="510" src="https://sites.uel.br/ser/wp-content/uploads/2025/03/topo_ser_uel_2025.png" alt="" class="wp-image-7631" srcset="https://sites.uel.br/ser/wp-content/uploads/2025/03/topo_ser_uel_2025.png 1279w, https://sites.uel.br/ser/wp-content/uploads/2025/03/topo_ser_uel_2025-300x120.png 300w, https://sites.uel.br/ser/wp-content/uploads/2025/03/topo_ser_uel_2025-1024x408.png 1024w, https://sites.uel.br/ser/wp-content/uploads/2025/03/topo_ser_uel_2025-768x306.png 768w" sizes="auto, (max-width: 1279px) 100vw, 1279px" /></figure>
</div>


<h2 class="wp-block-heading">Cursos Inscritos Premiados</h2>



<h2 class="wp-block-heading">2025</h2>



<h2 class="wp-block-heading">Administração, Ciências Contábeis, Ciências Econômicas, Direito, Secretariado Executivo e Serviço Social</h2>



<p><strong>Resumo da Ação:</strong></p>



<p>1) Boas Práticas CESA/UEL: O Lar São Vicente de Paulo em Londrina é uma das Obras Unidas da Sociedade de São Vicente de Paulo. Acolhemos idosos em situação de vulnerabilidade. Ação: Doações serão toucas e toalhas de banho.<br><br>2) Projeto &#8220;Ler Para Libertar&#8221; oferece a possibilidade de remição da pena a homens e mulheres por meio da leitura. Ação: Doação de Livros.</p>



<p></p>



<p><em>Obs: texto confeccionado pelos estudantes de Graduação e/ou Coordenação do curso.</em></p>



<hr class="wp-block-separator has-text-color has-cinza-color has-css-opacity has-cinza-background-color has-background is-style-wide" />


<div class="wp-block-image">
<figure class="aligncenter size-large"><img decoding="async" src="https://sites.uel.br/ser/wp-content/uploads/imagens/2025/cesa/01.jpeg" alt="" /></figure>
</div>

<div class="wp-block-image">
<figure class="aligncenter size-large"><img decoding="async" src="https://sites.uel.br/ser/wp-content/uploads/imagens/2025/cesa/02.jpeg" alt="" /></figure>
</div>

<div class="wp-block-image">
<figure class="aligncenter size-large"><img decoding="async" src="https://sites.uel.br/ser/wp-content/uploads/imagens/2025/cesa/03.jpeg" alt="" /></figure>
</div>

<div class="wp-block-image">
<figure class="aligncenter size-large"><img decoding="async" src="https://sites.uel.br/ser/wp-content/uploads/imagens/2025/cesa/04.jpeg" alt="" /></figure>
</div>

<div class="wp-block-image">
<figure class="aligncenter size-large"><img decoding="async" src="https://sites.uel.br/ser/wp-content/uploads/imagens/2025/cesa/05.jpeg" alt="" /></figure>
</div>

<div class="wp-block-image">
<figure class="aligncenter size-large"><img decoding="async" src="https://sites.uel.br/ser/wp-content/uploads/imagens/2025/cesa/06.jpeg" alt="" /></figure>
</div>

<div class="wp-block-image">
<figure class="aligncenter size-large"><img decoding="async" src="https://sites.uel.br/ser/wp-content/uploads/imagens/2025/cesa/07.jpeg" alt="" /></figure>
</div>

<div class="wp-block-image">
<figure class="aligncenter size-large"><img decoding="async" src="https://sites.uel.br/ser/wp-content/uploads/imagens/2025/cesa/08.jpeg" alt="" /></figure>
</div>

<div class="wp-block-image">
<figure class="aligncenter size-large"><img decoding="async" src="https://sites.uel.br/ser/wp-content/uploads/imagens/2025/cesa/09.jpeg" alt="" /></figure>
</div>


<hr class="wp-block-separator has-text-color has-cinza-color has-css-opacity has-cinza-background-color has-background is-style-wide" />



<p><strong>ESTUDANTES PARTICIPANTES</strong></p>



<p><strong>ADMINISTRAÇÃO</strong></p>



<p>ANA EMANUELY LEODORO SANTANA<br>ARTHUR LUCAS MOLONI MOREIRA<br>CAETANO BARBOSA DE RESENDE<br>CLARA AYUMI YOKO<br>DANIEL NIGRO DOS SANTOS<br>DANIELLE DE SOUZA E SILVA GUISARDI<br>GABRIEL DE SOUZA MARCHI<br>GABRIELLE DOS SANTOS CORDEIRO<br>GIOVANNA EDUARDA RIBEIRO DE SOUZA<br>GIOVANNA MARIA MENDES<br>GUILHERME ALVES VITTORELLO<br>GUSTAVO HENRIQUE DE LIMA NESPOLO<br>HELENA TOKAIRIN POZZA<br>JOÃO FERNADO BISSOQUI<br>JOAQUIM ANTÔNIO MACEDO<br>KARLA KASSYANE DOS SANTOS SOUZA<br>LETICIA CRUZ DO NASCIMENTO BICHARA<br>LUÍS FELIPE ALVES ANTONIO<br>LUIZA LOPES BUENO<br>MARCO AURÉLIO DINIZ<br>MARINA MITUGUI FINARDI<br>MATHEUS CERQUEIRA SILVA<br>MATHEUS MENDES SANTOS<br>RAFAEL ALMEIDA DO LAGO<br>RAFAEL BRENTAM ALVES<br>RAFAEL HUBERT BEHLAU<br>THOMÁS OLIVEIRA FERREIRA SANTOS<br>WESLEY DOMINGUES DE CARVALHO</p>



<p><strong>CIÊNCIAS CONTÁBEIS</strong></p>



<p>GABRIEL HENRIQUE DA SILVA RAMOS<br>GUILHERME BATISTA MONTEIRO<br>ISABELLA DA FRANÇA BORGES<br>LEANDRO FERREIRA DE CARVALHO JUNIOR<br>LEONARDO QUEIROZ DE OLIVEIRA<br>LETÍCIA VITÓRIA ESTEVÃO SALVADOR<br>LUCAS VIEIRA<br>MARIA AMÉLIA ZANUTO<br>MARIA EDUARDA BOBIO<br>MARIA EDUARDA ESTANCIA GALINDO<br>MARIANA CAMPELO BRAGANÇA DE PINA<br>MARIANA GALACCI ALVES DOMICIANO<br>NATHALY CLARO DE BRITO<br>NATHALY CRISTIANY MOREIRA SILVA<br>NICOLE VILAS&nbsp;BOAS&nbsp;SANCHES<br>RAFAEL TERUO KENMOTSU<br>VICTOR DOURADO NOGUEIRA</p>



<p><strong>CIÊNCIAS ECONÔMICAS</strong></p>



<p>ADRIANO FIGUEIRA<br>ANA PAULA DE SOUZA QUADRA<br>BEATRIZ CAROLINE VILLELA<br>BRUNO LEIDEMER SILVA<br>CAROLINE GRANDI DE OLIVEIRA<br>DAVI EDUARDO RODRIGUES MONTEIRO<br>EDUARDO AUGUSTO RIBEIRO PINTO<br>EULA PAULA DA SILVA<br>GUILHERME AUGUSTO CODATO GAVA SANTOS<br>GUSTAVO ROCCO<br>JÉSSICA MIRANDA MOTOKI<br>LIANDRA RIDÃO ALVES<br>LUCAS MARQUES DE&nbsp;OLIVEIRA<br>MARCIO AUGUSTO CREMONEZI<br>MARIA EDUARDA APARECIDA RAMALHO<br>MARIA VITÓRIA TORTOLA<br>THIAGO ORLANDELLI COLAMONICO<br><br><strong>DIREITO</strong></p>



<p>ANA LAURA DA SILVA GOMES<br>ANITA COELHO<br>JULIA DE SOUZA RAMOS E SILVA<br>NICOLE GOMES RODRIGUES<br>PAULA NATALIA DOS SANTOS GAMEIRO DE OLIVEIRA<br>SOFIA PEDRASSA PRATES<br><br><strong>SECRETARIADO EXECUTIVO</strong></p>



<p>BEATRIZ ALEXIA ROVENA LUIZ<br>PAOLA LOPES</p>



<p><strong>SERVIÇO SOCIAL</strong></p>



<p>ADRIANA ANDRADE DE ALMEIDA BARBOSA<br>ANA VITORIA CORDEIRO DO CARMO<br>ARIANE FRANCIELLE BOTELHO DE LIMA<br>CLODOALDO JOSÉ LEANDRO<br>ELIANE BATISTA DOS SANTOS<br>FABIANA APARECIDA DO CARMO AMARAL DE SOUZA<br>MARCOS HENRIQUE ALVES DE CARVALHO<br>RAFAELA MULARI PAIVA ANTONIO<br>SABRINA RODRIGUES DELBIANCO<br>SANDRA SILVA NASCIMENTO<br>VITORIA LUANA BERNARDES DA SILVA</p>



<div style="height:20px" aria-hidden="true" class="wp-block-spacer"></div>



<p><strong>DOCENTES PARTICIPANTES</strong></p>



<p><strong><strong>ADMINISTRAÇÃO</strong></strong></p>



<p>EDUARDO AUGUSTO DO ROSARIO CONTANI<br>LILIAN ALIGLERI<br>LUIS MIGUEL LUZIO DOS SANTOS&nbsp;<br>MARCIO NAKAYAMA MIURA<br>SAULO FABIANO AMÂNCIO VIEIRA<br>SUELI FÁTIMA CONSOLINI<br>THAIS ACCIOLY BACCARO</p>



<p><strong>CIÊNCIAS CONTÁBEIS</strong></p>



<p>DAIANA BRAGUETO MARTINS</p>



<p><strong>CIÊNCIAS ECONÔMICAS</strong></p>



<p>ANDRÉIA MOREIRA DA FONSECA BOECHAT<br>CARLOS ROBERTO FERREIRA<br>CARLOS ROERTO FERREITA<br>FABIANO PRADO PEDROSO<br>IRENE DOMENES ZAPPAROLI<br>MARCIA GONÇALVES PIZAIA<br>PRISCILLA PERRUD SILVA</p>



<p><strong>DIREITO</strong></p>



<p>ANA CLAUDIA DUARTE PINHEIRO<br>JULIANA KIYOSEN NAKAYAMA</p>



<p><strong>SECRETARIADO EXECUTIVO</strong></p>



<p>MARLUCE FAGOTTI DE PAIVA</p>



<p><strong>SERVIÇO SOCIAL</strong></p>



<p>ANA PATRICIA PIRES NALESSO</p>



<p><strong>DIREÇÃO DE CENTRO</strong></p>



<p>CARLOS EDUARDO CALDARELLI<br>MIGUEL BELINATI PICCIRILLO</p>



<p></p>

<p>Cursos Inscritos Premiados 2025 Administração, Ciências Contábeis, Ciências Econômicas, Direito, Secretariado Executivo e Serviço Social Resumo da Ação: 1) Boas Práticas CESA/UEL: O Lar São Vicente de Paulo em Londrina é uma das Obras Unidas da Sociedade de São Vicente de Paulo. Acolhemos idosos em situação de vulnerabilidade. Ação: Doações serão toucas e toalhas de [&hellip;]</p>
