{"id":8162,"date":"2025-05-28T15:51:07","date_gmt":"2025-05-28T18:51:07","guid":{"rendered":"https:\/\/sites.uel.br\/ser\/?page_id=8162"},"modified":"2025-07-11T09:49:48","modified_gmt":"2025-07-11T12:49:48","slug":"premio-boas-praticas-na-recepcao-aos-estudantes-ingressantes-premiados-2025-administracao","status":"publish","type":"page","link":"https:\/\/sites.uel.br\/ser\/premio-boas-praticas-na-recepcao-aos-estudantes-ingressantes-premiados-2025-administracao\/","title":{"rendered":"Pr\u00eamio Boas Pr\u00e1ticas Solid\u00e1rias na Recep\u00e7\u00e3o aos Estudantes Ingressantes"},"content":{"rendered":"\n<hr class=\"wp-block-separator has-alpha-channel-opacity is-style-wide\" \/>\n\n\n<div class=\"wp-block-image\">\n<figure class=\"aligncenter size-full\"><img loading=\"lazy\" decoding=\"async\" width=\"1279\" height=\"510\" src=\"https:\/\/sites.uel.br\/ser\/wp-content\/uploads\/2025\/03\/topo_ser_uel_2025.png\" alt=\"\" class=\"wp-image-7631\" srcset=\"https:\/\/sites.uel.br\/ser\/wp-content\/uploads\/2025\/03\/topo_ser_uel_2025.png 1279w, https:\/\/sites.uel.br\/ser\/wp-content\/uploads\/2025\/03\/topo_ser_uel_2025-300x120.png 300w, https:\/\/sites.uel.br\/ser\/wp-content\/uploads\/2025\/03\/topo_ser_uel_2025-1024x408.png 1024w, https:\/\/sites.uel.br\/ser\/wp-content\/uploads\/2025\/03\/topo_ser_uel_2025-768x306.png 768w\" sizes=\"auto, (max-width: 1279px) 100vw, 1279px\" \/><\/figure>\n<\/div>\n\n\n<h2 class=\"wp-block-heading\">Cursos Inscritos Premiados<\/h2>\n\n\n\n<h2 class=\"wp-block-heading\">2025<\/h2>\n\n\n\n<h2 class=\"wp-block-heading\">Administra\u00e7\u00e3o<\/h2>\n\n\n\n<p><strong>Resumo da A\u00e7\u00e3o:<\/strong><\/p>\n\n\n\n<p>Campanha Solid\u00e1ria da Liga Acad\u00eamica de Gest\u00e3o de Pessoas: Solidariedade que Transforma.<\/p>\n\n\n\n<p>A a\u00e7\u00e3o foi promovida pela Liga Acad\u00eamica de Gest\u00e3o de Pessoas, vinculada ao curso de Administra\u00e7\u00e3o da Universidade Estadual de Londrina (UEL), por meio de uma campanha solid\u00e1ria voltada \u00e0 arrecada\u00e7\u00e3o de caixinhas de Bis para o Lar An\u00e1lia Franco, em Londrina. Fundada em 1963, essa associa\u00e7\u00e3o sem fins lucrativos oferece acolhimento e apoio a crian\u00e7as e adolescentes em situa\u00e7\u00e3o de vulnerabilidade social.<\/p>\n\n\n\n<p>Realizada entre os dias 14 e 25 de abril, no Centro de Estudos Sociais Aplicados (CESA), a campanha contou com o engajamento de estudantes do curso de Administra\u00e7\u00e3o, membros da Liga, acad\u00eamicos de outros cursos da UEL e tamb\u00e9m da comunidade externa. Gra\u00e7as \u00e0 ampla mobiliza\u00e7\u00e3o, foram arrecadadas 250 caixinhas de Bis, atingindo a meta proposta. A entrega dos donativos ocorreu no dia 28 de abril, diretamente na sede do Lar An\u00e1lia Franco.<\/p>\n\n\n\n<p>O curso de Administra\u00e7\u00e3o e a Liga Acad\u00eamica de Gest\u00e3o de Pessoas acreditam no poder transformador das a\u00e7\u00f5es sociais e refor\u00e7am seu compromisso com a cidadania e a responsabilidade social. Como reconhecimento, o Sr. Valdomiro Pereira dos Santos, presidente do Lar, enviou uma carta de agradecimento ao curso de Administra\u00e7\u00e3o, com men\u00e7\u00e3o especial aos estudantes envolvidos na iniciativa.<\/p>\n\n\n\n<p><em>Obs: texto confeccionado pelos estudantes de Gradua\u00e7\u00e3o e\/ou Coordena\u00e7\u00e3o do curso.<\/em><\/p>\n\n\n\n<hr class=\"wp-block-separator has-text-color has-cinza-color has-css-opacity has-cinza-background-color has-background is-style-wide\" \/>\n\n\n\n<figure class=\"wp-block-embed is-type-video is-provider-youtube wp-block-embed-youtube wp-embed-aspect-16-9 wp-has-aspect-ratio\"><div class=\"wp-block-embed__wrapper\">\n<iframe loading=\"lazy\" title=\"Pr\u00eamio Boas Pr\u00e1ticas Solid\u00e1rias na Recep\u00e7\u00e3o aos Estudantes Ingressantes 2025 (Administra\u00e7\u00e3o)\" width=\"422\" height=\"750\" src=\"https:\/\/www.youtube.com\/embed\/Y-WylG9nAkg?feature=oembed\" frameborder=\"0\" allow=\"accelerometer; autoplay; clipboard-write; encrypted-media; gyroscope; picture-in-picture; web-share\" referrerpolicy=\"strict-origin-when-cross-origin\" allowfullscreen><\/iframe>\n<\/div><\/figure>\n\n\n<div class=\"wp-block-image\">\n<figure class=\"aligncenter size-large\"><img decoding=\"async\" src=\"https:\/\/sites.uel.br\/ser\/wp-content\/uploads\/imagens\/2025\/administracao\/01.jpg\" alt=\"\" \/><\/figure>\n<\/div>\n\n<div class=\"wp-block-image\">\n<figure class=\"aligncenter size-large\"><img decoding=\"async\" src=\"https:\/\/sites.uel.br\/ser\/wp-content\/uploads\/imagens\/2025\/administracao\/02.jpg\" alt=\"\" \/><\/figure>\n<\/div>\n\n<div class=\"wp-block-image\">\n<figure class=\"aligncenter size-large\"><img decoding=\"async\" src=\"https:\/\/sites.uel.br\/ser\/wp-content\/uploads\/imagens\/2025\/administracao\/03.jpg\" alt=\"\" \/><\/figure>\n<\/div>\n\n<div class=\"wp-block-image\">\n<figure class=\"aligncenter size-large\"><img decoding=\"async\" src=\"https:\/\/sites.uel.br\/ser\/wp-content\/uploads\/imagens\/2025\/administracao\/04.jpg\" alt=\"\" \/><\/figure>\n<\/div>\n\n\n<hr class=\"wp-block-separator has-text-color has-cinza-color has-css-opacity has-cinza-background-color has-background is-style-wide\" \/>\n\n\n\n<p><strong>ESTUDANTES PARTICIPANTES<\/strong><\/p>\n\n\n\n<p>ANA BEATRIZ FLORENTINO<br>ANA CAROLINA MENDES<br>ANA CLARA ORTENZI<br>ANDR\u00c9 FORNELLI GUIMAR\u00c3ES<br>ARTHUR LUCAS MOLONI MOREIRA<br>ARTHUR TRIST\u00c3O JANUARIO<br>BEATRIZ GON\u00c7ALVES DE SOUZA AMARO<br>CAETANO BARBOSA DE RESENDE<br>DAFNE BEATRIZ ALVES<br>DANIELLE DE SOUZA E SILVA GUISARDI<br>F\u00c1BIO SERGIO DA CRUZ<br>GABRIEL GON\u00c7ALVES SARDINHA ZULIAN<br>GABRIELLE DOS SANTOS CORDEIRO<br>GABRIELLE SILVA ARRIQUE<br>GIOVANNA EDUARDA RIBEIRO DE SOUZA<br>GIOVANNA MARCELLY ASSIS<br>GIOVANNA MARIA MENDES<br>HELO\u00cdSA SIMONI<br>IASDRE SALLE ARANHA<br>IASMYN JUSTO<br>IONNY COSTA SANTANA<br>ISABELA DAGLIO DE BRITO<br>ISABELLA BUCCIOLI MORAES<br>ISABELLY KAORI ITO JORGE<br>ISADORA GARBI DE OLIVEIRA<br>JO\u00c3O FERNANDO BISSOQUI<br>J\u00daLIA PEREIRA<br>KARLA KASSYANE DOS SANTOS SOUZA<br>KATHIA KEIKO ITO DE MELO<br>LET\u00cdCIA CIRINO DE CASTRO<br>LU\u00cdS FELIPE ALVES ANTONIO<br>LUIZA LOPES BUENO<br>MARIA EDUARDA DE SOUZA CAZELLA<br>MARIA EDUARDA SANTOS DE SOUZA<br>MARINA MITUGUI FINARDI<br>PEDRO HENRIQUE MAGON<br>PEDRO MELQUIADES<br>RAFAEL HUBERT BEHLAU<br>SABRINA GERBOM MELLO DE SOUZA<br>THOM\u00c1S OLIVEIRA FERREIRA SANTOS<br>VITOR LIMA SOUZA<\/p>\n\n\n\n<div style=\"height:20px\" aria-hidden=\"true\" class=\"wp-block-spacer\"><\/div>\n\n\n\n<p><strong>DOCENTES PARTICIPANTES<\/strong><\/p>\n\n\n\n<p>EDUARDO AUGUSTO DO ROSARIO CONTANI<br>THAIS ACCIOLY BACCARO<\/p>\n","protected":false},"excerpt":{"rendered":"<p>Cursos Inscritos Premiados 2025 Administra\u00e7\u00e3o Resumo da A\u00e7\u00e3o: Campanha Solid\u00e1ria da Liga Acad\u00eamica de Gest\u00e3o de Pessoas: Solidariedade que Transforma. A a\u00e7\u00e3o foi promovida pela Liga Acad\u00eamica de Gest\u00e3o de Pessoas, vinculada ao curso de Administra\u00e7\u00e3o da Universidade Estadual de Londrina (UEL), por meio de uma campanha solid\u00e1ria voltada \u00e0 arrecada\u00e7\u00e3o de caixinhas de Bis [&hellip;]<\/p>\n","protected":false},"author":8,"featured_media":0,"parent":0,"menu_order":0,"comment_status":"closed","ping_status":"closed","template":"","meta":{"_acf_changed":false,"_themeisle_gutenberg_block_has_review":false,"footnotes":""},"class_list":["post-8162","page","type-page","status-publish","hentry"],"acf":[],"_links":{"self":[{"href":"https:\/\/sites.uel.br\/ser\/wp-json\/wp\/v2\/pages\/8162","targetHints":{"allow":["GET"]}}],"collection":[{"href":"https:\/\/sites.uel.br\/ser\/wp-json\/wp\/v2\/pages"}],"about":[{"href":"https:\/\/sites.uel.br\/ser\/wp-json\/wp\/v2\/types\/page"}],"author":[{"embeddable":true,"href":"https:\/\/sites.uel.br\/ser\/wp-json\/wp\/v2\/users\/8"}],"replies":[{"embeddable":true,"href":"https:\/\/sites.uel.br\/ser\/wp-json\/wp\/v2\/comments?post=8162"}],"version-history":[{"count":10,"href":"https:\/\/sites.uel.br\/ser\/wp-json\/wp\/v2\/pages\/8162\/revisions"}],"predecessor-version":[{"id":8626,"href":"https:\/\/sites.uel.br\/ser\/wp-json\/wp\/v2\/pages\/8162\/revisions\/8626"}],"wp:attachment":[{"href":"https:\/\/sites.uel.br\/ser\/wp-json\/wp\/v2\/media?parent=8162"}],"curies":[{"name":"wp","href":"https:\/\/api.w.org\/{rel}","templated":true}]}}

Prêmio Boas Práticas Solidárias na Recepção aos Estudantes Ingressantes

<hr class="wp-block-separator has-alpha-channel-opacity is-style-wide" />


<div class="wp-block-image">
<figure class="aligncenter size-full"><img loading="lazy" decoding="async" width="1279" height="510" src="https://sites.uel.br/ser/wp-content/uploads/2025/03/topo_ser_uel_2025.png" alt="" class="wp-image-7631" srcset="https://sites.uel.br/ser/wp-content/uploads/2025/03/topo_ser_uel_2025.png 1279w, https://sites.uel.br/ser/wp-content/uploads/2025/03/topo_ser_uel_2025-300x120.png 300w, https://sites.uel.br/ser/wp-content/uploads/2025/03/topo_ser_uel_2025-1024x408.png 1024w, https://sites.uel.br/ser/wp-content/uploads/2025/03/topo_ser_uel_2025-768x306.png 768w" sizes="auto, (max-width: 1279px) 100vw, 1279px" /></figure>
</div>


<h2 class="wp-block-heading">Cursos Inscritos Premiados</h2>



<h2 class="wp-block-heading">2025</h2>



<h2 class="wp-block-heading">Administração</h2>



<p><strong>Resumo da Ação:</strong></p>



<p>Campanha Solidária da Liga Acadêmica de Gestão de Pessoas: Solidariedade que Transforma.</p>



<p>A ação foi promovida pela Liga Acadêmica de Gestão de Pessoas, vinculada ao curso de Administração da Universidade Estadual de Londrina (UEL), por meio de uma campanha solidária voltada à arrecadação de caixinhas de Bis para o Lar Anália Franco, em Londrina. Fundada em 1963, essa associação sem fins lucrativos oferece acolhimento e apoio a crianças e adolescentes em situação de vulnerabilidade social.</p>



<p>Realizada entre os dias 14 e 25 de abril, no Centro de Estudos Sociais Aplicados (CESA), a campanha contou com o engajamento de estudantes do curso de Administração, membros da Liga, acadêmicos de outros cursos da UEL e também da comunidade externa. Graças à ampla mobilização, foram arrecadadas 250 caixinhas de Bis, atingindo a meta proposta. A entrega dos donativos ocorreu no dia 28 de abril, diretamente na sede do Lar Anália Franco.</p>



<p>O curso de Administração e a Liga Acadêmica de Gestão de Pessoas acreditam no poder transformador das ações sociais e reforçam seu compromisso com a cidadania e a responsabilidade social. Como reconhecimento, o Sr. Valdomiro Pereira dos Santos, presidente do Lar, enviou uma carta de agradecimento ao curso de Administração, com menção especial aos estudantes envolvidos na iniciativa.</p>



<p><em>Obs: texto confeccionado pelos estudantes de Graduação e/ou Coordenação do curso.</em></p>



<hr class="wp-block-separator has-text-color has-cinza-color has-css-opacity has-cinza-background-color has-background is-style-wide" />



<figure class="wp-block-embed is-type-video is-provider-youtube wp-block-embed-youtube wp-embed-aspect-16-9 wp-has-aspect-ratio"><div class="wp-block-embed__wrapper">
<iframe loading="lazy" title="Prêmio Boas Práticas Solidárias na Recepção aos Estudantes Ingressantes 2025 (Administração)" width="422" height="750" src="https://www.youtube.com/embed/Y-WylG9nAkg?feature=oembed" frameborder="0" allow="accelerometer; autoplay; clipboard-write; encrypted-media; gyroscope; picture-in-picture; web-share" referrerpolicy="strict-origin-when-cross-origin" allowfullscreen></iframe>
</div></figure>


<div class="wp-block-image">
<figure class="aligncenter size-large"><img decoding="async" src="https://sites.uel.br/ser/wp-content/uploads/imagens/2025/administracao/01.jpg" alt="" /></figure>
</div>

<div class="wp-block-image">
<figure class="aligncenter size-large"><img decoding="async" src="https://sites.uel.br/ser/wp-content/uploads/imagens/2025/administracao/02.jpg" alt="" /></figure>
</div>

<div class="wp-block-image">
<figure class="aligncenter size-large"><img decoding="async" src="https://sites.uel.br/ser/wp-content/uploads/imagens/2025/administracao/03.jpg" alt="" /></figure>
</div>

<div class="wp-block-image">
<figure class="aligncenter size-large"><img decoding="async" src="https://sites.uel.br/ser/wp-content/uploads/imagens/2025/administracao/04.jpg" alt="" /></figure>
</div>


<hr class="wp-block-separator has-text-color has-cinza-color has-css-opacity has-cinza-background-color has-background is-style-wide" />



<p><strong>ESTUDANTES PARTICIPANTES</strong></p>



<p>ANA BEATRIZ FLORENTINO<br>ANA CAROLINA MENDES<br>ANA CLARA ORTENZI<br>ANDRÉ FORNELLI GUIMARÃES<br>ARTHUR LUCAS MOLONI MOREIRA<br>ARTHUR TRISTÃO JANUARIO<br>BEATRIZ GONÇALVES DE SOUZA AMARO<br>CAETANO BARBOSA DE RESENDE<br>DAFNE BEATRIZ ALVES<br>DANIELLE DE SOUZA E SILVA GUISARDI<br>FÁBIO SERGIO DA CRUZ<br>GABRIEL GONÇALVES SARDINHA ZULIAN<br>GABRIELLE DOS SANTOS CORDEIRO<br>GABRIELLE SILVA ARRIQUE<br>GIOVANNA EDUARDA RIBEIRO DE SOUZA<br>GIOVANNA MARCELLY ASSIS<br>GIOVANNA MARIA MENDES<br>HELOÍSA SIMONI<br>IASDRE SALLE ARANHA<br>IASMYN JUSTO<br>IONNY COSTA SANTANA<br>ISABELA DAGLIO DE BRITO<br>ISABELLA BUCCIOLI MORAES<br>ISABELLY KAORI ITO JORGE<br>ISADORA GARBI DE OLIVEIRA<br>JOÃO FERNANDO BISSOQUI<br>JÚLIA PEREIRA<br>KARLA KASSYANE DOS SANTOS SOUZA<br>KATHIA KEIKO ITO DE MELO<br>LETÍCIA CIRINO DE CASTRO<br>LUÍS FELIPE ALVES ANTONIO<br>LUIZA LOPES BUENO<br>MARIA EDUARDA DE SOUZA CAZELLA<br>MARIA EDUARDA SANTOS DE SOUZA<br>MARINA MITUGUI FINARDI<br>PEDRO HENRIQUE MAGON<br>PEDRO MELQUIADES<br>RAFAEL HUBERT BEHLAU<br>SABRINA GERBOM MELLO DE SOUZA<br>THOMÁS OLIVEIRA FERREIRA SANTOS<br>VITOR LIMA SOUZA</p>



<div style="height:20px" aria-hidden="true" class="wp-block-spacer"></div>



<p><strong>DOCENTES PARTICIPANTES</strong></p>



<p>EDUARDO AUGUSTO DO ROSARIO CONTANI<br>THAIS ACCIOLY BACCARO</p>

<p>Cursos Inscritos Premiados 2025 Administração Resumo da Ação: Campanha Solidária da Liga Acadêmica de Gestão de Pessoas: Solidariedade que Transforma. A ação foi promovida pela Liga Acadêmica de Gestão de Pessoas, vinculada ao curso de Administração da Universidade Estadual de Londrina (UEL), por meio de uma campanha solidária voltada à arrecadação de caixinhas de Bis [&hellip;]</p>
