{"id":7603,"date":"2025-03-10T09:03:06","date_gmt":"2025-03-10T12:03:06","guid":{"rendered":"https:\/\/sites.uel.br\/ser\/?page_id=7603"},"modified":"2026-02-09T14:00:42","modified_gmt":"2026-02-09T17:00:42","slug":"programacao-pcd","status":"publish","type":"page","link":"https:\/\/sites.uel.br\/ser\/programacao-pcd\/","title":{"rendered":"Programa\u00e7\u00e3o PcD"},"content":{"rendered":"\n<hr class=\"wp-block-separator has-alpha-channel-opacity is-style-wide\" \/>\n\n\n<div class=\"wp-block-image\">\n<figure class=\"aligncenter size-full\"><img loading=\"lazy\" decoding=\"async\" width=\"1279\" height=\"510\" src=\"https:\/\/sites.uel.br\/ser\/wp-content\/uploads\/2025\/03\/topo_ser_uel_2025.png\" alt=\"\" class=\"wp-image-7631\" srcset=\"https:\/\/sites.uel.br\/ser\/wp-content\/uploads\/2025\/03\/topo_ser_uel_2025.png 1279w, https:\/\/sites.uel.br\/ser\/wp-content\/uploads\/2025\/03\/topo_ser_uel_2025-300x120.png 300w, https:\/\/sites.uel.br\/ser\/wp-content\/uploads\/2025\/03\/topo_ser_uel_2025-1024x408.png 1024w, https:\/\/sites.uel.br\/ser\/wp-content\/uploads\/2025\/03\/topo_ser_uel_2025-768x306.png 768w\" sizes=\"auto, (max-width: 1279px) 100vw, 1279px\" \/><\/figure>\n<\/div>\n\n\n<p><strong>NAC oferta recep\u00e7\u00e3o aos ingressantes com defici\u00eancia e orienta\u00e7\u00f5es aos seus professores<\/strong><\/p>\n\n\n\n<figure class=\"wp-block-embed aligncenter is-type-wp-embed is-provider-o-perobal-uel wp-block-embed-o-perobal-uel\"><div class=\"wp-block-embed__wrapper\">\n<blockquote class=\"wp-embedded-content\" data-secret=\"dHhrgUd4JM\"><a href=\"https:\/\/operobal.uel.br\/servico\/2026\/02\/06\/nac-oferta-recepcao-aos-ingressantes-com-deficiencia-e-orientacoes-aos-seus-professores\/\">NAC oferta recep\u00e7\u00e3o aos ingressantes com defici\u00eancia e orienta\u00e7\u00f5es aos seus professores<\/a><\/blockquote><iframe loading=\"lazy\" class=\"wp-embedded-content\" sandbox=\"allow-scripts\" security=\"restricted\" style=\"position: absolute; visibility: hidden;\" title=\"&#8220;NAC oferta recep\u00e7\u00e3o aos ingressantes com defici\u00eancia e orienta\u00e7\u00f5es aos seus professores&#8221; &#8212; O Perobal - UEL\" src=\"https:\/\/operobal.uel.br\/servico\/2026\/02\/06\/nac-oferta-recepcao-aos-ingressantes-com-deficiencia-e-orientacoes-aos-seus-professores\/embed\/#?secret=KqDagCpnAP#?secret=dHhrgUd4JM\" data-secret=\"dHhrgUd4JM\" width=\"500\" height=\"282\" frameborder=\"0\" marginwidth=\"0\" marginheight=\"0\" scrolling=\"no\"><\/iframe>\n<\/div><\/figure>\n\n\n\n<p>O N\u00facleo de Acessibilidade (NAC\/UEL) vai promover atividades em prepara\u00e7\u00e3o para as boas-vindas aos ingressantes com defici\u00eancia.<\/p>\n","protected":false},"excerpt":{"rendered":"<p>NAC oferta recep\u00e7\u00e3o aos ingressantes com defici\u00eancia e orienta\u00e7\u00f5es aos seus professores O N\u00facleo de Acessibilidade (NAC\/UEL) vai promover atividades em prepara\u00e7\u00e3o para as boas-vindas aos ingressantes com defici\u00eancia.<\/p>\n","protected":false},"author":8,"featured_media":0,"parent":0,"menu_order":0,"comment_status":"closed","ping_status":"closed","template":"","meta":{"_acf_changed":false,"_themeisle_gutenberg_block_has_review":false,"footnotes":""},"class_list":["post-7603","page","type-page","status-publish","hentry"],"acf":[],"_links":{"self":[{"href":"https:\/\/sites.uel.br\/ser\/wp-json\/wp\/v2\/pages\/7603","targetHints":{"allow":["GET"]}}],"collection":[{"href":"https:\/\/sites.uel.br\/ser\/wp-json\/wp\/v2\/pages"}],"about":[{"href":"https:\/\/sites.uel.br\/ser\/wp-json\/wp\/v2\/types\/page"}],"author":[{"embeddable":true,"href":"https:\/\/sites.uel.br\/ser\/wp-json\/wp\/v2\/users\/8"}],"replies":[{"embeddable":true,"href":"https:\/\/sites.uel.br\/ser\/wp-json\/wp\/v2\/comments?post=7603"}],"version-history":[{"count":9,"href":"https:\/\/sites.uel.br\/ser\/wp-json\/wp\/v2\/pages\/7603\/revisions"}],"predecessor-version":[{"id":8789,"href":"https:\/\/sites.uel.br\/ser\/wp-json\/wp\/v2\/pages\/7603\/revisions\/8789"}],"wp:attachment":[{"href":"https:\/\/sites.uel.br\/ser\/wp-json\/wp\/v2\/media?parent=7603"}],"curies":[{"name":"wp","href":"https:\/\/api.w.org\/{rel}","templated":true}]}}