{"id":7486,"date":"2025-01-10T10:34:55","date_gmt":"2025-01-10T13:34:55","guid":{"rendered":"https:\/\/sites.uel.br\/ser\/?page_id=7486"},"modified":"2026-04-13T07:02:00","modified_gmt":"2026-04-13T10:02:00","slug":"premio-boas-praticas-na-recepcao-aos-estudantes-ingressantes-apresentacao","status":"publish","type":"page","link":"https:\/\/sites.uel.br\/ser\/premio-boas-praticas-na-recepcao-aos-estudantes-ingressantes-apresentacao\/","title":{"rendered":"Pr\u00eamio Boas Pr\u00e1ticas Solid\u00e1rias na Recep\u00e7\u00e3o aos Estudantes Ingressantes (12\u00aa Edi\u00e7\u00e3o)"},"content":{"rendered":"\n<hr class=\"wp-block-separator has-alpha-channel-opacity is-style-wide\" \/>\n\n\n<div class=\"wp-block-image\">\n<figure class=\"aligncenter size-full\"><img loading=\"lazy\" decoding=\"async\" width=\"1279\" height=\"510\" src=\"https:\/\/sites.uel.br\/ser\/wp-content\/uploads\/2025\/03\/topo_ser_uel_2025.png\" alt=\"\" class=\"wp-image-7631\" srcset=\"https:\/\/sites.uel.br\/ser\/wp-content\/uploads\/2025\/03\/topo_ser_uel_2025.png 1279w, https:\/\/sites.uel.br\/ser\/wp-content\/uploads\/2025\/03\/topo_ser_uel_2025-300x120.png 300w, https:\/\/sites.uel.br\/ser\/wp-content\/uploads\/2025\/03\/topo_ser_uel_2025-1024x408.png 1024w, https:\/\/sites.uel.br\/ser\/wp-content\/uploads\/2025\/03\/topo_ser_uel_2025-768x306.png 768w\" sizes=\"auto, (max-width: 1279px) 100vw, 1279px\" \/><\/figure>\n<\/div>\n\n\n<figure class=\"wp-block-table\"><table class=\"has-verde-claro-background-color has-background\"><tbody><tr><td class=\"has-text-align-center\" data-align=\"center\"><strong>AVISO IMPORTANTE<\/strong><br><br>O Pr\u00eamio Boas Pr\u00e1ticas Solid\u00e1rias destina-se exclusivamente ao reconhecimento de a\u00e7\u00f5es realizadas no \u00e2mbito da Recep\u00e7\u00e3o aos Estudantes Ingressantes da UEL.<br><br>A iniciativa visa valorizar pr\u00e1ticas de acolhimento, solidariedade e responsabilidade social, estimulando alternativas ao trote violento e fortalecendo uma cultura universit\u00e1ria pautada no respeito e na integra\u00e7\u00e3o.<br><br>A promo\u00e7\u00e3o de a\u00e7\u00f5es solid\u00e1rias voltadas \u00e0 comunidade externa representa exerc\u00edcio concreto de cidadania e compromisso social. Ao ultrapassar os limites do ambiente acad\u00eamico, amplia-se o impacto institucional e gera-se benef\u00edcio m\u00fatuo para a comunidade e para os estudantes envolvidos.<br><br>Engajar-se com o p\u00fablico externo humaniza as institui\u00e7\u00f5es. Para empresas ou organiza\u00e7\u00f5es, fortalece a responsabilidade social; para estudantes, oferece uma vis\u00e3o pr\u00e1tica da realidade social. \u00c9 o aprendizado atrav\u00e9s do servi\u00e7o.<br><br>Neste contexto, n\u00e3o ser\u00e3o consideradas iniciativas que n\u00e3o possuam car\u00e1ter solid\u00e1rio ou que estejam em desacordo com os objetivos do Pr\u00eamio.<\/td><\/tr><\/tbody><\/table><\/figure>\n\n\n\n<p>A premia\u00e7\u00e3o das <strong>Boas Pr\u00e1ticas Solid\u00e1rias na Recep\u00e7\u00e3o aos Estudantes Ingressantes<\/strong>, institu\u00eddo em 2014 pela Pr\u00f3-Reitoria de Gradua\u00e7\u00e3o (PROGRAD) da Universidade Estadual de Londrina (UEL), \u00e9 o reconhecimento de atividades realizadas pelos estudantes ingressantes e veteranos nos cursos de gradua\u00e7\u00e3o da UEL, em a\u00e7\u00f5es solid\u00e1rias na Recep\u00e7\u00e3o aos Estudantes Ingressantes.<\/p>\n\n\n\n<p>A iniciativa do pr\u00eamio surgiu com o objetivo de promover e dar visibilidade \u00e0s atividades realizadas pela comunidade estudantil, incentivando alternativas ao trote violento e fortalecendo a cultura de acolhimento e solidariedade na Universidade.<\/p>\n\n\n\n<p>Ao longo das edi\u00e7\u00f5es, diversos cursos foram contemplados por suas iniciativas exemplares, como arrecada\u00e7\u00e3o de donativos para organiza\u00e7\u00f5es locais, oficinas e projetos de revitaliza\u00e7\u00e3o de espa\u00e7os comunit\u00e1rios. Tais a\u00e7\u00f5es n\u00e3o apenas acolhem os novos alunos, mas tamb\u00e9m fortalecem os la\u00e7os entre a Universidade e a comunidade externa.<\/p>\n\n\n\n<p>Todos os cursos de gradua\u00e7\u00e3o da UEL podem participar do Pr\u00eamio, inscrevendo tanto as atividades realizadas durante a Semana de Recep\u00e7\u00e3o aos Ingressantes quanto aquelas desenvolvidas nas semanas seguintes ap\u00f3s o in\u00edcio das aulas, considerando a disponibilidade dos locais beneficiados.<\/p>\n\n\n\n<p>Os&nbsp;estudantes e cursos premiados recebem certificados de reconhecimento em cerim\u00f4nia oficial a ser realizada em data vindoura, e suas a\u00e7\u00f5es s\u00e3o divulgadas no site&nbsp;<a href=\"https:\/\/ser.uel.br\/\">ser.uel.br<\/a>&nbsp;da PROGRAD, servindo de inspira\u00e7\u00e3o para futuras pr\u00e1ticas de acolhimento.<\/p>\n\n\n\n<p>As a\u00e7\u00f5es dos anos anteriores est\u00e3o dispon\u00edveis no endere\u00e7o&nbsp;<a href=\"https:\/\/sites.uel.br\/ser\/premio-boas-praticas-na-recepcao-aos-estudantes-ingressantes-cursos-inscritos-premiados\/\">sites.uel.br\/ser\/premio-boas-praticas-na-recepcao-aos-estudantes-ingressantes-cursos-inscritos-premiados<\/a>, como refer\u00eancia para os coordenadores na programa\u00e7\u00e3o de atividades e defini\u00e7\u00e3o de locais que poder\u00e3o ser incorporados \u00e0 Semana de Recep\u00e7\u00e3o.<\/p>\n\n\n\n<p><strong>Per\u00edodo de Inscri\u00e7\u00f5es<\/strong>: 02 de mar\u00e7o a 10 de abril de 2026.<\/p>\n\n\n\n<div style=\"height:20px\" aria-hidden=\"true\" class=\"wp-block-spacer\"><\/div>\n\n\n<div class=\"wp-block-image\">\n<figure class=\"aligncenter size-full\"><a href=\"https:\/\/forms.gle\/yMG8mPgoyUWgTBFx6\" target=\"_blank\" rel=\" noreferrer noopener\"><img loading=\"lazy\" decoding=\"async\" width=\"365\" height=\"75\" src=\"https:\/\/sites.uel.br\/ser\/wp-content\/uploads\/2022\/07\/b_realizar_inscricao.png\" alt=\"\" class=\"wp-image-2944\" srcset=\"https:\/\/sites.uel.br\/ser\/wp-content\/uploads\/2022\/07\/b_realizar_inscricao.png 365w, https:\/\/sites.uel.br\/ser\/wp-content\/uploads\/2022\/07\/b_realizar_inscricao-300x62.png 300w\" sizes=\"auto, (max-width: 365px) 100vw, 365px\" \/><\/a><figcaption class=\"wp-element-caption\">inscri\u00e7\u00f5es encerradas<\/figcaption><\/figure>\n<\/div>\n\n\n<p class=\"has-text-align-center\"><\/p>\n\n\n\n<hr class=\"wp-block-separator has-text-color has-cinza-color has-css-opacity has-cinza-background-color has-background is-style-wide\" \/>\n\n\n\n<p><strong>Veja tamb\u00e9m:<\/strong><\/p>\n\n\n\n<p><a href=\"https:\/\/sites.uel.br\/ser\/premio-boas-praticas-na-recepcao-aos-estudantes-ingressantes-2025-cursos-inscritos-premiados\/\">Premiados da 11\u00aa Edi\u00e7\u00e3o (2025)<\/a><\/p>\n\n\n\n<p class=\"has-text-align-left\"><a href=\"https:\/\/sites.uel.br\/ser\/premio-boas-praticas-na-recepcao-aos-estudantes-ingressantes-cursos-inscritos-premiados\/\">Premiados das Edi\u00e7\u00f5es Anteriores<\/a><\/p>\n","protected":false},"excerpt":{"rendered":"<p>AVISO IMPORTANTE O Pr\u00eamio Boas Pr\u00e1ticas Solid\u00e1rias destina-se exclusivamente ao reconhecimento de a\u00e7\u00f5es realizadas no \u00e2mbito da Recep\u00e7\u00e3o aos Estudantes Ingressantes da UEL. A iniciativa visa valorizar pr\u00e1ticas de acolhimento, solidariedade e responsabilidade social, estimulando alternativas ao trote violento e fortalecendo uma cultura universit\u00e1ria pautada no respeito e na integra\u00e7\u00e3o. A promo\u00e7\u00e3o de a\u00e7\u00f5es solid\u00e1rias [&hellip;]<\/p>\n","protected":false},"author":8,"featured_media":0,"parent":0,"menu_order":0,"comment_status":"closed","ping_status":"closed","template":"","meta":{"_acf_changed":false,"_themeisle_gutenberg_block_has_review":false,"footnotes":""},"class_list":["post-7486","page","type-page","status-publish","hentry"],"acf":[],"_links":{"self":[{"href":"https:\/\/sites.uel.br\/ser\/wp-json\/wp\/v2\/pages\/7486","targetHints":{"allow":["GET"]}}],"collection":[{"href":"https:\/\/sites.uel.br\/ser\/wp-json\/wp\/v2\/pages"}],"about":[{"href":"https:\/\/sites.uel.br\/ser\/wp-json\/wp\/v2\/types\/page"}],"author":[{"embeddable":true,"href":"https:\/\/sites.uel.br\/ser\/wp-json\/wp\/v2\/users\/8"}],"replies":[{"embeddable":true,"href":"https:\/\/sites.uel.br\/ser\/wp-json\/wp\/v2\/comments?post=7486"}],"version-history":[{"count":57,"href":"https:\/\/sites.uel.br\/ser\/wp-json\/wp\/v2\/pages\/7486\/revisions"}],"predecessor-version":[{"id":9116,"href":"https:\/\/sites.uel.br\/ser\/wp-json\/wp\/v2\/pages\/7486\/revisions\/9116"}],"wp:attachment":[{"href":"https:\/\/sites.uel.br\/ser\/wp-json\/wp\/v2\/media?parent=7486"}],"curies":[{"name":"wp","href":"https:\/\/api.w.org\/{rel}","templated":true}]}}