{"id":5996,"date":"2023-10-03T09:52:23","date_gmt":"2023-10-03T12:52:23","guid":{"rendered":"https:\/\/sites.uel.br\/ser\/?page_id=5996"},"modified":"2023-10-03T10:31:02","modified_gmt":"2023-10-03T13:31:02","slug":"premio-boas-praticas-na-recepcao-aos-estudantes-ingressantes-premiados-2023-nutricao","status":"publish","type":"page","link":"https:\/\/sites.uel.br\/ser\/premio-boas-praticas-na-recepcao-aos-estudantes-ingressantes-premiados-2023-nutricao\/","title":{"rendered":"Pr\u00eamio Boas Pr\u00e1ticas na Recep\u00e7\u00e3o aos Estudantes Ingressantes"},"content":{"rendered":"\n<hr class=\"wp-block-separator has-alpha-channel-opacity is-style-wide\" \/>\n\n\n\n<figure class=\"wp-block-image size-full\"><img loading=\"lazy\" decoding=\"async\" width=\"1280\" height=\"512\" src=\"https:\/\/sites.uel.br\/ser\/wp-content\/uploads\/2021\/07\/IMG-20210727-WA0028.jpg\" alt=\"\" class=\"wp-image-1021\" srcset=\"https:\/\/sites.uel.br\/ser\/wp-content\/uploads\/2021\/07\/IMG-20210727-WA0028.jpg 1280w, https:\/\/sites.uel.br\/ser\/wp-content\/uploads\/2021\/07\/IMG-20210727-WA0028-300x120.jpg 300w, https:\/\/sites.uel.br\/ser\/wp-content\/uploads\/2021\/07\/IMG-20210727-WA0028-1024x410.jpg 1024w, https:\/\/sites.uel.br\/ser\/wp-content\/uploads\/2021\/07\/IMG-20210727-WA0028-768x307.jpg 768w\" sizes=\"auto, (max-width: 1280px) 100vw, 1280px\" \/><\/figure>\n\n\n\n<h2 class=\"wp-block-heading\">Cursos Inscritos Premiados<\/h2>\n\n\n\n<h2 class=\"wp-block-heading\">2023<\/h2>\n\n\n\n<h2 class=\"wp-block-heading\">Nutri\u00e7\u00e3o<\/h2>\n\n\n\n<p><strong>Resumo da A\u00e7\u00e3o:<\/strong><\/p>\n\n\n\n<p>T\u00edtulo: Colorindo com a Nutri\u00e7\u00e3o<br><br>Objetivo: Apoiar a brinquedoteca da enfermaria de Pediatria do HU na promo\u00e7\u00e3o do desenvolvimento de crian\u00e7as durante o per\u00edodo de interna\u00e7\u00e3o, por meio do incentivo a leitura, a arte e ao brincar.<br><br>Local da a\u00e7\u00e3o: Setor de Pediatria do Hospital Universit\u00e1rio da Universidade Estadual de Londrina (HU-UEL).<br><br>Esta a\u00e7\u00e3o contou com a participa\u00e7\u00e3o da Comiss\u00e3o de Recep\u00e7\u00e3o dos Ingressantes, composta pelos estudantes da 2\u00aa s\u00e9rie do curso de nutri\u00e7\u00e3o da UEL tanto no planejamento, como em sua execu\u00e7\u00e3o. Foram levantadas diferentes ideias de a\u00e7\u00f5es solid\u00e1rias dentro do grupo, sendo ent\u00e3o escolhida a arrecada\u00e7\u00e3o de materiais de papelaria (giz\u00e3o, l\u00e1pis de cor), livros infanto juvenis e massinha para doa\u00e7\u00e3o a brinquedoteca do setor de Pediatria do HU. <\/p>\n\n\n\n<p>O grupo tamb\u00e9m produziu um Livrinho de colorir, com tem\u00e1tica de Alimenta\u00e7\u00e3o Saud\u00e1vel, para promo\u00e7\u00e3o de Educa\u00e7\u00e3o Alimentar e Nutricional junto as crian\u00e7as, contando para isso com o apoio do Departamento PAC e do Centro de Ci\u00eancias da Sa\u00fade. <\/p>\n\n\n\n<p>Os materiais arrecadados e produzidos s\u00e3o de cunho educativo e l\u00fadico, para promo\u00e7\u00e3o do desenvolvimento das crian\u00e7as tamb\u00e9m durante o per\u00edodo de interna\u00e7\u00e3o, por meio do incentivo a leitura, a arte e ao brincar, abordando tamb\u00e9m aspectos voltados a promo\u00e7\u00e3o de escolhas alimentares mais saud\u00e1veis pelo p\u00fablico infantil. <\/p>\n\n\n\n<p>As arrecada\u00e7\u00f5es foram realizadas pelos estudantes do curso de nutri\u00e7\u00e3o no m\u00eas de agosto e a entrega acontecer\u00e1 no dia 11\/09, \u00e0s 10h30, na enfermaria de Pediatria do HU, quando ser\u00e3o feitos os registros. <\/p>\n\n\n\n<p>Esta a\u00e7\u00e3o contribui para o desenvolvimento do comportamento solid\u00e1rio nos nossos estudantes frente as necessidades da sociedade e das Institui\u00e7\u00f5es, promovendo a uni\u00e3o em prol de um bem comum.<\/p>\n\n\n\n<p><em>Obs: texto confeccionado pelos estudantes de Gradua\u00e7\u00e3o e\/ou Coordena\u00e7\u00e3o do curso.<\/em><\/p>\n\n\n\n<hr class=\"wp-block-separator has-text-color has-cinza-color has-css-opacity has-cinza-background-color has-background is-style-wide\" \/>\n\n\n<div class=\"wp-block-image\">\n<figure class=\"aligncenter size-full\"><img loading=\"lazy\" decoding=\"async\" width=\"2000\" height=\"1333\" src=\"https:\/\/sites.uel.br\/ser\/wp-content\/uploads\/2023\/10\/premio_boas_praticas_2023_nutricao_01.jpg\" alt=\"\" class=\"wp-image-6005\" srcset=\"https:\/\/sites.uel.br\/ser\/wp-content\/uploads\/2023\/10\/premio_boas_praticas_2023_nutricao_01.jpg 2000w, https:\/\/sites.uel.br\/ser\/wp-content\/uploads\/2023\/10\/premio_boas_praticas_2023_nutricao_01-300x200.jpg 300w, https:\/\/sites.uel.br\/ser\/wp-content\/uploads\/2023\/10\/premio_boas_praticas_2023_nutricao_01-1024x682.jpg 1024w, https:\/\/sites.uel.br\/ser\/wp-content\/uploads\/2023\/10\/premio_boas_praticas_2023_nutricao_01-768x512.jpg 768w, https:\/\/sites.uel.br\/ser\/wp-content\/uploads\/2023\/10\/premio_boas_praticas_2023_nutricao_01-1536x1024.jpg 1536w\" sizes=\"auto, (max-width: 2000px) 100vw, 2000px\" \/><\/figure>\n<\/div>\n\n<div class=\"wp-block-image\">\n<figure class=\"aligncenter size-full\"><img loading=\"lazy\" decoding=\"async\" width=\"2000\" height=\"1333\" src=\"https:\/\/sites.uel.br\/ser\/wp-content\/uploads\/2023\/10\/premio_boas_praticas_2023_nutricao_02.jpg\" alt=\"\" class=\"wp-image-6006\" srcset=\"https:\/\/sites.uel.br\/ser\/wp-content\/uploads\/2023\/10\/premio_boas_praticas_2023_nutricao_02.jpg 2000w, https:\/\/sites.uel.br\/ser\/wp-content\/uploads\/2023\/10\/premio_boas_praticas_2023_nutricao_02-300x200.jpg 300w, https:\/\/sites.uel.br\/ser\/wp-content\/uploads\/2023\/10\/premio_boas_praticas_2023_nutricao_02-1024x682.jpg 1024w, https:\/\/sites.uel.br\/ser\/wp-content\/uploads\/2023\/10\/premio_boas_praticas_2023_nutricao_02-768x512.jpg 768w, https:\/\/sites.uel.br\/ser\/wp-content\/uploads\/2023\/10\/premio_boas_praticas_2023_nutricao_02-1536x1024.jpg 1536w\" sizes=\"auto, (max-width: 2000px) 100vw, 2000px\" \/><\/figure>\n<\/div>\n\n<div class=\"wp-block-image\">\n<figure class=\"aligncenter size-full\"><img loading=\"lazy\" decoding=\"async\" width=\"2000\" height=\"1334\" src=\"https:\/\/sites.uel.br\/ser\/wp-content\/uploads\/2023\/10\/premio_boas_praticas_2023_nutricao_03.jpg\" alt=\"\" class=\"wp-image-6007\" srcset=\"https:\/\/sites.uel.br\/ser\/wp-content\/uploads\/2023\/10\/premio_boas_praticas_2023_nutricao_03.jpg 2000w, https:\/\/sites.uel.br\/ser\/wp-content\/uploads\/2023\/10\/premio_boas_praticas_2023_nutricao_03-300x200.jpg 300w, https:\/\/sites.uel.br\/ser\/wp-content\/uploads\/2023\/10\/premio_boas_praticas_2023_nutricao_03-1024x683.jpg 1024w, https:\/\/sites.uel.br\/ser\/wp-content\/uploads\/2023\/10\/premio_boas_praticas_2023_nutricao_03-768x512.jpg 768w, https:\/\/sites.uel.br\/ser\/wp-content\/uploads\/2023\/10\/premio_boas_praticas_2023_nutricao_03-1536x1025.jpg 1536w\" sizes=\"auto, (max-width: 2000px) 100vw, 2000px\" \/><\/figure>\n<\/div>\n\n<div class=\"wp-block-image\">\n<figure class=\"aligncenter size-full\"><img loading=\"lazy\" decoding=\"async\" width=\"2000\" height=\"1333\" src=\"https:\/\/sites.uel.br\/ser\/wp-content\/uploads\/2023\/10\/premio_boas_praticas_2023_nutricao_04.jpg\" alt=\"\" class=\"wp-image-6008\" srcset=\"https:\/\/sites.uel.br\/ser\/wp-content\/uploads\/2023\/10\/premio_boas_praticas_2023_nutricao_04.jpg 2000w, https:\/\/sites.uel.br\/ser\/wp-content\/uploads\/2023\/10\/premio_boas_praticas_2023_nutricao_04-300x200.jpg 300w, https:\/\/sites.uel.br\/ser\/wp-content\/uploads\/2023\/10\/premio_boas_praticas_2023_nutricao_04-1024x682.jpg 1024w, https:\/\/sites.uel.br\/ser\/wp-content\/uploads\/2023\/10\/premio_boas_praticas_2023_nutricao_04-768x512.jpg 768w, https:\/\/sites.uel.br\/ser\/wp-content\/uploads\/2023\/10\/premio_boas_praticas_2023_nutricao_04-1536x1024.jpg 1536w\" sizes=\"auto, (max-width: 2000px) 100vw, 2000px\" \/><\/figure>\n<\/div>\n\n<div class=\"wp-block-image\">\n<figure class=\"aligncenter size-full\"><img loading=\"lazy\" decoding=\"async\" width=\"2000\" height=\"1600\" src=\"https:\/\/sites.uel.br\/ser\/wp-content\/uploads\/2023\/10\/premio_boas_praticas_2023_nutricao_05.jpg\" alt=\"\" class=\"wp-image-6009\" srcset=\"https:\/\/sites.uel.br\/ser\/wp-content\/uploads\/2023\/10\/premio_boas_praticas_2023_nutricao_05.jpg 2000w, https:\/\/sites.uel.br\/ser\/wp-content\/uploads\/2023\/10\/premio_boas_praticas_2023_nutricao_05-300x240.jpg 300w, https:\/\/sites.uel.br\/ser\/wp-content\/uploads\/2023\/10\/premio_boas_praticas_2023_nutricao_05-1024x819.jpg 1024w, https:\/\/sites.uel.br\/ser\/wp-content\/uploads\/2023\/10\/premio_boas_praticas_2023_nutricao_05-768x614.jpg 768w, https:\/\/sites.uel.br\/ser\/wp-content\/uploads\/2023\/10\/premio_boas_praticas_2023_nutricao_05-1536x1229.jpg 1536w\" sizes=\"auto, (max-width: 2000px) 100vw, 2000px\" \/><\/figure>\n<\/div>\n\n<div class=\"wp-block-image\">\n<figure class=\"aligncenter size-full\"><img loading=\"lazy\" decoding=\"async\" width=\"2000\" height=\"1333\" src=\"https:\/\/sites.uel.br\/ser\/wp-content\/uploads\/2023\/10\/premio_boas_praticas_2023_nutricao_06.jpg\" alt=\"\" class=\"wp-image-6010\" srcset=\"https:\/\/sites.uel.br\/ser\/wp-content\/uploads\/2023\/10\/premio_boas_praticas_2023_nutricao_06.jpg 2000w, https:\/\/sites.uel.br\/ser\/wp-content\/uploads\/2023\/10\/premio_boas_praticas_2023_nutricao_06-300x200.jpg 300w, https:\/\/sites.uel.br\/ser\/wp-content\/uploads\/2023\/10\/premio_boas_praticas_2023_nutricao_06-1024x682.jpg 1024w, https:\/\/sites.uel.br\/ser\/wp-content\/uploads\/2023\/10\/premio_boas_praticas_2023_nutricao_06-768x512.jpg 768w, https:\/\/sites.uel.br\/ser\/wp-content\/uploads\/2023\/10\/premio_boas_praticas_2023_nutricao_06-1536x1024.jpg 1536w\" sizes=\"auto, (max-width: 2000px) 100vw, 2000px\" \/><\/figure>\n<\/div>\n\n<div class=\"wp-block-image\">\n<figure class=\"aligncenter size-full\"><img loading=\"lazy\" decoding=\"async\" width=\"2000\" height=\"1333\" src=\"https:\/\/sites.uel.br\/ser\/wp-content\/uploads\/2023\/10\/premio_boas_praticas_2023_nutricao_07.jpg\" alt=\"\" class=\"wp-image-6012\" srcset=\"https:\/\/sites.uel.br\/ser\/wp-content\/uploads\/2023\/10\/premio_boas_praticas_2023_nutricao_07.jpg 2000w, https:\/\/sites.uel.br\/ser\/wp-content\/uploads\/2023\/10\/premio_boas_praticas_2023_nutricao_07-300x200.jpg 300w, https:\/\/sites.uel.br\/ser\/wp-content\/uploads\/2023\/10\/premio_boas_praticas_2023_nutricao_07-1024x682.jpg 1024w, https:\/\/sites.uel.br\/ser\/wp-content\/uploads\/2023\/10\/premio_boas_praticas_2023_nutricao_07-768x512.jpg 768w, https:\/\/sites.uel.br\/ser\/wp-content\/uploads\/2023\/10\/premio_boas_praticas_2023_nutricao_07-1536x1024.jpg 1536w\" sizes=\"auto, (max-width: 2000px) 100vw, 2000px\" \/><\/figure>\n<\/div>\n\n<div class=\"wp-block-image\">\n<figure class=\"aligncenter size-full\"><img loading=\"lazy\" decoding=\"async\" width=\"2000\" height=\"1333\" src=\"https:\/\/sites.uel.br\/ser\/wp-content\/uploads\/2023\/10\/premio_boas_praticas_2023_nutricao_09.jpg\" alt=\"\" class=\"wp-image-6014\" srcset=\"https:\/\/sites.uel.br\/ser\/wp-content\/uploads\/2023\/10\/premio_boas_praticas_2023_nutricao_09.jpg 2000w, https:\/\/sites.uel.br\/ser\/wp-content\/uploads\/2023\/10\/premio_boas_praticas_2023_nutricao_09-300x200.jpg 300w, https:\/\/sites.uel.br\/ser\/wp-content\/uploads\/2023\/10\/premio_boas_praticas_2023_nutricao_09-1024x682.jpg 1024w, https:\/\/sites.uel.br\/ser\/wp-content\/uploads\/2023\/10\/premio_boas_praticas_2023_nutricao_09-768x512.jpg 768w, https:\/\/sites.uel.br\/ser\/wp-content\/uploads\/2023\/10\/premio_boas_praticas_2023_nutricao_09-1536x1024.jpg 1536w\" sizes=\"auto, (max-width: 2000px) 100vw, 2000px\" \/><\/figure>\n<\/div>\n\n<div class=\"wp-block-image\">\n<figure class=\"aligncenter size-full\"><img loading=\"lazy\" decoding=\"async\" width=\"2000\" height=\"1333\" src=\"https:\/\/sites.uel.br\/ser\/wp-content\/uploads\/2023\/10\/premio_boas_praticas_2023_nutricao_09-1.jpg\" alt=\"\" class=\"wp-image-6015\" srcset=\"https:\/\/sites.uel.br\/ser\/wp-content\/uploads\/2023\/10\/premio_boas_praticas_2023_nutricao_09-1.jpg 2000w, https:\/\/sites.uel.br\/ser\/wp-content\/uploads\/2023\/10\/premio_boas_praticas_2023_nutricao_09-1-300x200.jpg 300w, https:\/\/sites.uel.br\/ser\/wp-content\/uploads\/2023\/10\/premio_boas_praticas_2023_nutricao_09-1-1024x682.jpg 1024w, https:\/\/sites.uel.br\/ser\/wp-content\/uploads\/2023\/10\/premio_boas_praticas_2023_nutricao_09-1-768x512.jpg 768w, https:\/\/sites.uel.br\/ser\/wp-content\/uploads\/2023\/10\/premio_boas_praticas_2023_nutricao_09-1-1536x1024.jpg 1536w\" sizes=\"auto, (max-width: 2000px) 100vw, 2000px\" \/><\/figure>\n<\/div>\n\n\n<p><\/p>\n\n\n\n<hr class=\"wp-block-separator has-text-color has-cinza-color has-css-opacity has-cinza-background-color has-background is-style-wide\" \/>\n\n\n\n<p><strong>ESTUDANTES PARTICIPANTES<\/strong><\/p>\n\n\n\n<p>ANA LUISA DA SILVA AZEVEDO<br>B\u00c1RBARA DE SALES SGRIGNOLI<br>BRUNA SALES ROSENDO<br>CAROLINE BELLA DE SOUSA CARDOSO<br>DEISE WOLFF NUNES<br>EDUARDO DIAS<br>FELIPE MESQUITA BENTO<br>GABRIELLA SILVEIRA PONTILLO<br>GWINIFFER SHAIANE SPOLOM<br>HELOISA CRISTINA SILVESTRE<br>JULIA GON\u00c7ALVES DE MORAIS<br>LAISSA EMY SAKUMA<br>MARIA ELO\u00cdSA FERNANDES TOZATTI<br>MARIA ISABEL DE BARROS NEVES<br>MARIANE MEGUMI UMEBARA<br>NATALIA ALVES MENDES<br>NATALY DE SOUZA MORESCO<br>NICOLE AYUMI OTAKE<\/p>\n","protected":false},"excerpt":{"rendered":"<p>Cursos Inscritos Premiados 2023 Nutri\u00e7\u00e3o Resumo da A\u00e7\u00e3o: T\u00edtulo: Colorindo com a Nutri\u00e7\u00e3o Objetivo: Apoiar a brinquedoteca da enfermaria de Pediatria do HU na promo\u00e7\u00e3o do desenvolvimento de crian\u00e7as durante o per\u00edodo de interna\u00e7\u00e3o, por meio do incentivo a leitura, a arte e ao brincar. Local da a\u00e7\u00e3o: Setor de Pediatria do Hospital Universit\u00e1rio da [&hellip;]<\/p>\n","protected":false},"author":8,"featured_media":0,"parent":0,"menu_order":0,"comment_status":"closed","ping_status":"closed","template":"","meta":{"_acf_changed":false,"_themeisle_gutenberg_block_has_review":false,"footnotes":""},"class_list":["post-5996","page","type-page","status-publish","hentry"],"acf":[],"_links":{"self":[{"href":"https:\/\/sites.uel.br\/ser\/wp-json\/wp\/v2\/pages\/5996","targetHints":{"allow":["GET"]}}],"collection":[{"href":"https:\/\/sites.uel.br\/ser\/wp-json\/wp\/v2\/pages"}],"about":[{"href":"https:\/\/sites.uel.br\/ser\/wp-json\/wp\/v2\/types\/page"}],"author":[{"embeddable":true,"href":"https:\/\/sites.uel.br\/ser\/wp-json\/wp\/v2\/users\/8"}],"replies":[{"embeddable":true,"href":"https:\/\/sites.uel.br\/ser\/wp-json\/wp\/v2\/comments?post=5996"}],"version-history":[{"count":9,"href":"https:\/\/sites.uel.br\/ser\/wp-json\/wp\/v2\/pages\/5996\/revisions"}],"predecessor-version":[{"id":6024,"href":"https:\/\/sites.uel.br\/ser\/wp-json\/wp\/v2\/pages\/5996\/revisions\/6024"}],"wp:attachment":[{"href":"https:\/\/sites.uel.br\/ser\/wp-json\/wp\/v2\/media?parent=5996"}],"curies":[{"name":"wp","href":"https:\/\/api.w.org\/{rel}","templated":true}]}}