{"id":5966,"date":"2023-10-03T09:12:54","date_gmt":"2023-10-03T12:12:54","guid":{"rendered":"https:\/\/sites.uel.br\/ser\/?page_id=5966"},"modified":"2023-10-09T08:46:42","modified_gmt":"2023-10-09T11:46:42","slug":"premio-boas-praticas-na-recepcao-aos-estudantes-ingressantes-premiados-2023-direito","status":"publish","type":"page","link":"https:\/\/sites.uel.br\/ser\/premio-boas-praticas-na-recepcao-aos-estudantes-ingressantes-premiados-2023-direito\/","title":{"rendered":"Pr\u00eamio Boas Pr\u00e1ticas na Recep\u00e7\u00e3o aos Estudantes Ingressantes"},"content":{"rendered":"\n<hr class=\"wp-block-separator has-alpha-channel-opacity is-style-wide\" \/>\n\n\n\n<figure class=\"wp-block-image size-full\"><img loading=\"lazy\" decoding=\"async\" width=\"1280\" height=\"512\" src=\"https:\/\/sites.uel.br\/ser\/wp-content\/uploads\/2021\/07\/IMG-20210727-WA0028.jpg\" alt=\"\" class=\"wp-image-1021\" srcset=\"https:\/\/sites.uel.br\/ser\/wp-content\/uploads\/2021\/07\/IMG-20210727-WA0028.jpg 1280w, https:\/\/sites.uel.br\/ser\/wp-content\/uploads\/2021\/07\/IMG-20210727-WA0028-300x120.jpg 300w, https:\/\/sites.uel.br\/ser\/wp-content\/uploads\/2021\/07\/IMG-20210727-WA0028-1024x410.jpg 1024w, https:\/\/sites.uel.br\/ser\/wp-content\/uploads\/2021\/07\/IMG-20210727-WA0028-768x307.jpg 768w\" sizes=\"auto, (max-width: 1280px) 100vw, 1280px\" \/><\/figure>\n\n\n\n<h2 class=\"wp-block-heading\">Cursos Inscritos Premiados<\/h2>\n\n\n\n<h2 class=\"wp-block-heading\">2023<\/h2>\n\n\n\n<h2 class=\"wp-block-heading\">Direito<\/h2>\n\n\n\n<p><strong>Resumo da A\u00e7\u00e3o:<\/strong><\/p>\n\n\n\n<p>O Colegiado de Gradua\u00e7\u00e3o do Curso de Direito prop\u00f4s aos estudantes &#8211; ingressantes &#8211; ou n\u00e3o a arrecada\u00e7\u00e3o de meias novas para doa\u00e7\u00e3o em comunidades carentes, principalmente dos assentamentos e ocupa\u00e7\u00f5es contempladas por trabalhos assistenciais ou n\u00e3o realizados pelos docentes do curso de Servi\u00e7o social da UEL &#8211; especialmente em raz\u00e3o da pandemia e que relataram a necessidade desta pe\u00e7a de vestu\u00e1rio.<\/p>\n\n\n\n<p><em>Obs: texto confeccionado pelos estudantes de Gradua\u00e7\u00e3o e\/ou Coordena\u00e7\u00e3o do curso.<\/em><\/p>\n\n\n\n<hr class=\"wp-block-separator has-text-color has-cinza-color has-css-opacity has-cinza-background-color has-background is-style-wide\" \/>\n\n\n\n<p><strong>ESTUDANTES PARTICIPANTES<\/strong><\/p>\n\n\n\n<p>BEATRIZ MITY OMURO<br>GABRIELLY CRISTINA DE SOUZA<br>MARIA CLARA SOUZA BERSI<br>MATHEUS VENDRAME MONTI<\/p>\n","protected":false},"excerpt":{"rendered":"<p>Cursos Inscritos Premiados 2023 Direito Resumo da A\u00e7\u00e3o: O Colegiado de Gradua\u00e7\u00e3o do Curso de Direito prop\u00f4s aos estudantes &#8211; ingressantes &#8211; ou n\u00e3o a arrecada\u00e7\u00e3o de meias novas para doa\u00e7\u00e3o em comunidades carentes, principalmente dos assentamentos e ocupa\u00e7\u00f5es contempladas por trabalhos assistenciais ou n\u00e3o realizados pelos docentes do curso de Servi\u00e7o social da UEL [&hellip;]<\/p>\n","protected":false},"author":8,"featured_media":0,"parent":0,"menu_order":0,"comment_status":"closed","ping_status":"closed","template":"","meta":{"_acf_changed":false,"_themeisle_gutenberg_block_has_review":false,"footnotes":""},"class_list":["post-5966","page","type-page","status-publish","hentry"],"acf":[],"_links":{"self":[{"href":"https:\/\/sites.uel.br\/ser\/wp-json\/wp\/v2\/pages\/5966","targetHints":{"allow":["GET"]}}],"collection":[{"href":"https:\/\/sites.uel.br\/ser\/wp-json\/wp\/v2\/pages"}],"about":[{"href":"https:\/\/sites.uel.br\/ser\/wp-json\/wp\/v2\/types\/page"}],"author":[{"embeddable":true,"href":"https:\/\/sites.uel.br\/ser\/wp-json\/wp\/v2\/users\/8"}],"replies":[{"embeddable":true,"href":"https:\/\/sites.uel.br\/ser\/wp-json\/wp\/v2\/comments?post=5966"}],"version-history":[{"count":7,"href":"https:\/\/sites.uel.br\/ser\/wp-json\/wp\/v2\/pages\/5966\/revisions"}],"predecessor-version":[{"id":6056,"href":"https:\/\/sites.uel.br\/ser\/wp-json\/wp\/v2\/pages\/5966\/revisions\/6056"}],"wp:attachment":[{"href":"https:\/\/sites.uel.br\/ser\/wp-json\/wp\/v2\/media?parent=5966"}],"curies":[{"name":"wp","href":"https:\/\/api.w.org\/{rel}","templated":true}]}}

Prêmio Boas Práticas na Recepção aos Estudantes Ingressantes

<hr class="wp-block-separator has-alpha-channel-opacity is-style-wide" />



<figure class="wp-block-image size-full"><img loading="lazy" decoding="async" width="1280" height="512" src="https://sites.uel.br/ser/wp-content/uploads/2021/07/IMG-20210727-WA0028.jpg" alt="" class="wp-image-1021" srcset="https://sites.uel.br/ser/wp-content/uploads/2021/07/IMG-20210727-WA0028.jpg 1280w, https://sites.uel.br/ser/wp-content/uploads/2021/07/IMG-20210727-WA0028-300x120.jpg 300w, https://sites.uel.br/ser/wp-content/uploads/2021/07/IMG-20210727-WA0028-1024x410.jpg 1024w, https://sites.uel.br/ser/wp-content/uploads/2021/07/IMG-20210727-WA0028-768x307.jpg 768w" sizes="auto, (max-width: 1280px) 100vw, 1280px" /></figure>



<h2 class="wp-block-heading">Cursos Inscritos Premiados</h2>



<h2 class="wp-block-heading">2023</h2>



<h2 class="wp-block-heading">Direito</h2>



<p><strong>Resumo da Ação:</strong></p>



<p>O Colegiado de Graduação do Curso de Direito propôs aos estudantes &#8211; ingressantes &#8211; ou não a arrecadação de meias novas para doação em comunidades carentes, principalmente dos assentamentos e ocupações contempladas por trabalhos assistenciais ou não realizados pelos docentes do curso de Serviço social da UEL &#8211; especialmente em razão da pandemia e que relataram a necessidade desta peça de vestuário.</p>



<p><em>Obs: texto confeccionado pelos estudantes de Graduação e/ou Coordenação do curso.</em></p>



<hr class="wp-block-separator has-text-color has-cinza-color has-css-opacity has-cinza-background-color has-background is-style-wide" />



<p><strong>ESTUDANTES PARTICIPANTES</strong></p>



<p>BEATRIZ MITY OMURO<br>GABRIELLY CRISTINA DE SOUZA<br>MARIA CLARA SOUZA BERSI<br>MATHEUS VENDRAME MONTI</p>

<p>Cursos Inscritos Premiados 2023 Direito Resumo da Ação: O Colegiado de Graduação do Curso de Direito propôs aos estudantes &#8211; ingressantes &#8211; ou não a arrecadação de meias novas para doação em comunidades carentes, principalmente dos assentamentos e ocupações contempladas por trabalhos assistenciais ou não realizados pelos docentes do curso de Serviço social da UEL [&hellip;]</p>
