{"id":5965,"date":"2023-10-03T09:12:52","date_gmt":"2023-10-03T12:12:52","guid":{"rendered":"https:\/\/sites.uel.br\/ser\/?page_id=5965"},"modified":"2023-10-09T09:31:31","modified_gmt":"2023-10-09T12:31:31","slug":"premio-boas-praticas-na-recepcao-aos-estudantes-ingressantes-premiados-2023-agronomia","status":"publish","type":"page","link":"https:\/\/sites.uel.br\/ser\/premio-boas-praticas-na-recepcao-aos-estudantes-ingressantes-premiados-2023-agronomia\/","title":{"rendered":"Pr\u00eamio Boas Pr\u00e1ticas na Recep\u00e7\u00e3o aos Estudantes Ingressantes"},"content":{"rendered":"\n<hr class=\"wp-block-separator has-alpha-channel-opacity is-style-wide\" \/>\n\n\n\n<figure class=\"wp-block-image size-full\"><img loading=\"lazy\" decoding=\"async\" width=\"1280\" height=\"512\" src=\"https:\/\/sites.uel.br\/ser\/wp-content\/uploads\/2021\/07\/IMG-20210727-WA0028.jpg\" alt=\"\" class=\"wp-image-1021\" srcset=\"https:\/\/sites.uel.br\/ser\/wp-content\/uploads\/2021\/07\/IMG-20210727-WA0028.jpg 1280w, https:\/\/sites.uel.br\/ser\/wp-content\/uploads\/2021\/07\/IMG-20210727-WA0028-300x120.jpg 300w, https:\/\/sites.uel.br\/ser\/wp-content\/uploads\/2021\/07\/IMG-20210727-WA0028-1024x410.jpg 1024w, https:\/\/sites.uel.br\/ser\/wp-content\/uploads\/2021\/07\/IMG-20210727-WA0028-768x307.jpg 768w\" sizes=\"auto, (max-width: 1280px) 100vw, 1280px\" \/><\/figure>\n\n\n\n<h2 class=\"wp-block-heading\">Cursos Inscritos Premiados<\/h2>\n\n\n\n<h2 class=\"wp-block-heading\">2023<\/h2>\n\n\n\n<h2 class=\"wp-block-heading\">Agronomia<\/h2>\n\n\n\n<p><strong>Resumo da A\u00e7\u00e3o:<\/strong><\/p>\n\n\n\n<p>Os ingressantes realizaram o plantio de mudas de \u00e1rvores na FAZESC UEL para recomposi\u00e7\u00e3o da mata.<\/p>\n\n\n\n<p>Os ingressantes, docentes e colaboradores do CCA, realizaram uma campanha de doa\u00e7\u00e3o fraldas geri\u00e1tricas para Casa de Apoio a Idosos.<\/p>\n\n\n\n<p><em>Obs: texto confeccionado pelos estudantes de Gradua\u00e7\u00e3o e\/ou Coordena\u00e7\u00e3o do curso.<\/em><\/p>\n\n\n\n<hr class=\"wp-block-separator has-text-color has-cinza-color has-css-opacity has-cinza-background-color has-background is-style-wide\" \/>\n\n\n\n<p><strong>ESTUDANTES PARTICIPANTES<\/strong><\/p>\n\n\n\n<p>DAFNE BEATRIZ ALVES<br>JO\u00c3O DAVI PIERRO MACULAN<br>JO\u00c3O END\u00cd CONSANI STEIDLE<br>LEONARDO MARTINEZ<br>ROBERTA DO NASCIMENTO FERNANDES<\/p>\n\n\n\n<hr class=\"wp-block-separator has-text-color has-cinza-color has-css-opacity has-cinza-background-color has-background is-style-wide\" \/>\n\n\n\n<p class=\"has-text-align-center\"><strong>Campanha de Arrecada\u00e7\u00e3o de Fraldas Geri\u00e1tricas no CCA<\/strong><br>Asilo S\u00e3o Vicente de Paula, Lar do Vov\u00f4s e Vovozinhas<\/p>\n\n\n<div class=\"wp-block-image\">\n<figure class=\"aligncenter size-full\"><img loading=\"lazy\" decoding=\"async\" width=\"720\" height=\"1280\" src=\"https:\/\/sites.uel.br\/ser\/wp-content\/uploads\/2023\/10\/premio_boas_praticas_2023_agronomia_01.jpg\" alt=\"\" class=\"wp-image-6060\" srcset=\"https:\/\/sites.uel.br\/ser\/wp-content\/uploads\/2023\/10\/premio_boas_praticas_2023_agronomia_01.jpg 720w, https:\/\/sites.uel.br\/ser\/wp-content\/uploads\/2023\/10\/premio_boas_praticas_2023_agronomia_01-169x300.jpg 169w, https:\/\/sites.uel.br\/ser\/wp-content\/uploads\/2023\/10\/premio_boas_praticas_2023_agronomia_01-576x1024.jpg 576w\" sizes=\"auto, (max-width: 720px) 100vw, 720px\" \/><\/figure>\n<\/div>\n\n<div class=\"wp-block-image\">\n<figure class=\"aligncenter size-full\"><img loading=\"lazy\" decoding=\"async\" width=\"1200\" height=\"1600\" src=\"https:\/\/sites.uel.br\/ser\/wp-content\/uploads\/2023\/10\/premio_boas_praticas_2023_agronomia_02.jpg\" alt=\"\" class=\"wp-image-6061\" srcset=\"https:\/\/sites.uel.br\/ser\/wp-content\/uploads\/2023\/10\/premio_boas_praticas_2023_agronomia_02.jpg 1200w, https:\/\/sites.uel.br\/ser\/wp-content\/uploads\/2023\/10\/premio_boas_praticas_2023_agronomia_02-225x300.jpg 225w, https:\/\/sites.uel.br\/ser\/wp-content\/uploads\/2023\/10\/premio_boas_praticas_2023_agronomia_02-768x1024.jpg 768w, https:\/\/sites.uel.br\/ser\/wp-content\/uploads\/2023\/10\/premio_boas_praticas_2023_agronomia_02-1152x1536.jpg 1152w\" sizes=\"auto, (max-width: 1200px) 100vw, 1200px\" \/><\/figure>\n<\/div>\n\n<div class=\"wp-block-image\">\n<figure class=\"aligncenter size-full\"><img loading=\"lazy\" decoding=\"async\" width=\"1200\" height=\"1600\" src=\"https:\/\/sites.uel.br\/ser\/wp-content\/uploads\/2023\/10\/premio_boas_praticas_2023_agronomia_03.jpg\" alt=\"\" class=\"wp-image-6062\" srcset=\"https:\/\/sites.uel.br\/ser\/wp-content\/uploads\/2023\/10\/premio_boas_praticas_2023_agronomia_03.jpg 1200w, https:\/\/sites.uel.br\/ser\/wp-content\/uploads\/2023\/10\/premio_boas_praticas_2023_agronomia_03-225x300.jpg 225w, https:\/\/sites.uel.br\/ser\/wp-content\/uploads\/2023\/10\/premio_boas_praticas_2023_agronomia_03-768x1024.jpg 768w, https:\/\/sites.uel.br\/ser\/wp-content\/uploads\/2023\/10\/premio_boas_praticas_2023_agronomia_03-1152x1536.jpg 1152w\" sizes=\"auto, (max-width: 1200px) 100vw, 1200px\" \/><\/figure>\n<\/div>\n\n\n<div style=\"height:20px\" aria-hidden=\"true\" class=\"wp-block-spacer\"><\/div>\n\n\n\n<p class=\"has-text-align-center\"><strong>Plantio de Mudas na Fazesc UEL<\/strong><\/p>\n\n\n<div class=\"wp-block-image\">\n<figure class=\"aligncenter size-full\"><img loading=\"lazy\" decoding=\"async\" width=\"2560\" height=\"1705\" src=\"https:\/\/sites.uel.br\/ser\/wp-content\/uploads\/2023\/10\/premio_boas_praticas_2023_agronomia_04-scaled.jpg\" alt=\"\" class=\"wp-image-6064\" srcset=\"https:\/\/sites.uel.br\/ser\/wp-content\/uploads\/2023\/10\/premio_boas_praticas_2023_agronomia_04-scaled.jpg 2560w, https:\/\/sites.uel.br\/ser\/wp-content\/uploads\/2023\/10\/premio_boas_praticas_2023_agronomia_04-300x200.jpg 300w, https:\/\/sites.uel.br\/ser\/wp-content\/uploads\/2023\/10\/premio_boas_praticas_2023_agronomia_04-1024x682.jpg 1024w, https:\/\/sites.uel.br\/ser\/wp-content\/uploads\/2023\/10\/premio_boas_praticas_2023_agronomia_04-768x511.jpg 768w, https:\/\/sites.uel.br\/ser\/wp-content\/uploads\/2023\/10\/premio_boas_praticas_2023_agronomia_04-1536x1023.jpg 1536w, https:\/\/sites.uel.br\/ser\/wp-content\/uploads\/2023\/10\/premio_boas_praticas_2023_agronomia_04-2048x1364.jpg 2048w\" sizes=\"auto, (max-width: 2560px) 100vw, 2560px\" \/><\/figure>\n<\/div>\n\n<div class=\"wp-block-image\">\n<figure class=\"aligncenter size-full\"><img loading=\"lazy\" decoding=\"async\" width=\"2560\" height=\"1705\" src=\"https:\/\/sites.uel.br\/ser\/wp-content\/uploads\/2023\/10\/premio_boas_praticas_2023_agronomia_05-scaled.jpg\" alt=\"\" class=\"wp-image-6065\" srcset=\"https:\/\/sites.uel.br\/ser\/wp-content\/uploads\/2023\/10\/premio_boas_praticas_2023_agronomia_05-scaled.jpg 2560w, https:\/\/sites.uel.br\/ser\/wp-content\/uploads\/2023\/10\/premio_boas_praticas_2023_agronomia_05-300x200.jpg 300w, https:\/\/sites.uel.br\/ser\/wp-content\/uploads\/2023\/10\/premio_boas_praticas_2023_agronomia_05-1024x682.jpg 1024w, https:\/\/sites.uel.br\/ser\/wp-content\/uploads\/2023\/10\/premio_boas_praticas_2023_agronomia_05-768x511.jpg 768w, https:\/\/sites.uel.br\/ser\/wp-content\/uploads\/2023\/10\/premio_boas_praticas_2023_agronomia_05-1536x1023.jpg 1536w, https:\/\/sites.uel.br\/ser\/wp-content\/uploads\/2023\/10\/premio_boas_praticas_2023_agronomia_05-2048x1364.jpg 2048w\" sizes=\"auto, (max-width: 2560px) 100vw, 2560px\" \/><\/figure>\n<\/div>\n\n<div class=\"wp-block-image\">\n<figure class=\"aligncenter size-full\"><img loading=\"lazy\" decoding=\"async\" width=\"2560\" height=\"1705\" src=\"https:\/\/sites.uel.br\/ser\/wp-content\/uploads\/2023\/10\/premio_boas_praticas_2023_agronomia_06-scaled.jpg\" alt=\"\" class=\"wp-image-6063\" srcset=\"https:\/\/sites.uel.br\/ser\/wp-content\/uploads\/2023\/10\/premio_boas_praticas_2023_agronomia_06-scaled.jpg 2560w, https:\/\/sites.uel.br\/ser\/wp-content\/uploads\/2023\/10\/premio_boas_praticas_2023_agronomia_06-300x200.jpg 300w, https:\/\/sites.uel.br\/ser\/wp-content\/uploads\/2023\/10\/premio_boas_praticas_2023_agronomia_06-1024x682.jpg 1024w, https:\/\/sites.uel.br\/ser\/wp-content\/uploads\/2023\/10\/premio_boas_praticas_2023_agronomia_06-768x511.jpg 768w, https:\/\/sites.uel.br\/ser\/wp-content\/uploads\/2023\/10\/premio_boas_praticas_2023_agronomia_06-1536x1023.jpg 1536w, https:\/\/sites.uel.br\/ser\/wp-content\/uploads\/2023\/10\/premio_boas_praticas_2023_agronomia_06-2048x1364.jpg 2048w\" sizes=\"auto, (max-width: 2560px) 100vw, 2560px\" \/><\/figure>\n<\/div>","protected":false},"excerpt":{"rendered":"<p>Cursos Inscritos Premiados 2023 Agronomia Resumo da A\u00e7\u00e3o: Os ingressantes realizaram o plantio de mudas de \u00e1rvores na FAZESC UEL para recomposi\u00e7\u00e3o da mata. Os ingressantes, docentes e colaboradores do CCA, realizaram uma campanha de doa\u00e7\u00e3o fraldas geri\u00e1tricas para Casa de Apoio a Idosos. Obs: texto confeccionado pelos estudantes de Gradua\u00e7\u00e3o e\/ou Coordena\u00e7\u00e3o do curso. [&hellip;]<\/p>\n","protected":false},"author":8,"featured_media":0,"parent":0,"menu_order":0,"comment_status":"closed","ping_status":"closed","template":"","meta":{"_acf_changed":false,"_themeisle_gutenberg_block_has_review":false,"footnotes":""},"class_list":["post-5965","page","type-page","status-publish","hentry"],"acf":[],"_links":{"self":[{"href":"https:\/\/sites.uel.br\/ser\/wp-json\/wp\/v2\/pages\/5965","targetHints":{"allow":["GET"]}}],"collection":[{"href":"https:\/\/sites.uel.br\/ser\/wp-json\/wp\/v2\/pages"}],"about":[{"href":"https:\/\/sites.uel.br\/ser\/wp-json\/wp\/v2\/types\/page"}],"author":[{"embeddable":true,"href":"https:\/\/sites.uel.br\/ser\/wp-json\/wp\/v2\/users\/8"}],"replies":[{"embeddable":true,"href":"https:\/\/sites.uel.br\/ser\/wp-json\/wp\/v2\/comments?post=5965"}],"version-history":[{"count":13,"href":"https:\/\/sites.uel.br\/ser\/wp-json\/wp\/v2\/pages\/5965\/revisions"}],"predecessor-version":[{"id":6070,"href":"https:\/\/sites.uel.br\/ser\/wp-json\/wp\/v2\/pages\/5965\/revisions\/6070"}],"wp:attachment":[{"href":"https:\/\/sites.uel.br\/ser\/wp-json\/wp\/v2\/media?parent=5965"}],"curies":[{"name":"wp","href":"https:\/\/api.w.org\/{rel}","templated":true}]}}

Prêmio Boas Práticas na Recepção aos Estudantes Ingressantes

<hr class="wp-block-separator has-alpha-channel-opacity is-style-wide" />



<figure class="wp-block-image size-full"><img loading="lazy" decoding="async" width="1280" height="512" src="https://sites.uel.br/ser/wp-content/uploads/2021/07/IMG-20210727-WA0028.jpg" alt="" class="wp-image-1021" srcset="https://sites.uel.br/ser/wp-content/uploads/2021/07/IMG-20210727-WA0028.jpg 1280w, https://sites.uel.br/ser/wp-content/uploads/2021/07/IMG-20210727-WA0028-300x120.jpg 300w, https://sites.uel.br/ser/wp-content/uploads/2021/07/IMG-20210727-WA0028-1024x410.jpg 1024w, https://sites.uel.br/ser/wp-content/uploads/2021/07/IMG-20210727-WA0028-768x307.jpg 768w" sizes="auto, (max-width: 1280px) 100vw, 1280px" /></figure>



<h2 class="wp-block-heading">Cursos Inscritos Premiados</h2>



<h2 class="wp-block-heading">2023</h2>



<h2 class="wp-block-heading">Agronomia</h2>



<p><strong>Resumo da Ação:</strong></p>



<p>Os ingressantes realizaram o plantio de mudas de árvores na FAZESC UEL para recomposição da mata.</p>



<p>Os ingressantes, docentes e colaboradores do CCA, realizaram uma campanha de doação fraldas geriátricas para Casa de Apoio a Idosos.</p>



<p><em>Obs: texto confeccionado pelos estudantes de Graduação e/ou Coordenação do curso.</em></p>



<hr class="wp-block-separator has-text-color has-cinza-color has-css-opacity has-cinza-background-color has-background is-style-wide" />



<p><strong>ESTUDANTES PARTICIPANTES</strong></p>



<p>DAFNE BEATRIZ ALVES<br>JOÃO DAVI PIERRO MACULAN<br>JOÃO ENDÍ CONSANI STEIDLE<br>LEONARDO MARTINEZ<br>ROBERTA DO NASCIMENTO FERNANDES</p>



<hr class="wp-block-separator has-text-color has-cinza-color has-css-opacity has-cinza-background-color has-background is-style-wide" />



<p class="has-text-align-center"><strong>Campanha de Arrecadação de Fraldas Geriátricas no CCA</strong><br>Asilo São Vicente de Paula, Lar do Vovôs e Vovozinhas</p>


<div class="wp-block-image">
<figure class="aligncenter size-full"><img loading="lazy" decoding="async" width="720" height="1280" src="https://sites.uel.br/ser/wp-content/uploads/2023/10/premio_boas_praticas_2023_agronomia_01.jpg" alt="" class="wp-image-6060" srcset="https://sites.uel.br/ser/wp-content/uploads/2023/10/premio_boas_praticas_2023_agronomia_01.jpg 720w, https://sites.uel.br/ser/wp-content/uploads/2023/10/premio_boas_praticas_2023_agronomia_01-169x300.jpg 169w, https://sites.uel.br/ser/wp-content/uploads/2023/10/premio_boas_praticas_2023_agronomia_01-576x1024.jpg 576w" sizes="auto, (max-width: 720px) 100vw, 720px" /></figure>
</div>

<div class="wp-block-image">
<figure class="aligncenter size-full"><img loading="lazy" decoding="async" width="1200" height="1600" src="https://sites.uel.br/ser/wp-content/uploads/2023/10/premio_boas_praticas_2023_agronomia_02.jpg" alt="" class="wp-image-6061" srcset="https://sites.uel.br/ser/wp-content/uploads/2023/10/premio_boas_praticas_2023_agronomia_02.jpg 1200w, https://sites.uel.br/ser/wp-content/uploads/2023/10/premio_boas_praticas_2023_agronomia_02-225x300.jpg 225w, https://sites.uel.br/ser/wp-content/uploads/2023/10/premio_boas_praticas_2023_agronomia_02-768x1024.jpg 768w, https://sites.uel.br/ser/wp-content/uploads/2023/10/premio_boas_praticas_2023_agronomia_02-1152x1536.jpg 1152w" sizes="auto, (max-width: 1200px) 100vw, 1200px" /></figure>
</div>

<div class="wp-block-image">
<figure class="aligncenter size-full"><img loading="lazy" decoding="async" width="1200" height="1600" src="https://sites.uel.br/ser/wp-content/uploads/2023/10/premio_boas_praticas_2023_agronomia_03.jpg" alt="" class="wp-image-6062" srcset="https://sites.uel.br/ser/wp-content/uploads/2023/10/premio_boas_praticas_2023_agronomia_03.jpg 1200w, https://sites.uel.br/ser/wp-content/uploads/2023/10/premio_boas_praticas_2023_agronomia_03-225x300.jpg 225w, https://sites.uel.br/ser/wp-content/uploads/2023/10/premio_boas_praticas_2023_agronomia_03-768x1024.jpg 768w, https://sites.uel.br/ser/wp-content/uploads/2023/10/premio_boas_praticas_2023_agronomia_03-1152x1536.jpg 1152w" sizes="auto, (max-width: 1200px) 100vw, 1200px" /></figure>
</div>


<div style="height:20px" aria-hidden="true" class="wp-block-spacer"></div>



<p class="has-text-align-center"><strong>Plantio de Mudas na Fazesc UEL</strong></p>


<div class="wp-block-image">
<figure class="aligncenter size-full"><img loading="lazy" decoding="async" width="2560" height="1705" src="https://sites.uel.br/ser/wp-content/uploads/2023/10/premio_boas_praticas_2023_agronomia_04-scaled.jpg" alt="" class="wp-image-6064" srcset="https://sites.uel.br/ser/wp-content/uploads/2023/10/premio_boas_praticas_2023_agronomia_04-scaled.jpg 2560w, https://sites.uel.br/ser/wp-content/uploads/2023/10/premio_boas_praticas_2023_agronomia_04-300x200.jpg 300w, https://sites.uel.br/ser/wp-content/uploads/2023/10/premio_boas_praticas_2023_agronomia_04-1024x682.jpg 1024w, https://sites.uel.br/ser/wp-content/uploads/2023/10/premio_boas_praticas_2023_agronomia_04-768x511.jpg 768w, https://sites.uel.br/ser/wp-content/uploads/2023/10/premio_boas_praticas_2023_agronomia_04-1536x1023.jpg 1536w, https://sites.uel.br/ser/wp-content/uploads/2023/10/premio_boas_praticas_2023_agronomia_04-2048x1364.jpg 2048w" sizes="auto, (max-width: 2560px) 100vw, 2560px" /></figure>
</div>

<div class="wp-block-image">
<figure class="aligncenter size-full"><img loading="lazy" decoding="async" width="2560" height="1705" src="https://sites.uel.br/ser/wp-content/uploads/2023/10/premio_boas_praticas_2023_agronomia_05-scaled.jpg" alt="" class="wp-image-6065" srcset="https://sites.uel.br/ser/wp-content/uploads/2023/10/premio_boas_praticas_2023_agronomia_05-scaled.jpg 2560w, https://sites.uel.br/ser/wp-content/uploads/2023/10/premio_boas_praticas_2023_agronomia_05-300x200.jpg 300w, https://sites.uel.br/ser/wp-content/uploads/2023/10/premio_boas_praticas_2023_agronomia_05-1024x682.jpg 1024w, https://sites.uel.br/ser/wp-content/uploads/2023/10/premio_boas_praticas_2023_agronomia_05-768x511.jpg 768w, https://sites.uel.br/ser/wp-content/uploads/2023/10/premio_boas_praticas_2023_agronomia_05-1536x1023.jpg 1536w, https://sites.uel.br/ser/wp-content/uploads/2023/10/premio_boas_praticas_2023_agronomia_05-2048x1364.jpg 2048w" sizes="auto, (max-width: 2560px) 100vw, 2560px" /></figure>
</div>

<div class="wp-block-image">
<figure class="aligncenter size-full"><img loading="lazy" decoding="async" width="2560" height="1705" src="https://sites.uel.br/ser/wp-content/uploads/2023/10/premio_boas_praticas_2023_agronomia_06-scaled.jpg" alt="" class="wp-image-6063" srcset="https://sites.uel.br/ser/wp-content/uploads/2023/10/premio_boas_praticas_2023_agronomia_06-scaled.jpg 2560w, https://sites.uel.br/ser/wp-content/uploads/2023/10/premio_boas_praticas_2023_agronomia_06-300x200.jpg 300w, https://sites.uel.br/ser/wp-content/uploads/2023/10/premio_boas_praticas_2023_agronomia_06-1024x682.jpg 1024w, https://sites.uel.br/ser/wp-content/uploads/2023/10/premio_boas_praticas_2023_agronomia_06-768x511.jpg 768w, https://sites.uel.br/ser/wp-content/uploads/2023/10/premio_boas_praticas_2023_agronomia_06-1536x1023.jpg 1536w, https://sites.uel.br/ser/wp-content/uploads/2023/10/premio_boas_praticas_2023_agronomia_06-2048x1364.jpg 2048w" sizes="auto, (max-width: 2560px) 100vw, 2560px" /></figure>
</div>

<p>Cursos Inscritos Premiados 2023 Agronomia Resumo da Ação: Os ingressantes realizaram o plantio de mudas de árvores na FAZESC UEL para recomposição da mata. Os ingressantes, docentes e colaboradores do CCA, realizaram uma campanha de doação fraldas geriátricas para Casa de Apoio a Idosos. Obs: texto confeccionado pelos estudantes de Graduação e/ou Coordenação do curso. [&hellip;]</p>
