{"id":5763,"date":"2023-09-11T11:07:29","date_gmt":"2023-09-11T14:07:29","guid":{"rendered":"https:\/\/sites.uel.br\/ser\/?page_id=5763"},"modified":"2023-10-24T13:55:54","modified_gmt":"2023-10-24T16:55:54","slug":"premio-boas-praticas-na-recepcao-aos-estudantes-ingressantes-premiados-2023-relacoes-publicas","status":"publish","type":"page","link":"https:\/\/sites.uel.br\/ser\/premio-boas-praticas-na-recepcao-aos-estudantes-ingressantes-premiados-2023-relacoes-publicas\/","title":{"rendered":"Pr\u00eamio Boas Pr\u00e1ticas na Recep\u00e7\u00e3o aos Estudantes Ingressantes"},"content":{"rendered":"\n<hr class=\"wp-block-separator has-alpha-channel-opacity is-style-wide\" \/>\n\n\n\n<figure class=\"wp-block-image size-full\"><img loading=\"lazy\" decoding=\"async\" width=\"1280\" height=\"512\" src=\"https:\/\/sites.uel.br\/ser\/wp-content\/uploads\/2021\/07\/IMG-20210727-WA0028.jpg\" alt=\"\" class=\"wp-image-1021\" srcset=\"https:\/\/sites.uel.br\/ser\/wp-content\/uploads\/2021\/07\/IMG-20210727-WA0028.jpg 1280w, https:\/\/sites.uel.br\/ser\/wp-content\/uploads\/2021\/07\/IMG-20210727-WA0028-300x120.jpg 300w, https:\/\/sites.uel.br\/ser\/wp-content\/uploads\/2021\/07\/IMG-20210727-WA0028-1024x410.jpg 1024w, https:\/\/sites.uel.br\/ser\/wp-content\/uploads\/2021\/07\/IMG-20210727-WA0028-768x307.jpg 768w\" sizes=\"auto, (max-width: 1280px) 100vw, 1280px\" \/><\/figure>\n\n\n\n<h2 class=\"wp-block-heading\">Cursos Inscritos Premiados<\/h2>\n\n\n\n<h2 class=\"wp-block-heading\">2023<\/h2>\n\n\n\n<h2 class=\"wp-block-heading\">Rela\u00e7\u00f5es P\u00fablicas<\/h2>\n\n\n\n<p><strong>Resumo da A\u00e7\u00e3o:<\/strong><\/p>\n\n\n\n<p>Trote Solid\u00e1rio<\/p>\n\n\n\n<p>Escolher institui\u00e7\u00e3o de caridade listada pela uel (ou n\u00e3o);<br>3 grupos &#8211; Dois com 8 integrantes e um com 9;<br>Cada grupo ter\u00e1 que escolher um l\u00edder;<br>Dever\u00e3o arrecadar alimentos n\u00e3o perec\u00edveis e realizar alguns desafios;<br>O grupo que tiver doadores de sangue, ter\u00e3o 250 pontos a mais por doa\u00e7\u00e3o;<br>Ser\u00e3o separados os alunos por cores, no dia da recep\u00e7\u00e3o (08\/09);<br>Dura\u00e7\u00e3o: 10\/08 at\u00e9 18\/08;<br>Equipe vencedora ganhar\u00e1 um pr\u00eamio (vamos tentar voucher do The Best);<br>Cada equipe ter\u00e1 1 ou 2 veteranos para auxiliar.<\/p>\n\n\n\n<p><em>Obs: texto confeccionado pelos estudantes de Gradua\u00e7\u00e3o e\/ou Coordena\u00e7\u00e3o do curso.<\/em><\/p>\n\n\n\n<hr class=\"wp-block-separator has-text-color has-cinza-color has-css-opacity has-cinza-background-color has-background is-style-wide\" \/>\n\n\n<div class=\"wp-block-image\">\n<figure class=\"aligncenter size-full\"><img loading=\"lazy\" decoding=\"async\" width=\"1600\" height=\"1200\" src=\"https:\/\/sites.uel.br\/ser\/wp-content\/uploads\/2023\/09\/premio_boas_praticas_2023_relacoes_publicas_01.jpg\" alt=\"\" class=\"wp-image-5913\" srcset=\"https:\/\/sites.uel.br\/ser\/wp-content\/uploads\/2023\/09\/premio_boas_praticas_2023_relacoes_publicas_01.jpg 1600w, https:\/\/sites.uel.br\/ser\/wp-content\/uploads\/2023\/09\/premio_boas_praticas_2023_relacoes_publicas_01-300x225.jpg 300w, https:\/\/sites.uel.br\/ser\/wp-content\/uploads\/2023\/09\/premio_boas_praticas_2023_relacoes_publicas_01-1024x768.jpg 1024w, https:\/\/sites.uel.br\/ser\/wp-content\/uploads\/2023\/09\/premio_boas_praticas_2023_relacoes_publicas_01-768x576.jpg 768w, https:\/\/sites.uel.br\/ser\/wp-content\/uploads\/2023\/09\/premio_boas_praticas_2023_relacoes_publicas_01-1536x1152.jpg 1536w\" sizes=\"auto, (max-width: 1600px) 100vw, 1600px\" \/><\/figure>\n<\/div>\n\n<div class=\"wp-block-image\">\n<figure class=\"aligncenter size-full\"><img loading=\"lazy\" decoding=\"async\" width=\"2560\" height=\"1920\" src=\"https:\/\/sites.uel.br\/ser\/wp-content\/uploads\/2023\/09\/premio_boas_praticas_2023_relacoes_publicas_02-scaled.jpeg\" alt=\"\" class=\"wp-image-5914\" srcset=\"https:\/\/sites.uel.br\/ser\/wp-content\/uploads\/2023\/09\/premio_boas_praticas_2023_relacoes_publicas_02-scaled.jpeg 2560w, https:\/\/sites.uel.br\/ser\/wp-content\/uploads\/2023\/09\/premio_boas_praticas_2023_relacoes_publicas_02-300x225.jpeg 300w, https:\/\/sites.uel.br\/ser\/wp-content\/uploads\/2023\/09\/premio_boas_praticas_2023_relacoes_publicas_02-1024x768.jpeg 1024w, https:\/\/sites.uel.br\/ser\/wp-content\/uploads\/2023\/09\/premio_boas_praticas_2023_relacoes_publicas_02-768x576.jpeg 768w, https:\/\/sites.uel.br\/ser\/wp-content\/uploads\/2023\/09\/premio_boas_praticas_2023_relacoes_publicas_02-1536x1152.jpeg 1536w, https:\/\/sites.uel.br\/ser\/wp-content\/uploads\/2023\/09\/premio_boas_praticas_2023_relacoes_publicas_02-2048x1536.jpeg 2048w\" sizes=\"auto, (max-width: 2560px) 100vw, 2560px\" \/><\/figure>\n<\/div>\n\n<div class=\"wp-block-image\">\n<figure class=\"aligncenter size-full\"><img loading=\"lazy\" decoding=\"async\" width=\"1920\" height=\"2560\" src=\"https:\/\/sites.uel.br\/ser\/wp-content\/uploads\/2023\/09\/premio_boas_praticas_2023_relacoes_publicas_03-scaled.jpeg\" alt=\"\" class=\"wp-image-5916\" srcset=\"https:\/\/sites.uel.br\/ser\/wp-content\/uploads\/2023\/09\/premio_boas_praticas_2023_relacoes_publicas_03-scaled.jpeg 1920w, https:\/\/sites.uel.br\/ser\/wp-content\/uploads\/2023\/09\/premio_boas_praticas_2023_relacoes_publicas_03-225x300.jpeg 225w, https:\/\/sites.uel.br\/ser\/wp-content\/uploads\/2023\/09\/premio_boas_praticas_2023_relacoes_publicas_03-768x1024.jpeg 768w, https:\/\/sites.uel.br\/ser\/wp-content\/uploads\/2023\/09\/premio_boas_praticas_2023_relacoes_publicas_03-1152x1536.jpeg 1152w, https:\/\/sites.uel.br\/ser\/wp-content\/uploads\/2023\/09\/premio_boas_praticas_2023_relacoes_publicas_03-1536x2048.jpeg 1536w\" sizes=\"auto, (max-width: 1920px) 100vw, 1920px\" \/><\/figure>\n<\/div>\n\n<div class=\"wp-block-image\">\n<figure class=\"aligncenter size-full\"><img loading=\"lazy\" decoding=\"async\" width=\"1599\" height=\"899\" src=\"https:\/\/sites.uel.br\/ser\/wp-content\/uploads\/2023\/10\/premio_boas_praticas_2023_relacoes_publicas_04.jpg\" alt=\"\" class=\"wp-image-6091\" srcset=\"https:\/\/sites.uel.br\/ser\/wp-content\/uploads\/2023\/10\/premio_boas_praticas_2023_relacoes_publicas_04.jpg 1599w, https:\/\/sites.uel.br\/ser\/wp-content\/uploads\/2023\/10\/premio_boas_praticas_2023_relacoes_publicas_04-300x169.jpg 300w, https:\/\/sites.uel.br\/ser\/wp-content\/uploads\/2023\/10\/premio_boas_praticas_2023_relacoes_publicas_04-1024x576.jpg 1024w, https:\/\/sites.uel.br\/ser\/wp-content\/uploads\/2023\/10\/premio_boas_praticas_2023_relacoes_publicas_04-768x432.jpg 768w, https:\/\/sites.uel.br\/ser\/wp-content\/uploads\/2023\/10\/premio_boas_praticas_2023_relacoes_publicas_04-1536x864.jpg 1536w\" sizes=\"auto, (max-width: 1599px) 100vw, 1599px\" \/><\/figure>\n<\/div>\n\n\n<hr class=\"wp-block-separator has-text-color has-cinza-color has-css-opacity has-cinza-background-color has-background is-style-wide\" \/>\n\n\n\n<p><strong>ESTUDANTES PARTICIPANTES<\/strong><\/p>\n\n\n\n<p>AMANDA LOPES DA SILVA<br>ANA CLARA DE ALMEIDA ZOTELLI<br>ANA CLARA PICCININI<br>ANDRESSA ELIS PASTORI LONARDONI<br>ANNA CLARA BATISTELA BERTO<br>ANNA KAROLINA COLLE<br>ANNALICE OLIVEIRA MOLIN DA SILVA<br>ANNIE KARINE ROSSI DE ALMEIDA<br>ARIANA VITORIA ALVES<br>ARIEL ROSSI TIROLI<br>BEATRIZ BAPTISTA SILVA<br>BEATRIZ RODRIGUES DOMICIANO<br>BEATRIZ VALENTIM<br>BRUNA MORANDI RIZZO<br>BRUNO HENRIQUE NOVAES DE SOUZA<br>CAROLINE ALVES MARTINELI<br>CHARLES PETRUS OLIVEIRA MORAIS<br>EDUARDO MATEUS LIUTI DE ALMEIDA<br>EMANUELA MORGADO<br>EMILLY VITORIA SOUZA DE ALMEIDA<br>FABIANO DA SILVA C\u00c2NDIDO<br>GABRIELA KAREN DIAS<br>GIULIA BAPTISTELLA BRUNO<br>GUILHERME SANTA CLARA DE PAULA<br>ISABELLA FERNANDA QUEIROZ DOS SANTOS<br>JEFERSON FERREIRA<br>JO\u00c3O KENNEDY SANTIAGO DA SILVA<br>JOAO PEGO FERREIRA<br>JULIA BEATRIZ CASTIQUINI<br>JULIA DE JESUS SILVA<br>JULIA PEREIRA DOMINGOS DINIZ<br>KLEBERSON SILVA SANTOS<br>LARISSA EVANGELISTA DA SILVA<br>LUIZA GABRIEL TESSER<br>MANOELLY FERREIRA MENEGUETTI<br>MARCUS VINICIUS LEAL VENTURA RODES<br>MARIA CLARA BERTAIA AUGUSTO<br>MARIA EDUARDA ANTUNES<br>MARIA EDUARDA SIMOES ARAUJO<br>MARIA FERNANDA BARREIRO LAZARIN<br>MARIA RITA CASTILHO CRUZ<br>MARIANA MONTEMOR<br>MARINA GARCIA DE SOUZA<br>NATALIA LARISSA DO CARMO PEREIRA<br>NATASHA NATALIA PRESTES FERREIRA<br>NAYARA ROSANA RODRIGUES BRANDINE<br>NICOLAS ALVES DOMINGUES<br>NICOLAS HARDER DE ARA\u00daJO<br>NICOLLAS CILIRO DE CARVALHO SILVA<br>PAMELA DE AGUIAR CANTALUPPI<br>PRICILA NASCENTE OLIVEIRA<br>RAQUEL LIMA ANDRADE<br>REBECA VITORIA PEREIRA DE JESUS<br>REGIS GABRIEL ITSUO CATARINHUK<br>SARA ZANCHIETA<br>TALYNE VICTORIA FERREIRA<br>VICTOR HUGO HERNANDES<br>VITORIA OLIVEIRA DA SILVA<br>VIT\u00d3RIA PAELO ZACARIOTTI<\/p>\n","protected":false},"excerpt":{"rendered":"<p>Cursos Inscritos Premiados 2023 Rela\u00e7\u00f5es P\u00fablicas Resumo da A\u00e7\u00e3o: Trote Solid\u00e1rio Escolher institui\u00e7\u00e3o de caridade listada pela uel (ou n\u00e3o);3 grupos &#8211; Dois com 8 integrantes e um com 9;Cada grupo ter\u00e1 que escolher um l\u00edder;Dever\u00e3o arrecadar alimentos n\u00e3o perec\u00edveis e realizar alguns desafios;O grupo que tiver doadores de sangue, ter\u00e3o 250 pontos a mais [&hellip;]<\/p>\n","protected":false},"author":8,"featured_media":0,"parent":0,"menu_order":0,"comment_status":"closed","ping_status":"closed","template":"","meta":{"_acf_changed":false,"_themeisle_gutenberg_block_has_review":false,"footnotes":""},"class_list":["post-5763","page","type-page","status-publish","hentry"],"acf":[],"_links":{"self":[{"href":"https:\/\/sites.uel.br\/ser\/wp-json\/wp\/v2\/pages\/5763","targetHints":{"allow":["GET"]}}],"collection":[{"href":"https:\/\/sites.uel.br\/ser\/wp-json\/wp\/v2\/pages"}],"about":[{"href":"https:\/\/sites.uel.br\/ser\/wp-json\/wp\/v2\/types\/page"}],"author":[{"embeddable":true,"href":"https:\/\/sites.uel.br\/ser\/wp-json\/wp\/v2\/users\/8"}],"replies":[{"embeddable":true,"href":"https:\/\/sites.uel.br\/ser\/wp-json\/wp\/v2\/comments?post=5763"}],"version-history":[{"count":11,"href":"https:\/\/sites.uel.br\/ser\/wp-json\/wp\/v2\/pages\/5763\/revisions"}],"predecessor-version":[{"id":6092,"href":"https:\/\/sites.uel.br\/ser\/wp-json\/wp\/v2\/pages\/5763\/revisions\/6092"}],"wp:attachment":[{"href":"https:\/\/sites.uel.br\/ser\/wp-json\/wp\/v2\/media?parent=5763"}],"curies":[{"name":"wp","href":"https:\/\/api.w.org\/{rel}","templated":true}]}}

Prêmio Boas Práticas na Recepção aos Estudantes Ingressantes

<hr class="wp-block-separator has-alpha-channel-opacity is-style-wide" />



<figure class="wp-block-image size-full"><img loading="lazy" decoding="async" width="1280" height="512" src="https://sites.uel.br/ser/wp-content/uploads/2021/07/IMG-20210727-WA0028.jpg" alt="" class="wp-image-1021" srcset="https://sites.uel.br/ser/wp-content/uploads/2021/07/IMG-20210727-WA0028.jpg 1280w, https://sites.uel.br/ser/wp-content/uploads/2021/07/IMG-20210727-WA0028-300x120.jpg 300w, https://sites.uel.br/ser/wp-content/uploads/2021/07/IMG-20210727-WA0028-1024x410.jpg 1024w, https://sites.uel.br/ser/wp-content/uploads/2021/07/IMG-20210727-WA0028-768x307.jpg 768w" sizes="auto, (max-width: 1280px) 100vw, 1280px" /></figure>



<h2 class="wp-block-heading">Cursos Inscritos Premiados</h2>



<h2 class="wp-block-heading">2023</h2>



<h2 class="wp-block-heading">Relações Públicas</h2>



<p><strong>Resumo da Ação:</strong></p>



<p>Trote Solidário</p>



<p>Escolher instituição de caridade listada pela uel (ou não);<br>3 grupos &#8211; Dois com 8 integrantes e um com 9;<br>Cada grupo terá que escolher um líder;<br>Deverão arrecadar alimentos não perecíveis e realizar alguns desafios;<br>O grupo que tiver doadores de sangue, terão 250 pontos a mais por doação;<br>Serão separados os alunos por cores, no dia da recepção (08/09);<br>Duração: 10/08 até 18/08;<br>Equipe vencedora ganhará um prêmio (vamos tentar voucher do The Best);<br>Cada equipe terá 1 ou 2 veteranos para auxiliar.</p>



<p><em>Obs: texto confeccionado pelos estudantes de Graduação e/ou Coordenação do curso.</em></p>



<hr class="wp-block-separator has-text-color has-cinza-color has-css-opacity has-cinza-background-color has-background is-style-wide" />


<div class="wp-block-image">
<figure class="aligncenter size-full"><img loading="lazy" decoding="async" width="1600" height="1200" src="https://sites.uel.br/ser/wp-content/uploads/2023/09/premio_boas_praticas_2023_relacoes_publicas_01.jpg" alt="" class="wp-image-5913" srcset="https://sites.uel.br/ser/wp-content/uploads/2023/09/premio_boas_praticas_2023_relacoes_publicas_01.jpg 1600w, https://sites.uel.br/ser/wp-content/uploads/2023/09/premio_boas_praticas_2023_relacoes_publicas_01-300x225.jpg 300w, https://sites.uel.br/ser/wp-content/uploads/2023/09/premio_boas_praticas_2023_relacoes_publicas_01-1024x768.jpg 1024w, https://sites.uel.br/ser/wp-content/uploads/2023/09/premio_boas_praticas_2023_relacoes_publicas_01-768x576.jpg 768w, https://sites.uel.br/ser/wp-content/uploads/2023/09/premio_boas_praticas_2023_relacoes_publicas_01-1536x1152.jpg 1536w" sizes="auto, (max-width: 1600px) 100vw, 1600px" /></figure>
</div>

<div class="wp-block-image">
<figure class="aligncenter size-full"><img loading="lazy" decoding="async" width="2560" height="1920" src="https://sites.uel.br/ser/wp-content/uploads/2023/09/premio_boas_praticas_2023_relacoes_publicas_02-scaled.jpeg" alt="" class="wp-image-5914" srcset="https://sites.uel.br/ser/wp-content/uploads/2023/09/premio_boas_praticas_2023_relacoes_publicas_02-scaled.jpeg 2560w, https://sites.uel.br/ser/wp-content/uploads/2023/09/premio_boas_praticas_2023_relacoes_publicas_02-300x225.jpeg 300w, https://sites.uel.br/ser/wp-content/uploads/2023/09/premio_boas_praticas_2023_relacoes_publicas_02-1024x768.jpeg 1024w, https://sites.uel.br/ser/wp-content/uploads/2023/09/premio_boas_praticas_2023_relacoes_publicas_02-768x576.jpeg 768w, https://sites.uel.br/ser/wp-content/uploads/2023/09/premio_boas_praticas_2023_relacoes_publicas_02-1536x1152.jpeg 1536w, https://sites.uel.br/ser/wp-content/uploads/2023/09/premio_boas_praticas_2023_relacoes_publicas_02-2048x1536.jpeg 2048w" sizes="auto, (max-width: 2560px) 100vw, 2560px" /></figure>
</div>

<div class="wp-block-image">
<figure class="aligncenter size-full"><img loading="lazy" decoding="async" width="1920" height="2560" src="https://sites.uel.br/ser/wp-content/uploads/2023/09/premio_boas_praticas_2023_relacoes_publicas_03-scaled.jpeg" alt="" class="wp-image-5916" srcset="https://sites.uel.br/ser/wp-content/uploads/2023/09/premio_boas_praticas_2023_relacoes_publicas_03-scaled.jpeg 1920w, https://sites.uel.br/ser/wp-content/uploads/2023/09/premio_boas_praticas_2023_relacoes_publicas_03-225x300.jpeg 225w, https://sites.uel.br/ser/wp-content/uploads/2023/09/premio_boas_praticas_2023_relacoes_publicas_03-768x1024.jpeg 768w, https://sites.uel.br/ser/wp-content/uploads/2023/09/premio_boas_praticas_2023_relacoes_publicas_03-1152x1536.jpeg 1152w, https://sites.uel.br/ser/wp-content/uploads/2023/09/premio_boas_praticas_2023_relacoes_publicas_03-1536x2048.jpeg 1536w" sizes="auto, (max-width: 1920px) 100vw, 1920px" /></figure>
</div>

<div class="wp-block-image">
<figure class="aligncenter size-full"><img loading="lazy" decoding="async" width="1599" height="899" src="https://sites.uel.br/ser/wp-content/uploads/2023/10/premio_boas_praticas_2023_relacoes_publicas_04.jpg" alt="" class="wp-image-6091" srcset="https://sites.uel.br/ser/wp-content/uploads/2023/10/premio_boas_praticas_2023_relacoes_publicas_04.jpg 1599w, https://sites.uel.br/ser/wp-content/uploads/2023/10/premio_boas_praticas_2023_relacoes_publicas_04-300x169.jpg 300w, https://sites.uel.br/ser/wp-content/uploads/2023/10/premio_boas_praticas_2023_relacoes_publicas_04-1024x576.jpg 1024w, https://sites.uel.br/ser/wp-content/uploads/2023/10/premio_boas_praticas_2023_relacoes_publicas_04-768x432.jpg 768w, https://sites.uel.br/ser/wp-content/uploads/2023/10/premio_boas_praticas_2023_relacoes_publicas_04-1536x864.jpg 1536w" sizes="auto, (max-width: 1599px) 100vw, 1599px" /></figure>
</div>


<hr class="wp-block-separator has-text-color has-cinza-color has-css-opacity has-cinza-background-color has-background is-style-wide" />



<p><strong>ESTUDANTES PARTICIPANTES</strong></p>



<p>AMANDA LOPES DA SILVA<br>ANA CLARA DE ALMEIDA ZOTELLI<br>ANA CLARA PICCININI<br>ANDRESSA ELIS PASTORI LONARDONI<br>ANNA CLARA BATISTELA BERTO<br>ANNA KAROLINA COLLE<br>ANNALICE OLIVEIRA MOLIN DA SILVA<br>ANNIE KARINE ROSSI DE ALMEIDA<br>ARIANA VITORIA ALVES<br>ARIEL ROSSI TIROLI<br>BEATRIZ BAPTISTA SILVA<br>BEATRIZ RODRIGUES DOMICIANO<br>BEATRIZ VALENTIM<br>BRUNA MORANDI RIZZO<br>BRUNO HENRIQUE NOVAES DE SOUZA<br>CAROLINE ALVES MARTINELI<br>CHARLES PETRUS OLIVEIRA MORAIS<br>EDUARDO MATEUS LIUTI DE ALMEIDA<br>EMANUELA MORGADO<br>EMILLY VITORIA SOUZA DE ALMEIDA<br>FABIANO DA SILVA CÂNDIDO<br>GABRIELA KAREN DIAS<br>GIULIA BAPTISTELLA BRUNO<br>GUILHERME SANTA CLARA DE PAULA<br>ISABELLA FERNANDA QUEIROZ DOS SANTOS<br>JEFERSON FERREIRA<br>JOÃO KENNEDY SANTIAGO DA SILVA<br>JOAO PEGO FERREIRA<br>JULIA BEATRIZ CASTIQUINI<br>JULIA DE JESUS SILVA<br>JULIA PEREIRA DOMINGOS DINIZ<br>KLEBERSON SILVA SANTOS<br>LARISSA EVANGELISTA DA SILVA<br>LUIZA GABRIEL TESSER<br>MANOELLY FERREIRA MENEGUETTI<br>MARCUS VINICIUS LEAL VENTURA RODES<br>MARIA CLARA BERTAIA AUGUSTO<br>MARIA EDUARDA ANTUNES<br>MARIA EDUARDA SIMOES ARAUJO<br>MARIA FERNANDA BARREIRO LAZARIN<br>MARIA RITA CASTILHO CRUZ<br>MARIANA MONTEMOR<br>MARINA GARCIA DE SOUZA<br>NATALIA LARISSA DO CARMO PEREIRA<br>NATASHA NATALIA PRESTES FERREIRA<br>NAYARA ROSANA RODRIGUES BRANDINE<br>NICOLAS ALVES DOMINGUES<br>NICOLAS HARDER DE ARAÚJO<br>NICOLLAS CILIRO DE CARVALHO SILVA<br>PAMELA DE AGUIAR CANTALUPPI<br>PRICILA NASCENTE OLIVEIRA<br>RAQUEL LIMA ANDRADE<br>REBECA VITORIA PEREIRA DE JESUS<br>REGIS GABRIEL ITSUO CATARINHUK<br>SARA ZANCHIETA<br>TALYNE VICTORIA FERREIRA<br>VICTOR HUGO HERNANDES<br>VITORIA OLIVEIRA DA SILVA<br>VITÓRIA PAELO ZACARIOTTI</p>

<p>Cursos Inscritos Premiados 2023 Relações Públicas Resumo da Ação: Trote Solidário Escolher instituição de caridade listada pela uel (ou não);3 grupos &#8211; Dois com 8 integrantes e um com 9;Cada grupo terá que escolher um líder;Deverão arrecadar alimentos não perecíveis e realizar alguns desafios;O grupo que tiver doadores de sangue, terão 250 pontos a mais [&hellip;]</p>
