{"id":5762,"date":"2023-09-11T11:07:20","date_gmt":"2023-09-11T14:07:20","guid":{"rendered":"https:\/\/sites.uel.br\/ser\/?page_id=5762"},"modified":"2023-09-14T09:10:43","modified_gmt":"2023-09-14T12:10:43","slug":"premio-boas-praticas-na-recepcao-aos-estudantes-ingressantes-premiados-2023-pedagogia","status":"publish","type":"page","link":"https:\/\/sites.uel.br\/ser\/premio-boas-praticas-na-recepcao-aos-estudantes-ingressantes-premiados-2023-pedagogia\/","title":{"rendered":"Pr\u00eamio Boas Pr\u00e1ticas na Recep\u00e7\u00e3o aos Estudantes Ingressantes"},"content":{"rendered":"\n<hr class=\"wp-block-separator has-alpha-channel-opacity is-style-wide\" \/>\n\n\n\n<figure class=\"wp-block-image size-full\"><img loading=\"lazy\" decoding=\"async\" width=\"1280\" height=\"512\" src=\"https:\/\/sites.uel.br\/ser\/wp-content\/uploads\/2021\/07\/IMG-20210727-WA0028.jpg\" alt=\"\" class=\"wp-image-1021\" srcset=\"https:\/\/sites.uel.br\/ser\/wp-content\/uploads\/2021\/07\/IMG-20210727-WA0028.jpg 1280w, https:\/\/sites.uel.br\/ser\/wp-content\/uploads\/2021\/07\/IMG-20210727-WA0028-300x120.jpg 300w, https:\/\/sites.uel.br\/ser\/wp-content\/uploads\/2021\/07\/IMG-20210727-WA0028-1024x410.jpg 1024w, https:\/\/sites.uel.br\/ser\/wp-content\/uploads\/2021\/07\/IMG-20210727-WA0028-768x307.jpg 768w\" sizes=\"auto, (max-width: 1280px) 100vw, 1280px\" \/><\/figure>\n\n\n\n<h2 class=\"wp-block-heading\">Cursos Inscritos Premiados<\/h2>\n\n\n\n<h2 class=\"wp-block-heading\">2023<\/h2>\n\n\n\n<h2 class=\"wp-block-heading\">Pedagogia<\/h2>\n\n\n\n<p><strong>Resumo da A\u00e7\u00e3o:<\/strong><\/p>\n\n\n\n<p>Doa\u00e7\u00e3o de livros infantis para o Centro de Educa\u00e7\u00e3o Infantil Reverendo Jonas Dias Martins.<\/p>\n\n\n\n<p><em>Obs: texto confeccionado pelos estudantes de Gradua\u00e7\u00e3o e\/ou Coordena\u00e7\u00e3o do curso.<\/em><\/p>\n\n\n\n<hr class=\"wp-block-separator has-text-color has-cinza-color has-css-opacity has-cinza-background-color has-background is-style-wide\" \/>\n\n\n<div class=\"wp-block-image\">\n<figure class=\"aligncenter size-full\"><img loading=\"lazy\" decoding=\"async\" width=\"1600\" height=\"1197\" src=\"https:\/\/sites.uel.br\/ser\/wp-content\/uploads\/2023\/09\/premio_boas_praticas_2023_pedagogia_01.jpeg\" alt=\"\" class=\"wp-image-5908\" srcset=\"https:\/\/sites.uel.br\/ser\/wp-content\/uploads\/2023\/09\/premio_boas_praticas_2023_pedagogia_01.jpeg 1600w, https:\/\/sites.uel.br\/ser\/wp-content\/uploads\/2023\/09\/premio_boas_praticas_2023_pedagogia_01-300x224.jpeg 300w, https:\/\/sites.uel.br\/ser\/wp-content\/uploads\/2023\/09\/premio_boas_praticas_2023_pedagogia_01-1024x766.jpeg 1024w, https:\/\/sites.uel.br\/ser\/wp-content\/uploads\/2023\/09\/premio_boas_praticas_2023_pedagogia_01-768x575.jpeg 768w, https:\/\/sites.uel.br\/ser\/wp-content\/uploads\/2023\/09\/premio_boas_praticas_2023_pedagogia_01-1536x1149.jpeg 1536w\" sizes=\"auto, (max-width: 1600px) 100vw, 1600px\" \/><\/figure>\n<\/div>\n\n<div class=\"wp-block-image\">\n<figure class=\"aligncenter size-full\"><img loading=\"lazy\" decoding=\"async\" width=\"1600\" height=\"1197\" src=\"https:\/\/sites.uel.br\/ser\/wp-content\/uploads\/2023\/09\/premio_boas_praticas_2023_pedagogia_02.jpeg\" alt=\"\" class=\"wp-image-5910\" srcset=\"https:\/\/sites.uel.br\/ser\/wp-content\/uploads\/2023\/09\/premio_boas_praticas_2023_pedagogia_02.jpeg 1600w, https:\/\/sites.uel.br\/ser\/wp-content\/uploads\/2023\/09\/premio_boas_praticas_2023_pedagogia_02-300x224.jpeg 300w, https:\/\/sites.uel.br\/ser\/wp-content\/uploads\/2023\/09\/premio_boas_praticas_2023_pedagogia_02-1024x766.jpeg 1024w, https:\/\/sites.uel.br\/ser\/wp-content\/uploads\/2023\/09\/premio_boas_praticas_2023_pedagogia_02-768x575.jpeg 768w, https:\/\/sites.uel.br\/ser\/wp-content\/uploads\/2023\/09\/premio_boas_praticas_2023_pedagogia_02-1536x1149.jpeg 1536w\" sizes=\"auto, (max-width: 1600px) 100vw, 1600px\" \/><\/figure>\n<\/div>\n\n\n<hr class=\"wp-block-separator has-text-color has-cinza-color has-css-opacity has-cinza-background-color has-background is-style-wide\" \/>\n\n\n\n<p><strong>ESTUDANTES PARTICIPANTES<\/strong><\/p>\n\n\n\n<p>ADRIANE RIBEIRO<br>ANA BEATRIZ TSURUKI<br>ANA CLARA NEVES<br>ANA JULIA RUIZ<br>ANA JULIA SANTANA<br>ANA PAULA SILVA<br>ANA RITA DE CASSIA BAPTISTONE<br>ANABELA RUIZ<br>BRENDA ARA\u00daJO<br>BRENDA LIRANCA<br>BRUNA NOGUEIRA<br>BRUNO HIDEKI<br>BRYAN ALVES DA SILVA<br>CAMILLY VIT\u00d3RIA AMERICO<br>EDUARDA REIS<br>ELIETE SANTOS<br>ELOISA DA SILVA DE SOUZA<br>EMANUELLE BIANCHI<br>EVELYN CRISTINA DE SOUZA LIMA<br>FELIPE MARINHO<br>GABRIELLE TOBIAS MONTEIRO CORREIA<br>GISLAINE GABRIELI FURTADO DA SILVA<br>GRAZIELA ANDRADE<br>HELOISA CONTATO MISSAKA<br>HELOISA FILIPETTO<br>ISABELA DE MORAES HENRIQUES ALONSO<br>IZADORA RAUSIS CUBAS<br>JEINES PRISCILA DE OLIVEIRA JUSSARA<br>JULIA FERNANDA ROMANHOLI DAGNONI<br>JULIA GAMA CABRERA<br>KAROLINE MARTINS PEREIRA<br>KATIA CRISTINA DE OLIVEIRA<br>LARISSA MARTINS DE CARVALHO HRESCAK<br>LUCAS FELIPE PAULINO DA SILVA<br>LUCIANE DE SOUZA SOLON<br>MARIA BEATRIZ ALEIXO ALDIGUERI<br>MARIA EDUARDA BRAZ SIEWERDT DE LEMO<br>MARIA FERNANDA DE ALMEIDA FERNANDES<br>MARIA FERNANDA TIM\u00d3TEO SIVIERO<br>MARIA VIT\u00d3RIA ALBERGUINE ALVES<br>MARIAH PHELIPINI<br>MARIANA BEIN<br>MARIANA VIANA SALES<br>MARIANE BIANCHI PORTES<br>MARILEIA FRAN\u00c7A DOS SANTOS<br>MAYCON NOGUEIRA DA CRUZ SOUZA<br>MIRIAN DE LIMA PONTES<br>MURILO MOREIRA RODRIGUES<br>NAYARA PARREIRA CAETANO<br>REBECA FLOR DA ROSA<br>REBECA PERSEGUELO DE OLIVEIRA<br>RENATA CAROLINE OLIVEIRA<br>SARA HARUMI MIRANDA MATSUBARA<br>STEFANY PAULA OLIVEIRA DA COSTA<br>TAYNARA OLIVEIRA DE SOUZA<br>THAISSA MORAES DOS SANTOS<br>VALENTINA ZORZENONE TALARDO FRANCISCO<br>VILMA APARECIDA ALVES<br>VIT\u00d3RIA FERNANDES JEREMIAS FELIX<br>ZENAID MARTINS ALVES<\/p>\n","protected":false},"excerpt":{"rendered":"<p>Cursos Inscritos Premiados 2023 Pedagogia Resumo da A\u00e7\u00e3o: Doa\u00e7\u00e3o de livros infantis para o Centro de Educa\u00e7\u00e3o Infantil Reverendo Jonas Dias Martins. Obs: texto confeccionado pelos estudantes de Gradua\u00e7\u00e3o e\/ou Coordena\u00e7\u00e3o do curso. ESTUDANTES PARTICIPANTES ADRIANE RIBEIROANA BEATRIZ TSURUKIANA CLARA NEVESANA JULIA RUIZANA JULIA SANTANAANA PAULA SILVAANA RITA DE CASSIA BAPTISTONEANABELA RUIZBRENDA ARA\u00daJOBRENDA LIRANCABRUNA NOGUEIRABRUNO [&hellip;]<\/p>\n","protected":false},"author":8,"featured_media":0,"parent":0,"menu_order":0,"comment_status":"closed","ping_status":"closed","template":"","meta":{"_acf_changed":false,"_themeisle_gutenberg_block_has_review":false,"footnotes":""},"class_list":["post-5762","page","type-page","status-publish","hentry"],"acf":[],"_links":{"self":[{"href":"https:\/\/sites.uel.br\/ser\/wp-json\/wp\/v2\/pages\/5762","targetHints":{"allow":["GET"]}}],"collection":[{"href":"https:\/\/sites.uel.br\/ser\/wp-json\/wp\/v2\/pages"}],"about":[{"href":"https:\/\/sites.uel.br\/ser\/wp-json\/wp\/v2\/types\/page"}],"author":[{"embeddable":true,"href":"https:\/\/sites.uel.br\/ser\/wp-json\/wp\/v2\/users\/8"}],"replies":[{"embeddable":true,"href":"https:\/\/sites.uel.br\/ser\/wp-json\/wp\/v2\/comments?post=5762"}],"version-history":[{"count":6,"href":"https:\/\/sites.uel.br\/ser\/wp-json\/wp\/v2\/pages\/5762\/revisions"}],"predecessor-version":[{"id":5928,"href":"https:\/\/sites.uel.br\/ser\/wp-json\/wp\/v2\/pages\/5762\/revisions\/5928"}],"wp:attachment":[{"href":"https:\/\/sites.uel.br\/ser\/wp-json\/wp\/v2\/media?parent=5762"}],"curies":[{"name":"wp","href":"https:\/\/api.w.org\/{rel}","templated":true}]}}

Prêmio Boas Práticas na Recepção aos Estudantes Ingressantes

<hr class="wp-block-separator has-alpha-channel-opacity is-style-wide" />



<figure class="wp-block-image size-full"><img loading="lazy" decoding="async" width="1280" height="512" src="https://sites.uel.br/ser/wp-content/uploads/2021/07/IMG-20210727-WA0028.jpg" alt="" class="wp-image-1021" srcset="https://sites.uel.br/ser/wp-content/uploads/2021/07/IMG-20210727-WA0028.jpg 1280w, https://sites.uel.br/ser/wp-content/uploads/2021/07/IMG-20210727-WA0028-300x120.jpg 300w, https://sites.uel.br/ser/wp-content/uploads/2021/07/IMG-20210727-WA0028-1024x410.jpg 1024w, https://sites.uel.br/ser/wp-content/uploads/2021/07/IMG-20210727-WA0028-768x307.jpg 768w" sizes="auto, (max-width: 1280px) 100vw, 1280px" /></figure>



<h2 class="wp-block-heading">Cursos Inscritos Premiados</h2>



<h2 class="wp-block-heading">2023</h2>



<h2 class="wp-block-heading">Pedagogia</h2>



<p><strong>Resumo da Ação:</strong></p>



<p>Doação de livros infantis para o Centro de Educação Infantil Reverendo Jonas Dias Martins.</p>



<p><em>Obs: texto confeccionado pelos estudantes de Graduação e/ou Coordenação do curso.</em></p>



<hr class="wp-block-separator has-text-color has-cinza-color has-css-opacity has-cinza-background-color has-background is-style-wide" />


<div class="wp-block-image">
<figure class="aligncenter size-full"><img loading="lazy" decoding="async" width="1600" height="1197" src="https://sites.uel.br/ser/wp-content/uploads/2023/09/premio_boas_praticas_2023_pedagogia_01.jpeg" alt="" class="wp-image-5908" srcset="https://sites.uel.br/ser/wp-content/uploads/2023/09/premio_boas_praticas_2023_pedagogia_01.jpeg 1600w, https://sites.uel.br/ser/wp-content/uploads/2023/09/premio_boas_praticas_2023_pedagogia_01-300x224.jpeg 300w, https://sites.uel.br/ser/wp-content/uploads/2023/09/premio_boas_praticas_2023_pedagogia_01-1024x766.jpeg 1024w, https://sites.uel.br/ser/wp-content/uploads/2023/09/premio_boas_praticas_2023_pedagogia_01-768x575.jpeg 768w, https://sites.uel.br/ser/wp-content/uploads/2023/09/premio_boas_praticas_2023_pedagogia_01-1536x1149.jpeg 1536w" sizes="auto, (max-width: 1600px) 100vw, 1600px" /></figure>
</div>

<div class="wp-block-image">
<figure class="aligncenter size-full"><img loading="lazy" decoding="async" width="1600" height="1197" src="https://sites.uel.br/ser/wp-content/uploads/2023/09/premio_boas_praticas_2023_pedagogia_02.jpeg" alt="" class="wp-image-5910" srcset="https://sites.uel.br/ser/wp-content/uploads/2023/09/premio_boas_praticas_2023_pedagogia_02.jpeg 1600w, https://sites.uel.br/ser/wp-content/uploads/2023/09/premio_boas_praticas_2023_pedagogia_02-300x224.jpeg 300w, https://sites.uel.br/ser/wp-content/uploads/2023/09/premio_boas_praticas_2023_pedagogia_02-1024x766.jpeg 1024w, https://sites.uel.br/ser/wp-content/uploads/2023/09/premio_boas_praticas_2023_pedagogia_02-768x575.jpeg 768w, https://sites.uel.br/ser/wp-content/uploads/2023/09/premio_boas_praticas_2023_pedagogia_02-1536x1149.jpeg 1536w" sizes="auto, (max-width: 1600px) 100vw, 1600px" /></figure>
</div>


<hr class="wp-block-separator has-text-color has-cinza-color has-css-opacity has-cinza-background-color has-background is-style-wide" />



<p><strong>ESTUDANTES PARTICIPANTES</strong></p>



<p>ADRIANE RIBEIRO<br>ANA BEATRIZ TSURUKI<br>ANA CLARA NEVES<br>ANA JULIA RUIZ<br>ANA JULIA SANTANA<br>ANA PAULA SILVA<br>ANA RITA DE CASSIA BAPTISTONE<br>ANABELA RUIZ<br>BRENDA ARAÚJO<br>BRENDA LIRANCA<br>BRUNA NOGUEIRA<br>BRUNO HIDEKI<br>BRYAN ALVES DA SILVA<br>CAMILLY VITÓRIA AMERICO<br>EDUARDA REIS<br>ELIETE SANTOS<br>ELOISA DA SILVA DE SOUZA<br>EMANUELLE BIANCHI<br>EVELYN CRISTINA DE SOUZA LIMA<br>FELIPE MARINHO<br>GABRIELLE TOBIAS MONTEIRO CORREIA<br>GISLAINE GABRIELI FURTADO DA SILVA<br>GRAZIELA ANDRADE<br>HELOISA CONTATO MISSAKA<br>HELOISA FILIPETTO<br>ISABELA DE MORAES HENRIQUES ALONSO<br>IZADORA RAUSIS CUBAS<br>JEINES PRISCILA DE OLIVEIRA JUSSARA<br>JULIA FERNANDA ROMANHOLI DAGNONI<br>JULIA GAMA CABRERA<br>KAROLINE MARTINS PEREIRA<br>KATIA CRISTINA DE OLIVEIRA<br>LARISSA MARTINS DE CARVALHO HRESCAK<br>LUCAS FELIPE PAULINO DA SILVA<br>LUCIANE DE SOUZA SOLON<br>MARIA BEATRIZ ALEIXO ALDIGUERI<br>MARIA EDUARDA BRAZ SIEWERDT DE LEMO<br>MARIA FERNANDA DE ALMEIDA FERNANDES<br>MARIA FERNANDA TIMÓTEO SIVIERO<br>MARIA VITÓRIA ALBERGUINE ALVES<br>MARIAH PHELIPINI<br>MARIANA BEIN<br>MARIANA VIANA SALES<br>MARIANE BIANCHI PORTES<br>MARILEIA FRANÇA DOS SANTOS<br>MAYCON NOGUEIRA DA CRUZ SOUZA<br>MIRIAN DE LIMA PONTES<br>MURILO MOREIRA RODRIGUES<br>NAYARA PARREIRA CAETANO<br>REBECA FLOR DA ROSA<br>REBECA PERSEGUELO DE OLIVEIRA<br>RENATA CAROLINE OLIVEIRA<br>SARA HARUMI MIRANDA MATSUBARA<br>STEFANY PAULA OLIVEIRA DA COSTA<br>TAYNARA OLIVEIRA DE SOUZA<br>THAISSA MORAES DOS SANTOS<br>VALENTINA ZORZENONE TALARDO FRANCISCO<br>VILMA APARECIDA ALVES<br>VITÓRIA FERNANDES JEREMIAS FELIX<br>ZENAID MARTINS ALVES</p>

<p>Cursos Inscritos Premiados 2023 Pedagogia Resumo da Ação: Doação de livros infantis para o Centro de Educação Infantil Reverendo Jonas Dias Martins. Obs: texto confeccionado pelos estudantes de Graduação e/ou Coordenação do curso. ESTUDANTES PARTICIPANTES ADRIANE RIBEIROANA BEATRIZ TSURUKIANA CLARA NEVESANA JULIA RUIZANA JULIA SANTANAANA PAULA SILVAANA RITA DE CASSIA BAPTISTONEANABELA RUIZBRENDA ARAÚJOBRENDA LIRANCABRUNA NOGUEIRABRUNO [&hellip;]</p>
