{"id":5743,"date":"2023-09-11T11:06:34","date_gmt":"2023-09-11T14:06:34","guid":{"rendered":"https:\/\/sites.uel.br\/ser\/?page_id=5743"},"modified":"2023-10-03T09:07:43","modified_gmt":"2023-10-03T12:07:43","slug":"premio-boas-praticas-na-recepcao-aos-estudantes-ingressantes-premiados-2023-medicina-veterinaria","status":"publish","type":"page","link":"https:\/\/sites.uel.br\/ser\/premio-boas-praticas-na-recepcao-aos-estudantes-ingressantes-premiados-2023-medicina-veterinaria\/","title":{"rendered":"Pr\u00eamio Boas Pr\u00e1ticas na Recep\u00e7\u00e3o aos Estudantes Ingressantes"},"content":{"rendered":"\n<hr class=\"wp-block-separator has-alpha-channel-opacity is-style-wide\" \/>\n\n\n\n<figure class=\"wp-block-image size-full\"><img loading=\"lazy\" decoding=\"async\" width=\"1280\" height=\"512\" src=\"https:\/\/sites.uel.br\/ser\/wp-content\/uploads\/2021\/07\/IMG-20210727-WA0028.jpg\" alt=\"\" class=\"wp-image-1021\" srcset=\"https:\/\/sites.uel.br\/ser\/wp-content\/uploads\/2021\/07\/IMG-20210727-WA0028.jpg 1280w, https:\/\/sites.uel.br\/ser\/wp-content\/uploads\/2021\/07\/IMG-20210727-WA0028-300x120.jpg 300w, https:\/\/sites.uel.br\/ser\/wp-content\/uploads\/2021\/07\/IMG-20210727-WA0028-1024x410.jpg 1024w, https:\/\/sites.uel.br\/ser\/wp-content\/uploads\/2021\/07\/IMG-20210727-WA0028-768x307.jpg 768w\" sizes=\"auto, (max-width: 1280px) 100vw, 1280px\" \/><\/figure>\n\n\n\n<h2 class=\"wp-block-heading\">Cursos Inscritos Premiados<\/h2>\n\n\n\n<h2 class=\"wp-block-heading\">2023<\/h2>\n\n\n\n<h2 class=\"wp-block-heading\">Medicina Veterin\u00e1ria<\/h2>\n\n\n\n<p><strong>Resumo da A\u00e7\u00e3o:<\/strong><\/p>\n\n\n\n<p>Os ingressantes e veteranos se uniram em prol do Hospital Veterin\u00e1rio da Universidade Estadual de Londrina. Realizaram a venda de rifas e campanhas de arrecada\u00e7\u00e3o para levar ao HV-UEL materiais como roupa cir\u00fargica, cobertas, colar elisabetano, focinheiras, coleiras e tapetes higi\u00eanicos. A a\u00e7\u00e3o visa ajudar na melhoria dos atendimentos e internamentos realizados pelo HV-UEL.<\/p>\n\n\n\n<p><em>Obs: texto confeccionado pelos estudantes de Gradua\u00e7\u00e3o e\/ou Coordena\u00e7\u00e3o do curso.<\/em><\/p>\n\n\n\n<hr class=\"wp-block-separator has-text-color has-cinza-color has-css-opacity has-cinza-background-color has-background is-style-wide\" \/>\n\n\n<div class=\"wp-block-image\">\n<figure class=\"aligncenter size-full\"><img loading=\"lazy\" decoding=\"async\" width=\"900\" height=\"1125\" src=\"https:\/\/sites.uel.br\/ser\/wp-content\/uploads\/2023\/09\/premio_boas_praticas_2023_medicina_veterinaria_01.jpg\" alt=\"\" class=\"wp-image-5905\" srcset=\"https:\/\/sites.uel.br\/ser\/wp-content\/uploads\/2023\/09\/premio_boas_praticas_2023_medicina_veterinaria_01.jpg 900w, https:\/\/sites.uel.br\/ser\/wp-content\/uploads\/2023\/09\/premio_boas_praticas_2023_medicina_veterinaria_01-240x300.jpg 240w, https:\/\/sites.uel.br\/ser\/wp-content\/uploads\/2023\/09\/premio_boas_praticas_2023_medicina_veterinaria_01-819x1024.jpg 819w, https:\/\/sites.uel.br\/ser\/wp-content\/uploads\/2023\/09\/premio_boas_praticas_2023_medicina_veterinaria_01-768x960.jpg 768w\" sizes=\"auto, (max-width: 900px) 100vw, 900px\" \/><\/figure>\n<\/div>\n\n<div class=\"wp-block-image\">\n<figure class=\"aligncenter size-full\"><img loading=\"lazy\" decoding=\"async\" width=\"1600\" height=\"1200\" src=\"https:\/\/sites.uel.br\/ser\/wp-content\/uploads\/2023\/10\/premio_boas_praticas_2023_medicina_veterinaria_02.jpeg\" alt=\"\" class=\"wp-image-5957\" srcset=\"https:\/\/sites.uel.br\/ser\/wp-content\/uploads\/2023\/10\/premio_boas_praticas_2023_medicina_veterinaria_02.jpeg 1600w, https:\/\/sites.uel.br\/ser\/wp-content\/uploads\/2023\/10\/premio_boas_praticas_2023_medicina_veterinaria_02-300x225.jpeg 300w, https:\/\/sites.uel.br\/ser\/wp-content\/uploads\/2023\/10\/premio_boas_praticas_2023_medicina_veterinaria_02-1024x768.jpeg 1024w, https:\/\/sites.uel.br\/ser\/wp-content\/uploads\/2023\/10\/premio_boas_praticas_2023_medicina_veterinaria_02-768x576.jpeg 768w, https:\/\/sites.uel.br\/ser\/wp-content\/uploads\/2023\/10\/premio_boas_praticas_2023_medicina_veterinaria_02-1536x1152.jpeg 1536w\" sizes=\"auto, (max-width: 1600px) 100vw, 1600px\" \/><\/figure>\n<\/div>\n\n<div class=\"wp-block-image\">\n<figure class=\"aligncenter size-full\"><img loading=\"lazy\" decoding=\"async\" width=\"1600\" height=\"1200\" src=\"https:\/\/sites.uel.br\/ser\/wp-content\/uploads\/2023\/10\/premio_boas_praticas_2023_medicina_veterinaria_03.jpeg\" alt=\"\" class=\"wp-image-5958\" srcset=\"https:\/\/sites.uel.br\/ser\/wp-content\/uploads\/2023\/10\/premio_boas_praticas_2023_medicina_veterinaria_03.jpeg 1600w, https:\/\/sites.uel.br\/ser\/wp-content\/uploads\/2023\/10\/premio_boas_praticas_2023_medicina_veterinaria_03-300x225.jpeg 300w, https:\/\/sites.uel.br\/ser\/wp-content\/uploads\/2023\/10\/premio_boas_praticas_2023_medicina_veterinaria_03-1024x768.jpeg 1024w, https:\/\/sites.uel.br\/ser\/wp-content\/uploads\/2023\/10\/premio_boas_praticas_2023_medicina_veterinaria_03-768x576.jpeg 768w, https:\/\/sites.uel.br\/ser\/wp-content\/uploads\/2023\/10\/premio_boas_praticas_2023_medicina_veterinaria_03-1536x1152.jpeg 1536w\" sizes=\"auto, (max-width: 1600px) 100vw, 1600px\" \/><\/figure>\n<\/div>\n\n<div class=\"wp-block-image\">\n<figure class=\"aligncenter size-full\"><img loading=\"lazy\" decoding=\"async\" width=\"1600\" height=\"1200\" src=\"https:\/\/sites.uel.br\/ser\/wp-content\/uploads\/2023\/10\/premio_boas_praticas_2023_medicina_veterinaria_04.jpeg\" alt=\"\" class=\"wp-image-5959\" srcset=\"https:\/\/sites.uel.br\/ser\/wp-content\/uploads\/2023\/10\/premio_boas_praticas_2023_medicina_veterinaria_04.jpeg 1600w, https:\/\/sites.uel.br\/ser\/wp-content\/uploads\/2023\/10\/premio_boas_praticas_2023_medicina_veterinaria_04-300x225.jpeg 300w, https:\/\/sites.uel.br\/ser\/wp-content\/uploads\/2023\/10\/premio_boas_praticas_2023_medicina_veterinaria_04-1024x768.jpeg 1024w, https:\/\/sites.uel.br\/ser\/wp-content\/uploads\/2023\/10\/premio_boas_praticas_2023_medicina_veterinaria_04-768x576.jpeg 768w, https:\/\/sites.uel.br\/ser\/wp-content\/uploads\/2023\/10\/premio_boas_praticas_2023_medicina_veterinaria_04-1536x1152.jpeg 1536w\" sizes=\"auto, (max-width: 1600px) 100vw, 1600px\" \/><\/figure>\n<\/div>\n\n<div class=\"wp-block-image\">\n<figure class=\"aligncenter size-full\"><img loading=\"lazy\" decoding=\"async\" width=\"768\" height=\"1024\" src=\"https:\/\/sites.uel.br\/ser\/wp-content\/uploads\/2023\/10\/premio_boas_praticas_2023_medicina_veterinaria_05.jpeg\" alt=\"\" class=\"wp-image-5960\" srcset=\"https:\/\/sites.uel.br\/ser\/wp-content\/uploads\/2023\/10\/premio_boas_praticas_2023_medicina_veterinaria_05.jpeg 768w, https:\/\/sites.uel.br\/ser\/wp-content\/uploads\/2023\/10\/premio_boas_praticas_2023_medicina_veterinaria_05-225x300.jpeg 225w\" sizes=\"auto, (max-width: 768px) 100vw, 768px\" \/><\/figure>\n<\/div>\n\n<div class=\"wp-block-image\">\n<figure class=\"aligncenter size-full\"><img loading=\"lazy\" decoding=\"async\" width=\"900\" height=\"1600\" src=\"https:\/\/sites.uel.br\/ser\/wp-content\/uploads\/2023\/10\/premio_boas_praticas_2023_medicina_veterinaria_06.jpeg\" alt=\"\" class=\"wp-image-5962\" srcset=\"https:\/\/sites.uel.br\/ser\/wp-content\/uploads\/2023\/10\/premio_boas_praticas_2023_medicina_veterinaria_06.jpeg 900w, https:\/\/sites.uel.br\/ser\/wp-content\/uploads\/2023\/10\/premio_boas_praticas_2023_medicina_veterinaria_06-169x300.jpeg 169w, https:\/\/sites.uel.br\/ser\/wp-content\/uploads\/2023\/10\/premio_boas_praticas_2023_medicina_veterinaria_06-576x1024.jpeg 576w, https:\/\/sites.uel.br\/ser\/wp-content\/uploads\/2023\/10\/premio_boas_praticas_2023_medicina_veterinaria_06-768x1365.jpeg 768w, https:\/\/sites.uel.br\/ser\/wp-content\/uploads\/2023\/10\/premio_boas_praticas_2023_medicina_veterinaria_06-864x1536.jpeg 864w\" sizes=\"auto, (max-width: 900px) 100vw, 900px\" \/><\/figure>\n<\/div>\n\n\n<hr class=\"wp-block-separator has-text-color has-cinza-color has-css-opacity has-cinza-background-color has-background is-style-wide\" \/>\n\n\n\n<p><strong>ESTUDANTES PARTICIPANTES<\/strong><\/p>\n\n\n\n<p>AMANDA DA SILVA BUENO PEREIRA<br>AMANDA FUJARRA<br>ANA BEATRIZ NUNES PEREIRA<br>ANA CLARA CHAVES DA SILVA<br>ANA J\u00daLIA DE TOLEDO<br>ANGELA AKEMI HIROISHI<br>ANNA BEATRIZ JESUS SILVA<br>BEATRIZ DE LIMA RIBEIRO<br>BEATRIZ DELONGUI POLVANI<br>BIANCA DA SILVA MORAES<br>BIANCA DE MATOS FREIRE<br>BRUNA GOMES SANT&#8217;ANA<br>BRUNA MIYUKI NAKAHARA OGASSAWARA<br>BRUNO SABURO KAMIYAMA<br>CAROLINA BENTIVOGLIO BARBOZA<br>CAROLINE CARDOSO RUIZ FERNANDES<br>CEC\u00cdLIA CORBACHO MACIEL<br>CLARA SAAD ARRUDA<br>DAVI CONESSA DA SILVA<br>EDUARDA CARAN PAGASSINI<br>EDUARDO SOUZA CARRASCO<br>ERIKA FERNANDA DA SILVA<br>FELIPE CANTU BERTOL<br>GABRIELA FIORIN VARELLO<br>GABRIELA MIRANDA DA SILVA SEABRA<br>GABRIELLE VENDRAMINI CAMARGO<br>GEOVANA DEPIERI YOSHITANI<br>GEOVANNA MENDES SIQUEIRA<br>GIOVANA OLIVEIRA NUNES<br>GIULIA CAVALLINI JUNCKEN<br>GIULIA GROSSANO COSTA<br>ISABELA SILVA BELITARDO<br>ISABELA YURI OGATA HIRATA<br>ISABELLA MATEUS FAUSTINO SAPORITO<br>ISADORA NOGUEIRA SALOMAO<br>JOAO GABRIEL BAZZO<br>JULIA BORDIGNON ZORZETTO<br>JULIA CHAGAS CAPELOTO<br>JULIA FARIA DE SOUZA<br>JULIANA CAROLINA SOARES<br>LARA FABIAN DE SOUZA PEREIRA<br>LARA FRASSON ARAUJO<br>LARISSA AP. PEREIRA DA SILVA<br>LARISSA DE LOURDES MARTINS<br>LAUREN RAPHAELY DE OLIVEIRA BRANCO<br>LETICIA YUKARI ASADA<br>LIVIA ARAUJO LIMA<br>LUCAS COELHO SOUZA<br>LUIZA CAPPELLETTI PAREJO<br>MARCELA CRISTINA LEMES MACHADO<br>MARIA EDUARDA BALDUINO SILVA<br>MARIA EDUARDA CALDIERI ROSA<br>MARIA EDUARDA DE LIMA OLIVEIRA<br>MARIA FERNANDA DE AMORIM PEREIRA<br>MARIA FERNANDA RODRIGUES DE SOUSA<br>MARIA LUIZA DE LIMA<br>MARIANA AKEMI KOMAGOME<br>MARINA CARDOSO DE MELO<br>MARYANE GOMES MARREIROS DOS SANTOS<br>MIRELLA LORUSSO FERREIRA<br>NATASHA KARINA MAGALH\u00c3ES UENO<br>NATHALIA CRISTINA CANDIDO DE REZENDE<br>NAYARA FERES CAPOBIANCO<br>REBECA BALIEGO<br>RENATA CAROLINE GON\u00c7ALVES<br>SAMUEL PEREIRA RODRIGUES DE LIMA<br>SOFIA NAOMI GABRIEL KAMI<br>STEPHANY KAUANY DA SILVA PIRES<br>VINICIUS MACIEL CUNHA<br>YASMIM GIOCONDO LOPES<br>YASMIN CAROLINNE BOMBA LEME<br>YASMIN NATEL MARLIER<br>YOLANDA SIMOES ORSI<\/p>\n","protected":false},"excerpt":{"rendered":"<p>Cursos Inscritos Premiados 2023 Medicina Veterin\u00e1ria Resumo da A\u00e7\u00e3o: Os ingressantes e veteranos se uniram em prol do Hospital Veterin\u00e1rio da Universidade Estadual de Londrina. Realizaram a venda de rifas e campanhas de arrecada\u00e7\u00e3o para levar ao HV-UEL materiais como roupa cir\u00fargica, cobertas, colar elisabetano, focinheiras, coleiras e tapetes higi\u00eanicos. A a\u00e7\u00e3o visa ajudar na [&hellip;]<\/p>\n","protected":false},"author":8,"featured_media":0,"parent":0,"menu_order":0,"comment_status":"closed","ping_status":"closed","template":"","meta":{"_acf_changed":false,"_themeisle_gutenberg_block_has_review":false,"footnotes":""},"class_list":["post-5743","page","type-page","status-publish","hentry"],"acf":[],"_links":{"self":[{"href":"https:\/\/sites.uel.br\/ser\/wp-json\/wp\/v2\/pages\/5743","targetHints":{"allow":["GET"]}}],"collection":[{"href":"https:\/\/sites.uel.br\/ser\/wp-json\/wp\/v2\/pages"}],"about":[{"href":"https:\/\/sites.uel.br\/ser\/wp-json\/wp\/v2\/types\/page"}],"author":[{"embeddable":true,"href":"https:\/\/sites.uel.br\/ser\/wp-json\/wp\/v2\/users\/8"}],"replies":[{"embeddable":true,"href":"https:\/\/sites.uel.br\/ser\/wp-json\/wp\/v2\/comments?post=5743"}],"version-history":[{"count":8,"href":"https:\/\/sites.uel.br\/ser\/wp-json\/wp\/v2\/pages\/5743\/revisions"}],"predecessor-version":[{"id":5964,"href":"https:\/\/sites.uel.br\/ser\/wp-json\/wp\/v2\/pages\/5743\/revisions\/5964"}],"wp:attachment":[{"href":"https:\/\/sites.uel.br\/ser\/wp-json\/wp\/v2\/media?parent=5743"}],"curies":[{"name":"wp","href":"https:\/\/api.w.org\/{rel}","templated":true}]}}