{"id":5737,"date":"2023-09-11T11:05:49","date_gmt":"2023-09-11T14:05:49","guid":{"rendered":"https:\/\/sites.uel.br\/ser\/?page_id=5737"},"modified":"2023-10-09T08:48:58","modified_gmt":"2023-10-09T11:48:58","slug":"premio-boas-praticas-na-recepcao-aos-estudantes-ingressantes-premiados-2023-design-de-moda-e-design-grafico","status":"publish","type":"page","link":"https:\/\/sites.uel.br\/ser\/premio-boas-praticas-na-recepcao-aos-estudantes-ingressantes-premiados-2023-design-de-moda-e-design-grafico\/","title":{"rendered":"Pr\u00eamio Boas Pr\u00e1ticas na Recep\u00e7\u00e3o aos Estudantes Ingressantes"},"content":{"rendered":"\n<hr class=\"wp-block-separator has-alpha-channel-opacity is-style-wide\" \/>\n\n\n\n<figure class=\"wp-block-image size-full\"><img loading=\"lazy\" decoding=\"async\" width=\"1280\" height=\"512\" src=\"https:\/\/sites.uel.br\/ser\/wp-content\/uploads\/2021\/07\/IMG-20210727-WA0028.jpg\" alt=\"\" class=\"wp-image-1021\" srcset=\"https:\/\/sites.uel.br\/ser\/wp-content\/uploads\/2021\/07\/IMG-20210727-WA0028.jpg 1280w, https:\/\/sites.uel.br\/ser\/wp-content\/uploads\/2021\/07\/IMG-20210727-WA0028-300x120.jpg 300w, https:\/\/sites.uel.br\/ser\/wp-content\/uploads\/2021\/07\/IMG-20210727-WA0028-1024x410.jpg 1024w, https:\/\/sites.uel.br\/ser\/wp-content\/uploads\/2021\/07\/IMG-20210727-WA0028-768x307.jpg 768w\" sizes=\"auto, (max-width: 1280px) 100vw, 1280px\" \/><\/figure>\n\n\n\n<h2 class=\"wp-block-heading\">Cursos Inscritos Premiados<\/h2>\n\n\n\n<h2 class=\"wp-block-heading\">2023<\/h2>\n\n\n\n<h2 class=\"wp-block-heading\">Design de Moda e Design Gr\u00e1fico<\/h2>\n\n\n\n<p><strong>Resumo da A\u00e7\u00e3o:<\/strong><\/p>\n\n\n\n<p>A a\u00e7\u00e3o realizada para o Pr\u00eamio Boas Pr\u00e1ticas foi chamada de Bazar Lil\u00e1s, o nome tem rela\u00e7\u00e3o com a campanha Agosto Lil\u00e1s, m\u00eas de conscientiza\u00e7\u00e3o e de enfrentamento \u00e0 viol\u00eancia contra a mulher e promove a arrecada\u00e7\u00e3o e doa\u00e7\u00e3o de itens de vestu\u00e1rio femininos que s\u00e3o direcionados a 6\u00aa Vara Criminal &#8211; Juizado de viol\u00eancia dom\u00e9stica, familiar e crime contra crian\u00e7a e adolescente. Esta atividade, que est\u00e1 em seu segundo ano de realiza\u00e7\u00e3o, foi coordenada pela professora mestra L\u00edgia Gomes Pereira Prete Andreo, com contribui\u00e7\u00e3o dos colegiados de Design de Moda e Design Gr\u00e1fico e suas comiss\u00f5es organizadoras. <\/p>\n\n\n\n<p>Durante a Semana de Recep\u00e7\u00e3o 2023 os estudantes veteranos e ingressantes e servidores foram incentivados a participar trazendo pe\u00e7as de roupas, acess\u00f3rios e cal\u00e7ados para o bazar, ao entregar suas pe\u00e7as, poderiam troc\u00e1-las por outras de seu interesse e deixar algumas como doa\u00e7\u00e3o. <\/p>\n\n\n\n<p>No final da a\u00e7\u00e3o foram arrecadados 180 itens entre roupas, cal\u00e7ados e acess\u00f3rios que foram destinados pela 6\u00aa Vara \u00e0 Casa Abrigo Canto de Dalia, local de passagem e a acolhida para mulheres v\u00edtimas de viol\u00eancia dom\u00e9stica que, muitas vezes, saem de suas casas sem nenhum pertence buscando prote\u00e7\u00e3o.<\/p>\n\n\n\n<p><em>Obs: texto confeccionado pelos estudantes de Gradua\u00e7\u00e3o e\/ou Coordena\u00e7\u00e3o do curso.<\/em><\/p>\n\n\n\n<hr class=\"wp-block-separator has-text-color has-cinza-color has-css-opacity has-cinza-background-color has-background is-style-wide\" \/>\n\n\n<div class=\"wp-block-image\">\n<figure class=\"aligncenter size-full\"><img loading=\"lazy\" decoding=\"async\" width=\"2000\" height=\"1333\" src=\"https:\/\/sites.uel.br\/ser\/wp-content\/uploads\/2023\/09\/premio_boas_praticas_2023_design_moda_design_grafico_01.jpg\" alt=\"\" class=\"wp-image-5890\" srcset=\"https:\/\/sites.uel.br\/ser\/wp-content\/uploads\/2023\/09\/premio_boas_praticas_2023_design_moda_design_grafico_01.jpg 2000w, https:\/\/sites.uel.br\/ser\/wp-content\/uploads\/2023\/09\/premio_boas_praticas_2023_design_moda_design_grafico_01-300x200.jpg 300w, https:\/\/sites.uel.br\/ser\/wp-content\/uploads\/2023\/09\/premio_boas_praticas_2023_design_moda_design_grafico_01-1024x682.jpg 1024w, https:\/\/sites.uel.br\/ser\/wp-content\/uploads\/2023\/09\/premio_boas_praticas_2023_design_moda_design_grafico_01-768x512.jpg 768w, https:\/\/sites.uel.br\/ser\/wp-content\/uploads\/2023\/09\/premio_boas_praticas_2023_design_moda_design_grafico_01-1536x1024.jpg 1536w\" sizes=\"auto, (max-width: 2000px) 100vw, 2000px\" \/><\/figure>\n<\/div>\n\n<div class=\"wp-block-image\">\n<figure class=\"aligncenter size-full\"><img loading=\"lazy\" decoding=\"async\" width=\"2000\" height=\"1333\" src=\"https:\/\/sites.uel.br\/ser\/wp-content\/uploads\/2023\/09\/premio_boas_praticas_2023_design_moda_design_grafico_02.jpg\" alt=\"\" class=\"wp-image-5891\" srcset=\"https:\/\/sites.uel.br\/ser\/wp-content\/uploads\/2023\/09\/premio_boas_praticas_2023_design_moda_design_grafico_02.jpg 2000w, https:\/\/sites.uel.br\/ser\/wp-content\/uploads\/2023\/09\/premio_boas_praticas_2023_design_moda_design_grafico_02-300x200.jpg 300w, https:\/\/sites.uel.br\/ser\/wp-content\/uploads\/2023\/09\/premio_boas_praticas_2023_design_moda_design_grafico_02-1024x682.jpg 1024w, https:\/\/sites.uel.br\/ser\/wp-content\/uploads\/2023\/09\/premio_boas_praticas_2023_design_moda_design_grafico_02-768x512.jpg 768w, https:\/\/sites.uel.br\/ser\/wp-content\/uploads\/2023\/09\/premio_boas_praticas_2023_design_moda_design_grafico_02-1536x1024.jpg 1536w\" sizes=\"auto, (max-width: 2000px) 100vw, 2000px\" \/><\/figure>\n<\/div>\n\n<div class=\"wp-block-image\">\n<figure class=\"aligncenter size-full\"><img loading=\"lazy\" decoding=\"async\" width=\"2000\" height=\"1333\" src=\"https:\/\/sites.uel.br\/ser\/wp-content\/uploads\/2023\/09\/premio_boas_praticas_2023_design_moda_design_grafico_03.jpg\" alt=\"\" class=\"wp-image-5892\" srcset=\"https:\/\/sites.uel.br\/ser\/wp-content\/uploads\/2023\/09\/premio_boas_praticas_2023_design_moda_design_grafico_03.jpg 2000w, https:\/\/sites.uel.br\/ser\/wp-content\/uploads\/2023\/09\/premio_boas_praticas_2023_design_moda_design_grafico_03-300x200.jpg 300w, https:\/\/sites.uel.br\/ser\/wp-content\/uploads\/2023\/09\/premio_boas_praticas_2023_design_moda_design_grafico_03-1024x682.jpg 1024w, https:\/\/sites.uel.br\/ser\/wp-content\/uploads\/2023\/09\/premio_boas_praticas_2023_design_moda_design_grafico_03-768x512.jpg 768w, https:\/\/sites.uel.br\/ser\/wp-content\/uploads\/2023\/09\/premio_boas_praticas_2023_design_moda_design_grafico_03-1536x1024.jpg 1536w\" sizes=\"auto, (max-width: 2000px) 100vw, 2000px\" \/><\/figure>\n<\/div>\n\n<div class=\"wp-block-image\">\n<figure class=\"aligncenter size-full\"><img loading=\"lazy\" decoding=\"async\" width=\"2000\" height=\"1333\" src=\"https:\/\/sites.uel.br\/ser\/wp-content\/uploads\/2023\/09\/premio_boas_praticas_2023_design_moda_design_grafico_04.jpg\" alt=\"\" class=\"wp-image-5894\" srcset=\"https:\/\/sites.uel.br\/ser\/wp-content\/uploads\/2023\/09\/premio_boas_praticas_2023_design_moda_design_grafico_04.jpg 2000w, https:\/\/sites.uel.br\/ser\/wp-content\/uploads\/2023\/09\/premio_boas_praticas_2023_design_moda_design_grafico_04-300x200.jpg 300w, https:\/\/sites.uel.br\/ser\/wp-content\/uploads\/2023\/09\/premio_boas_praticas_2023_design_moda_design_grafico_04-1024x682.jpg 1024w, https:\/\/sites.uel.br\/ser\/wp-content\/uploads\/2023\/09\/premio_boas_praticas_2023_design_moda_design_grafico_04-768x512.jpg 768w, https:\/\/sites.uel.br\/ser\/wp-content\/uploads\/2023\/09\/premio_boas_praticas_2023_design_moda_design_grafico_04-1536x1024.jpg 1536w\" sizes=\"auto, (max-width: 2000px) 100vw, 2000px\" \/><\/figure>\n<\/div>\n\n<div class=\"wp-block-image\">\n<figure class=\"aligncenter size-full\"><img loading=\"lazy\" decoding=\"async\" width=\"600\" height=\"797\" src=\"https:\/\/sites.uel.br\/ser\/wp-content\/uploads\/2023\/09\/premio_boas_praticas_2023_design_moda_design_grafico_05.jpg\" alt=\"\" class=\"wp-image-5893\" srcset=\"https:\/\/sites.uel.br\/ser\/wp-content\/uploads\/2023\/09\/premio_boas_praticas_2023_design_moda_design_grafico_05.jpg 600w, https:\/\/sites.uel.br\/ser\/wp-content\/uploads\/2023\/09\/premio_boas_praticas_2023_design_moda_design_grafico_05-226x300.jpg 226w\" sizes=\"auto, (max-width: 600px) 100vw, 600px\" \/><\/figure>\n<\/div>\n\n\n<hr class=\"wp-block-separator has-text-color has-cinza-color has-css-opacity has-cinza-background-color has-background is-style-wide\" \/>\n\n\n\n<p><strong>ESTUDANTES PARTICIPANTES<\/strong><\/p>\n\n\n\n<div style=\"height:20px\" aria-hidden=\"true\" class=\"wp-block-spacer\"><\/div>\n\n\n\n<p><strong>DESIGN DE MODA<\/strong><\/p>\n\n\n\n<p>ALICE VICENTE CREMONESE<br>ALLANA ALVARENGA KIRSCH OMELCZUK<br>ANA BEATRIZ RODRIGUES DA ROCHA<br>ANA KAROLINY MARQUES BRASILIANO<br>ANA HELOISA SILVA COSTA DOS SANTOS<br>ANA LUISA SILVA ALEIXO<br>ANNA CLARA MOREIRA BIAZON<br>ANNA JULIA SILVA AVELAR<br>BEATRIZ MARIA LEME DA SILVA<br>BEATRIZ NUNES MENEGON<br>BEATRIZ RENATA DA SILVA<br>BEATRIZ TANGERINO CERQUEIRA RIBEIRO<br>BIANCA DE SOUZA CORREA<br>BIANCA IRENO CATALANI<br>BRUNA FARIA<br>BRUNA SOUZA LUIZ DE ALMEIDA<br>CAMILA KAORI ANEGAWA<br>CAMILA PEREIRA DA SILVA<br>CAMILA TONELLI<br>CARLA SOUZA DUARTE<br>DEBORAH REGIANE FABIO<br>DOMINIQUE CHEPAK DE SOUZA FERREIRA<br>EDUARDA CAROLINA PARPINELLI CORDEIRO<br>EDUARDA SILVA DA LUZ<br>ESTHEFANE LIMA BELLE<br>FLAVIA FREITAS<br>FLAVIANE OLIVEIRA<br>FRANCIELI CRISTINA CERQUEIRA DA SIL<br>GABRIELY DE SOUZA LIMA<br>GEOVANI DOS SANTOS JUVENCIO<br>GIOVANA ARAUJO BELLANI<br>GIOVANNA ZAMPA CHIARELLI<br>ISADORA FAVARO MOREIRA DA SILVA<br>JAQUELINE LOPES BARBOSA<br>JOAO MAGNANI LYRA FLEURY<br>JOSE VITOR SILVA DE ALMEIDA<br>JULIA MARIA FLORENTINO FREITAS<br>KARIM KUSUNOKI MURAKI<br>LARA CREPALDI RIBEIRO<br>LARISSA DE SOUZA PADUA<br>LARISSA LEITE PEREIRA<br>LAYZA BEATRIZ SANTOS SILVA<br>LETICIA YUMI NAOZUCA SATO<br>LEYRIMEL DOS SANTOS BOREL<br>LOHANA DE SOUZA AGGIO<br>LUANA GANEO<br>LUCAS CASTRO<br>LUCIMARA FERREIRA DOS SANTOS<br>LUISA DUARTE<br>MARIA ALICE PAULINO DA SILVA<br>MARIA EDUARDA DOS SANTOS<br>MARIA EDUARDA RAIFUR<br>MARIA LUIZA JUSTO MODDA<br>MARIANA FERREIRA LOPES<br>MARIANA GONCALVES TAKAHASHI<br>MARIANNE VIEIRA FERNANDES KUDO<br>MARINA BARBIERI SANTANA DE OLIVEIRA<br>MILENA MONTAGNA<br>MILENA SAYURI DA SILVA<br>NATHALIA CARNEVALE DO NASCIMENTO<br>NATHALIA LARA FALASCHI<br>PEDRO HENRIQUE ALEIXO DA SILVA<br>RAFAELA GADOTTI<br>RAFAELLA SETSUKO CATARINHUK<br>RAQUEL BONFIM LIMA<br>RAQUEL SANTOS DO NASCIMENTO<br>REBECA OLIVEIRA DE GODOI<br>SOFIA MARQUES PEDROSO<br>SUZANA DE FATIMA MATTOS GALBERO<br>WELLINGTON HENRIQUE DA SILVA<\/p>\n\n\n\n<div style=\"height:20px\" aria-hidden=\"true\" class=\"wp-block-spacer\"><\/div>\n\n\n\n<p><strong>DESIGN GR\u00c1FICO<\/strong><\/p>\n\n\n\n<p>ADRIA QUIOZINI BARATELLI<br>AMANDA LYE HAYASAKA<br>AMANDA LONGHI SOUZA<br>ANA BEATRIZ DA SILVA SANTOS<br>ANA BEATRIZ MUNIZ CAPPELLARI<br>ANA CAROLINE MOREIRA DE S\u00c1<br>ANA JULIA CARDOZO DE MEDEIROS<br>ANNA CLARA FELIPETTO RIBEIRO<br>ANTHONY PAIVA YOSHIDA<br>ARTHUR EIJI DAMASCENO<br>ARTHUR GAVIOLI DE PAULA<br>ARTHUR PEDRO FORTES SILVA<br>BEATRIZ CAMPOS SOARES DE LIMA<br>BEATRIZ FARINACIO CAMILLO<br>BRUNA NAMIE TOMOI<br>CAIO FELIPE DE SOUZA<br>CAIO NO SANH DEODORO<br>CAMILA ROLIM DE OLIVEIRA<br>DAVI SAMUEL BOGO<br>EDUARDO BUENO RODRIGUES<br>FELIPE EDUARDO DA LUZ<br>FELIPE HENRIQUE OLIVEIRA NASCIMENTO<br>GIOVANNA ALBANO DE OLIVEIRA<br>GUILHERME DE ANDRADE MARCELINO<br>GUSTAVO MIKAEL HERVATIM DA SILVA<br>HENRIQUE LIBOREDO SANTOS<br>JOAO CARLOS BATISTA GUIDO<br>JOAO GABRIEL TEODORICO REIS<br>JO\u00c3O VICTOR DE OLIVEIRA SOUZA<br>JULIA LEAL MOREIRA<br>JULIA NAKAMURA<br>JULIO ITO SUGUIMOTO<br>KAOANA PEREIRA DA CRUZ<br>KAUANY FERNANDA PEREIRA<br>LEANDRO GRZELAK PEREZ<br>LEONARDO GABELONI BONFIM<br>LETICIA TIE DE SIQUEIRA KANASHIRO<br>LIVIA LOPES MIRANDA<br>LORENA MOLINA REZENDE<br>LUANA MARIA SOARES GONCALVES<br>LUANA SATAKE COUTO<br>LUCAS CASTRO<br>LUCAS FERNANDO DE SOUZA MARTINS<br>LUCAS MITIO TSURUDA<br>MARCELO ALVES FERREIRA DOS SANTOS<br>MARIA EDUARDA ARAUJO<br>MARIA EDUARDA POCAS MARCHINI<br>MARIA EDUARDA SAGGIORATO GOMES<br>MARIA GABRIELA ISHIDA PATRICIO<br>MARIA GABRIELA VIEIRA PASKAKULIS<br>MARIA HELENA LOURENCO TAMANINI<br>MARIA SPADINI SIQUEIRA<br>MARIE FAUSTINO RAMOS QUEIROZ<br>MARINA SOUSA LIMA<br>PAMELA DA SILVA CUER<br>PATRICK GARCIA DOS SANTOS<br>RAFAEL COSTA HILARIO<br>TAIS DAMASCENO CHIAVELI<br>TAMIRIS RIBEIRO ELEUTERIO<br>THALITA CRISTINA BITENCORT SANTOS<br>VINICIUS MATUNAGA VILLA<br>VITOR GABRIEL DOS SANTOS<\/p>\n","protected":false},"excerpt":{"rendered":"<p>Cursos Inscritos Premiados 2023 Design de Moda e Design Gr\u00e1fico Resumo da A\u00e7\u00e3o: A a\u00e7\u00e3o realizada para o Pr\u00eamio Boas Pr\u00e1ticas foi chamada de Bazar Lil\u00e1s, o nome tem rela\u00e7\u00e3o com a campanha Agosto Lil\u00e1s, m\u00eas de conscientiza\u00e7\u00e3o e de enfrentamento \u00e0 viol\u00eancia contra a mulher e promove a arrecada\u00e7\u00e3o e doa\u00e7\u00e3o de itens de [&hellip;]<\/p>\n","protected":false},"author":8,"featured_media":0,"parent":0,"menu_order":0,"comment_status":"closed","ping_status":"closed","template":"","meta":{"_acf_changed":false,"_themeisle_gutenberg_block_has_review":false,"footnotes":""},"class_list":["post-5737","page","type-page","status-publish","hentry"],"acf":[],"_links":{"self":[{"href":"https:\/\/sites.uel.br\/ser\/wp-json\/wp\/v2\/pages\/5737","targetHints":{"allow":["GET"]}}],"collection":[{"href":"https:\/\/sites.uel.br\/ser\/wp-json\/wp\/v2\/pages"}],"about":[{"href":"https:\/\/sites.uel.br\/ser\/wp-json\/wp\/v2\/types\/page"}],"author":[{"embeddable":true,"href":"https:\/\/sites.uel.br\/ser\/wp-json\/wp\/v2\/users\/8"}],"replies":[{"embeddable":true,"href":"https:\/\/sites.uel.br\/ser\/wp-json\/wp\/v2\/comments?post=5737"}],"version-history":[{"count":12,"href":"https:\/\/sites.uel.br\/ser\/wp-json\/wp\/v2\/pages\/5737\/revisions"}],"predecessor-version":[{"id":6058,"href":"https:\/\/sites.uel.br\/ser\/wp-json\/wp\/v2\/pages\/5737\/revisions\/6058"}],"wp:attachment":[{"href":"https:\/\/sites.uel.br\/ser\/wp-json\/wp\/v2\/media?parent=5737"}],"curies":[{"name":"wp","href":"https:\/\/api.w.org\/{rel}","templated":true}]}}