{"id":5736,"date":"2023-09-11T11:05:34","date_gmt":"2023-09-11T14:05:34","guid":{"rendered":"https:\/\/sites.uel.br\/ser\/?page_id=5736"},"modified":"2023-10-17T09:00:50","modified_gmt":"2023-10-17T12:00:50","slug":"premio-boas-praticas-na-recepcao-aos-estudantes-ingressantes-premiados-2023-ciencias-sociais-filosofia-historia-letras-espanhol-letras-frances-letras-ingles-letras","status":"publish","type":"page","link":"https:\/\/sites.uel.br\/ser\/premio-boas-praticas-na-recepcao-aos-estudantes-ingressantes-premiados-2023-ciencias-sociais-filosofia-historia-letras-espanhol-letras-frances-letras-ingles-letras\/","title":{"rendered":"Pr\u00eamio Boas Pr\u00e1ticas na Recep\u00e7\u00e3o aos Estudantes Ingressantes"},"content":{"rendered":"\n<hr class=\"wp-block-separator has-alpha-channel-opacity is-style-wide\" \/>\n\n\n\n<figure class=\"wp-block-image size-full\"><img loading=\"lazy\" decoding=\"async\" width=\"1280\" height=\"512\" src=\"https:\/\/sites.uel.br\/ser\/wp-content\/uploads\/2021\/07\/IMG-20210727-WA0028.jpg\" alt=\"\" class=\"wp-image-1021\" srcset=\"https:\/\/sites.uel.br\/ser\/wp-content\/uploads\/2021\/07\/IMG-20210727-WA0028.jpg 1280w, https:\/\/sites.uel.br\/ser\/wp-content\/uploads\/2021\/07\/IMG-20210727-WA0028-300x120.jpg 300w, https:\/\/sites.uel.br\/ser\/wp-content\/uploads\/2021\/07\/IMG-20210727-WA0028-1024x410.jpg 1024w, https:\/\/sites.uel.br\/ser\/wp-content\/uploads\/2021\/07\/IMG-20210727-WA0028-768x307.jpg 768w\" sizes=\"auto, (max-width: 1280px) 100vw, 1280px\" \/><\/figure>\n\n\n\n<h2 class=\"wp-block-heading\">Cursos Inscritos Premiados<\/h2>\n\n\n\n<h2 class=\"wp-block-heading\">2023<\/h2>\n\n\n\n<h2 class=\"wp-block-heading\">Ci\u00eancias Sociais, Filosofia, Hist\u00f3ria, Letras \u2013 Espanhol, Letras \u2013 Franc\u00eas, Letras \u2013 Ingl\u00eas, Letras \u2013 Portugu\u00eas<\/h2>\n\n\n\n<p><strong>Resumo da A\u00e7\u00e3o:<\/strong><\/p>\n\n\n\n<p>Trata-se de a\u00e7\u00e3o social indicada pela Comiss\u00e3o de Preven\u00e7\u00e3o \u00e0 Viol\u00eancia Sexual, de G\u00eanero e \u00c9tnico-racial do CLCH, composta pelos docentes do CLCH Edm\u00e9ia Ribeiro, Jos\u00e9 Miguel Arias Neto, Martha Ramirez Galvez e Marcelo Silveira e pela agente universit\u00e1ria Suely Bastos. A a\u00e7\u00e3o teve como foco obter doa\u00e7\u00f5es de itens de higiene pessoal para o Centro Pop &#8211; bra\u00e7o da Secretaria Municipal de Assist\u00eancia Social que acolhe pessoas em situa\u00e7\u00e3o de rua. <\/p>\n\n\n\n<p>A campanha de arrecada\u00e7\u00e3o de doa\u00e7\u00f5es se iniciou na Semana de Recep\u00e7\u00e3o aos Estudantes e se prolongou at\u00e9 06\/09\/2023. Contou com ampla divulga\u00e7\u00e3o dos envolvidos, compreendendo cartazes nas redes sociais e afixados em murais, docentes e estudantes percorrendo salas de aula para solicitar o engajamento na campanha, bem como docentes, estudantes e agentes univerist\u00e1rios recolhendo donativos junto a colegas e amigos de trabalho e de outros cursos para aumentar a quantidade de itens de higiene a serem doados.<\/p>\n\n\n\n<p><em>Obs: texto confeccionado pelos estudantes de Gradua\u00e7\u00e3o e\/ou Coordena\u00e7\u00e3o do curso.<\/em><\/p>\n\n\n<div class=\"wp-block-image\">\n<figure class=\"aligncenter size-full\"><img decoding=\"async\" src=\"https:\/\/sites.uel.br\/ser\/wp-content\/uploads\/2023\/10\/premio_boas_praticas_2023_cursos_clch_01.jpg\" alt=\"\" class=\"wp-image-6027\" \/><\/figure>\n<\/div>\n\n<div class=\"wp-block-image\">\n<figure class=\"aligncenter size-full\"><img loading=\"lazy\" decoding=\"async\" width=\"584\" height=\"574\" src=\"https:\/\/sites.uel.br\/ser\/wp-content\/uploads\/2023\/10\/premio_boas_praticas_2023_cursos_clch_02.jpg\" alt=\"\" class=\"wp-image-6037\" srcset=\"https:\/\/sites.uel.br\/ser\/wp-content\/uploads\/2023\/10\/premio_boas_praticas_2023_cursos_clch_02.jpg 584w, https:\/\/sites.uel.br\/ser\/wp-content\/uploads\/2023\/10\/premio_boas_praticas_2023_cursos_clch_02-300x295.jpg 300w\" sizes=\"auto, (max-width: 584px) 100vw, 584px\" \/><\/figure>\n<\/div>\n\n<div class=\"wp-block-image\">\n<figure class=\"aligncenter size-full\"><img loading=\"lazy\" decoding=\"async\" width=\"1024\" height=\"768\" src=\"https:\/\/sites.uel.br\/ser\/wp-content\/uploads\/2023\/10\/premio_boas_praticas_2023_cursos_clch_03.jpg\" alt=\"\" class=\"wp-image-6029\" srcset=\"https:\/\/sites.uel.br\/ser\/wp-content\/uploads\/2023\/10\/premio_boas_praticas_2023_cursos_clch_03.jpg 1024w, https:\/\/sites.uel.br\/ser\/wp-content\/uploads\/2023\/10\/premio_boas_praticas_2023_cursos_clch_03-300x225.jpg 300w, https:\/\/sites.uel.br\/ser\/wp-content\/uploads\/2023\/10\/premio_boas_praticas_2023_cursos_clch_03-768x576.jpg 768w\" sizes=\"auto, (max-width: 1024px) 100vw, 1024px\" \/><\/figure>\n<\/div>\n\n<div class=\"wp-block-image\">\n<figure class=\"aligncenter size-full\"><img loading=\"lazy\" decoding=\"async\" width=\"768\" height=\"1024\" src=\"https:\/\/sites.uel.br\/ser\/wp-content\/uploads\/2023\/10\/premio_boas_praticas_2023_cursos_clch_04.jpg\" alt=\"\" class=\"wp-image-6030\" srcset=\"https:\/\/sites.uel.br\/ser\/wp-content\/uploads\/2023\/10\/premio_boas_praticas_2023_cursos_clch_04.jpg 768w, https:\/\/sites.uel.br\/ser\/wp-content\/uploads\/2023\/10\/premio_boas_praticas_2023_cursos_clch_04-225x300.jpg 225w\" sizes=\"auto, (max-width: 768px) 100vw, 768px\" \/><\/figure>\n<\/div>\n\n<div class=\"wp-block-image\">\n<figure class=\"aligncenter size-full\"><img loading=\"lazy\" decoding=\"async\" width=\"768\" height=\"1024\" src=\"https:\/\/sites.uel.br\/ser\/wp-content\/uploads\/2023\/10\/premio_boas_praticas_2023_cursos_clch_05.jpg\" alt=\"\" class=\"wp-image-6031\" srcset=\"https:\/\/sites.uel.br\/ser\/wp-content\/uploads\/2023\/10\/premio_boas_praticas_2023_cursos_clch_05.jpg 768w, https:\/\/sites.uel.br\/ser\/wp-content\/uploads\/2023\/10\/premio_boas_praticas_2023_cursos_clch_05-225x300.jpg 225w\" sizes=\"auto, (max-width: 768px) 100vw, 768px\" \/><\/figure>\n<\/div>\n\n<div class=\"wp-block-image\">\n<figure class=\"aligncenter size-full\"><img loading=\"lazy\" decoding=\"async\" width=\"1046\" height=\"471\" src=\"https:\/\/sites.uel.br\/ser\/wp-content\/uploads\/2023\/10\/premio_boas_praticas_2023_cursos_clch_06.jpg\" alt=\"\" class=\"wp-image-6032\" srcset=\"https:\/\/sites.uel.br\/ser\/wp-content\/uploads\/2023\/10\/premio_boas_praticas_2023_cursos_clch_06.jpg 1046w, https:\/\/sites.uel.br\/ser\/wp-content\/uploads\/2023\/10\/premio_boas_praticas_2023_cursos_clch_06-300x135.jpg 300w, https:\/\/sites.uel.br\/ser\/wp-content\/uploads\/2023\/10\/premio_boas_praticas_2023_cursos_clch_06-1024x461.jpg 1024w, https:\/\/sites.uel.br\/ser\/wp-content\/uploads\/2023\/10\/premio_boas_praticas_2023_cursos_clch_06-768x346.jpg 768w\" sizes=\"auto, (max-width: 1046px) 100vw, 1046px\" \/><\/figure>\n<\/div>\n\n<div class=\"wp-block-image\">\n<figure class=\"aligncenter size-full\"><img loading=\"lazy\" decoding=\"async\" width=\"576\" height=\"1024\" src=\"https:\/\/sites.uel.br\/ser\/wp-content\/uploads\/2023\/10\/premio_boas_praticas_2023_cursos_clch_07.jpg\" alt=\"\" class=\"wp-image-6033\" srcset=\"https:\/\/sites.uel.br\/ser\/wp-content\/uploads\/2023\/10\/premio_boas_praticas_2023_cursos_clch_07.jpg 576w, https:\/\/sites.uel.br\/ser\/wp-content\/uploads\/2023\/10\/premio_boas_praticas_2023_cursos_clch_07-169x300.jpg 169w\" sizes=\"auto, (max-width: 576px) 100vw, 576px\" \/><\/figure>\n<\/div>\n\n\n<hr class=\"wp-block-separator has-text-color has-cinza-color has-css-opacity has-cinza-background-color has-background is-style-wide\" \/>\n\n\n\n<p><strong>ESTUDANTES PARTICIPANTES<\/strong><\/p>\n\n\n\n<p>Desconhecido, pois na a\u00e7\u00e3o as pessoas depositaram donativos anonimamente.<\/p>\n\n\n\n<div style=\"height:20px\" aria-hidden=\"true\" class=\"wp-block-spacer\"><\/div>\n\n\n\n<p><strong>OUTROS PARTICIPANTES<\/strong><\/p>\n\n\n\n<p>CAROLINE ALBINO GARBOSA (Psicologia)<br>IONNY COSTA SANTANA (Agente Universit\u00e1ria tempor\u00e1ria lotada na Secretaria Geral do CLCH)<br>RODRIGO TEIXEIRA MENSATO (Ci\u00eancias Sociais)<\/p>\n","protected":false},"excerpt":{"rendered":"<p>Cursos Inscritos Premiados 2023 Ci\u00eancias Sociais, Filosofia, Hist\u00f3ria, Letras \u2013 Espanhol, Letras \u2013 Franc\u00eas, Letras \u2013 Ingl\u00eas, Letras \u2013 Portugu\u00eas Resumo da A\u00e7\u00e3o: Trata-se de a\u00e7\u00e3o social indicada pela Comiss\u00e3o de Preven\u00e7\u00e3o \u00e0 Viol\u00eancia Sexual, de G\u00eanero e \u00c9tnico-racial do CLCH, composta pelos docentes do CLCH Edm\u00e9ia Ribeiro, Jos\u00e9 Miguel Arias Neto, Martha Ramirez Galvez [&hellip;]<\/p>\n","protected":false},"author":8,"featured_media":0,"parent":0,"menu_order":0,"comment_status":"closed","ping_status":"closed","template":"","meta":{"_acf_changed":false,"_themeisle_gutenberg_block_has_review":false,"footnotes":""},"class_list":["post-5736","page","type-page","status-publish","hentry"],"acf":[],"_links":{"self":[{"href":"https:\/\/sites.uel.br\/ser\/wp-json\/wp\/v2\/pages\/5736","targetHints":{"allow":["GET"]}}],"collection":[{"href":"https:\/\/sites.uel.br\/ser\/wp-json\/wp\/v2\/pages"}],"about":[{"href":"https:\/\/sites.uel.br\/ser\/wp-json\/wp\/v2\/types\/page"}],"author":[{"embeddable":true,"href":"https:\/\/sites.uel.br\/ser\/wp-json\/wp\/v2\/users\/8"}],"replies":[{"embeddable":true,"href":"https:\/\/sites.uel.br\/ser\/wp-json\/wp\/v2\/comments?post=5736"}],"version-history":[{"count":11,"href":"https:\/\/sites.uel.br\/ser\/wp-json\/wp\/v2\/pages\/5736\/revisions"}],"predecessor-version":[{"id":6086,"href":"https:\/\/sites.uel.br\/ser\/wp-json\/wp\/v2\/pages\/5736\/revisions\/6086"}],"wp:attachment":[{"href":"https:\/\/sites.uel.br\/ser\/wp-json\/wp\/v2\/media?parent=5736"}],"curies":[{"name":"wp","href":"https:\/\/api.w.org\/{rel}","templated":true}]}}

Prêmio Boas Práticas na Recepção aos Estudantes Ingressantes

<hr class="wp-block-separator has-alpha-channel-opacity is-style-wide" />



<figure class="wp-block-image size-full"><img loading="lazy" decoding="async" width="1280" height="512" src="https://sites.uel.br/ser/wp-content/uploads/2021/07/IMG-20210727-WA0028.jpg" alt="" class="wp-image-1021" srcset="https://sites.uel.br/ser/wp-content/uploads/2021/07/IMG-20210727-WA0028.jpg 1280w, https://sites.uel.br/ser/wp-content/uploads/2021/07/IMG-20210727-WA0028-300x120.jpg 300w, https://sites.uel.br/ser/wp-content/uploads/2021/07/IMG-20210727-WA0028-1024x410.jpg 1024w, https://sites.uel.br/ser/wp-content/uploads/2021/07/IMG-20210727-WA0028-768x307.jpg 768w" sizes="auto, (max-width: 1280px) 100vw, 1280px" /></figure>



<h2 class="wp-block-heading">Cursos Inscritos Premiados</h2>



<h2 class="wp-block-heading">2023</h2>



<h2 class="wp-block-heading">Ciências Sociais, Filosofia, História, Letras – Espanhol, Letras – Francês, Letras – Inglês, Letras – Português</h2>



<p><strong>Resumo da Ação:</strong></p>



<p>Trata-se de ação social indicada pela Comissão de Prevenção à Violência Sexual, de Gênero e Étnico-racial do CLCH, composta pelos docentes do CLCH Edméia Ribeiro, José Miguel Arias Neto, Martha Ramirez Galvez e Marcelo Silveira e pela agente universitária Suely Bastos. A ação teve como foco obter doações de itens de higiene pessoal para o Centro Pop &#8211; braço da Secretaria Municipal de Assistência Social que acolhe pessoas em situação de rua. </p>



<p>A campanha de arrecadação de doações se iniciou na Semana de Recepção aos Estudantes e se prolongou até 06/09/2023. Contou com ampla divulgação dos envolvidos, compreendendo cartazes nas redes sociais e afixados em murais, docentes e estudantes percorrendo salas de aula para solicitar o engajamento na campanha, bem como docentes, estudantes e agentes univeristários recolhendo donativos junto a colegas e amigos de trabalho e de outros cursos para aumentar a quantidade de itens de higiene a serem doados.</p>



<p><em>Obs: texto confeccionado pelos estudantes de Graduação e/ou Coordenação do curso.</em></p>


<div class="wp-block-image">
<figure class="aligncenter size-full"><img decoding="async" src="https://sites.uel.br/ser/wp-content/uploads/2023/10/premio_boas_praticas_2023_cursos_clch_01.jpg" alt="" class="wp-image-6027" /></figure>
</div>

<div class="wp-block-image">
<figure class="aligncenter size-full"><img loading="lazy" decoding="async" width="584" height="574" src="https://sites.uel.br/ser/wp-content/uploads/2023/10/premio_boas_praticas_2023_cursos_clch_02.jpg" alt="" class="wp-image-6037" srcset="https://sites.uel.br/ser/wp-content/uploads/2023/10/premio_boas_praticas_2023_cursos_clch_02.jpg 584w, https://sites.uel.br/ser/wp-content/uploads/2023/10/premio_boas_praticas_2023_cursos_clch_02-300x295.jpg 300w" sizes="auto, (max-width: 584px) 100vw, 584px" /></figure>
</div>

<div class="wp-block-image">
<figure class="aligncenter size-full"><img loading="lazy" decoding="async" width="1024" height="768" src="https://sites.uel.br/ser/wp-content/uploads/2023/10/premio_boas_praticas_2023_cursos_clch_03.jpg" alt="" class="wp-image-6029" srcset="https://sites.uel.br/ser/wp-content/uploads/2023/10/premio_boas_praticas_2023_cursos_clch_03.jpg 1024w, https://sites.uel.br/ser/wp-content/uploads/2023/10/premio_boas_praticas_2023_cursos_clch_03-300x225.jpg 300w, https://sites.uel.br/ser/wp-content/uploads/2023/10/premio_boas_praticas_2023_cursos_clch_03-768x576.jpg 768w" sizes="auto, (max-width: 1024px) 100vw, 1024px" /></figure>
</div>

<div class="wp-block-image">
<figure class="aligncenter size-full"><img loading="lazy" decoding="async" width="768" height="1024" src="https://sites.uel.br/ser/wp-content/uploads/2023/10/premio_boas_praticas_2023_cursos_clch_04.jpg" alt="" class="wp-image-6030" srcset="https://sites.uel.br/ser/wp-content/uploads/2023/10/premio_boas_praticas_2023_cursos_clch_04.jpg 768w, https://sites.uel.br/ser/wp-content/uploads/2023/10/premio_boas_praticas_2023_cursos_clch_04-225x300.jpg 225w" sizes="auto, (max-width: 768px) 100vw, 768px" /></figure>
</div>

<div class="wp-block-image">
<figure class="aligncenter size-full"><img loading="lazy" decoding="async" width="768" height="1024" src="https://sites.uel.br/ser/wp-content/uploads/2023/10/premio_boas_praticas_2023_cursos_clch_05.jpg" alt="" class="wp-image-6031" srcset="https://sites.uel.br/ser/wp-content/uploads/2023/10/premio_boas_praticas_2023_cursos_clch_05.jpg 768w, https://sites.uel.br/ser/wp-content/uploads/2023/10/premio_boas_praticas_2023_cursos_clch_05-225x300.jpg 225w" sizes="auto, (max-width: 768px) 100vw, 768px" /></figure>
</div>

<div class="wp-block-image">
<figure class="aligncenter size-full"><img loading="lazy" decoding="async" width="1046" height="471" src="https://sites.uel.br/ser/wp-content/uploads/2023/10/premio_boas_praticas_2023_cursos_clch_06.jpg" alt="" class="wp-image-6032" srcset="https://sites.uel.br/ser/wp-content/uploads/2023/10/premio_boas_praticas_2023_cursos_clch_06.jpg 1046w, https://sites.uel.br/ser/wp-content/uploads/2023/10/premio_boas_praticas_2023_cursos_clch_06-300x135.jpg 300w, https://sites.uel.br/ser/wp-content/uploads/2023/10/premio_boas_praticas_2023_cursos_clch_06-1024x461.jpg 1024w, https://sites.uel.br/ser/wp-content/uploads/2023/10/premio_boas_praticas_2023_cursos_clch_06-768x346.jpg 768w" sizes="auto, (max-width: 1046px) 100vw, 1046px" /></figure>
</div>

<div class="wp-block-image">
<figure class="aligncenter size-full"><img loading="lazy" decoding="async" width="576" height="1024" src="https://sites.uel.br/ser/wp-content/uploads/2023/10/premio_boas_praticas_2023_cursos_clch_07.jpg" alt="" class="wp-image-6033" srcset="https://sites.uel.br/ser/wp-content/uploads/2023/10/premio_boas_praticas_2023_cursos_clch_07.jpg 576w, https://sites.uel.br/ser/wp-content/uploads/2023/10/premio_boas_praticas_2023_cursos_clch_07-169x300.jpg 169w" sizes="auto, (max-width: 576px) 100vw, 576px" /></figure>
</div>


<hr class="wp-block-separator has-text-color has-cinza-color has-css-opacity has-cinza-background-color has-background is-style-wide" />



<p><strong>ESTUDANTES PARTICIPANTES</strong></p>



<p>Desconhecido, pois na ação as pessoas depositaram donativos anonimamente.</p>



<div style="height:20px" aria-hidden="true" class="wp-block-spacer"></div>



<p><strong>OUTROS PARTICIPANTES</strong></p>



<p>CAROLINE ALBINO GARBOSA (Psicologia)<br>IONNY COSTA SANTANA (Agente Universitária temporária lotada na Secretaria Geral do CLCH)<br>RODRIGO TEIXEIRA MENSATO (Ciências Sociais)</p>

<p>Cursos Inscritos Premiados 2023 Ciências Sociais, Filosofia, História, Letras – Espanhol, Letras – Francês, Letras – Inglês, Letras – Português Resumo da Ação: Trata-se de ação social indicada pela Comissão de Prevenção à Violência Sexual, de Gênero e Étnico-racial do CLCH, composta pelos docentes do CLCH Edméia Ribeiro, José Miguel Arias Neto, Martha Ramirez Galvez [&hellip;]</p>
