{"id":5734,"date":"2023-09-11T11:05:25","date_gmt":"2023-09-11T14:05:25","guid":{"rendered":"https:\/\/sites.uel.br\/ser\/?page_id=5734"},"modified":"2023-09-14T09:34:34","modified_gmt":"2023-09-14T12:34:34","slug":"premio-boas-praticas-na-recepcao-aos-estudantes-ingressantes-premiados-2023-biomedicina","status":"publish","type":"page","link":"https:\/\/sites.uel.br\/ser\/premio-boas-praticas-na-recepcao-aos-estudantes-ingressantes-premiados-2023-biomedicina\/","title":{"rendered":"Pr\u00eamio Boas Pr\u00e1ticas na Recep\u00e7\u00e3o aos Estudantes Ingressantes"},"content":{"rendered":"\n<hr class=\"wp-block-separator has-alpha-channel-opacity is-style-wide\" \/>\n\n\n\n<figure class=\"wp-block-image size-full\"><img loading=\"lazy\" decoding=\"async\" width=\"1280\" height=\"512\" src=\"https:\/\/sites.uel.br\/ser\/wp-content\/uploads\/2021\/07\/IMG-20210727-WA0028.jpg\" alt=\"\" class=\"wp-image-1021\" srcset=\"https:\/\/sites.uel.br\/ser\/wp-content\/uploads\/2021\/07\/IMG-20210727-WA0028.jpg 1280w, https:\/\/sites.uel.br\/ser\/wp-content\/uploads\/2021\/07\/IMG-20210727-WA0028-300x120.jpg 300w, https:\/\/sites.uel.br\/ser\/wp-content\/uploads\/2021\/07\/IMG-20210727-WA0028-1024x410.jpg 1024w, https:\/\/sites.uel.br\/ser\/wp-content\/uploads\/2021\/07\/IMG-20210727-WA0028-768x307.jpg 768w\" sizes=\"auto, (max-width: 1280px) 100vw, 1280px\" \/><\/figure>\n\n\n\n<h2 class=\"wp-block-heading\">Cursos Inscritos Premiados<\/h2>\n\n\n\n<h2 class=\"wp-block-heading\">2023<\/h2>\n\n\n\n<h2 class=\"wp-block-heading\">Biomedicina<\/h2>\n\n\n\n<p><strong>Resumo da A\u00e7\u00e3o:<\/strong><\/p>\n\n\n\n<p>No dia que est\u00e1vamos decidindo o que seria o trote solid\u00e1rio da biomedicina em 2023 levamos muito em considera\u00e7\u00e3o algo que nunca havia sido feito com os calouros do curso: Doa\u00e7\u00e3o de Sangue. Por ser algo diferente do que os outros anos fizeram e de extrema import\u00e2ncia social optamos por doar, a\u00e7\u00e3o que contou com uma ades\u00e3o de quase 100% dos ingressantes e calouros ( sendo cogitado uma futura ida ao hemocentro com as pessoas que n\u00e3o conseguiram ir ).<\/p>\n\n\n\n<p>Foi uma experi\u00eancia nova pra quem estava organizando mas deu tudo certo, tanto na ida quanto na volta do \u00f4nibus e no Hemocentro Regional de Londrina. Algumas pessoas n\u00e3o puderam realizar a doa\u00e7\u00e3o por impedimentos externos ent\u00e3o ficaram respons\u00e1veis pela realiza\u00e7\u00e3o de cartazes. Os mesmo ser\u00e3o distribu\u00eddos pelos centros da UEL, buscando mostrar a import\u00e2ncia da doa\u00e7\u00e3o e incentivar mais pessoas a fazerem o mesmo.<\/p>\n\n\n\n<p>Quem p\u00f4de doar ficou muito realizado e feliz em poder ter feito parte de uma a\u00e7\u00e3o t\u00e3o nobre, mostrando a cada dia que um curso com poucas pessoas consegue realizar grandes atos.<\/p>\n\n\n\n<p><em>Obs: texto confeccionado pelos estudantes de Gradua\u00e7\u00e3o e\/ou Coordena\u00e7\u00e3o do curso.<\/em><\/p>\n\n\n\n<hr class=\"wp-block-separator has-text-color has-cinza-color has-css-opacity has-cinza-background-color has-background is-style-wide\" \/>\n\n\n<div class=\"wp-block-image\">\n<figure class=\"aligncenter size-full\"><img loading=\"lazy\" decoding=\"async\" width=\"960\" height=\"1280\" src=\"https:\/\/sites.uel.br\/ser\/wp-content\/uploads\/2023\/09\/premio_boas_praticas_2023_biomedicina_01.jpeg\" alt=\"\" class=\"wp-image-5868\" srcset=\"https:\/\/sites.uel.br\/ser\/wp-content\/uploads\/2023\/09\/premio_boas_praticas_2023_biomedicina_01.jpeg 960w, https:\/\/sites.uel.br\/ser\/wp-content\/uploads\/2023\/09\/premio_boas_praticas_2023_biomedicina_01-225x300.jpeg 225w, https:\/\/sites.uel.br\/ser\/wp-content\/uploads\/2023\/09\/premio_boas_praticas_2023_biomedicina_01-768x1024.jpeg 768w\" sizes=\"auto, (max-width: 960px) 100vw, 960px\" \/><\/figure>\n<\/div>\n\n<div class=\"wp-block-image\">\n<figure class=\"aligncenter size-full\"><img loading=\"lazy\" decoding=\"async\" width=\"960\" height=\"1280\" src=\"https:\/\/sites.uel.br\/ser\/wp-content\/uploads\/2023\/09\/premio_boas_praticas_2023_biomedicina_02.jpeg\" alt=\"\" class=\"wp-image-5869\" srcset=\"https:\/\/sites.uel.br\/ser\/wp-content\/uploads\/2023\/09\/premio_boas_praticas_2023_biomedicina_02.jpeg 960w, https:\/\/sites.uel.br\/ser\/wp-content\/uploads\/2023\/09\/premio_boas_praticas_2023_biomedicina_02-225x300.jpeg 225w, https:\/\/sites.uel.br\/ser\/wp-content\/uploads\/2023\/09\/premio_boas_praticas_2023_biomedicina_02-768x1024.jpeg 768w\" sizes=\"auto, (max-width: 960px) 100vw, 960px\" \/><\/figure>\n<\/div>\n\n<div class=\"wp-block-image\">\n<figure class=\"aligncenter size-full\"><img loading=\"lazy\" decoding=\"async\" width=\"1280\" height=\"960\" src=\"https:\/\/sites.uel.br\/ser\/wp-content\/uploads\/2023\/09\/premio_boas_praticas_2023_biomedicina_03.jpeg\" alt=\"\" class=\"wp-image-5870\" srcset=\"https:\/\/sites.uel.br\/ser\/wp-content\/uploads\/2023\/09\/premio_boas_praticas_2023_biomedicina_03.jpeg 1280w, https:\/\/sites.uel.br\/ser\/wp-content\/uploads\/2023\/09\/premio_boas_praticas_2023_biomedicina_03-300x225.jpeg 300w, https:\/\/sites.uel.br\/ser\/wp-content\/uploads\/2023\/09\/premio_boas_praticas_2023_biomedicina_03-1024x768.jpeg 1024w, https:\/\/sites.uel.br\/ser\/wp-content\/uploads\/2023\/09\/premio_boas_praticas_2023_biomedicina_03-768x576.jpeg 768w\" sizes=\"auto, (max-width: 1280px) 100vw, 1280px\" \/><\/figure>\n<\/div>\n\n<div class=\"wp-block-image\">\n<figure class=\"aligncenter size-full\"><img loading=\"lazy\" decoding=\"async\" width=\"1280\" height=\"960\" src=\"https:\/\/sites.uel.br\/ser\/wp-content\/uploads\/2023\/09\/premio_boas_praticas_2023_biomedicina_04.jpeg\" alt=\"\" class=\"wp-image-5871\" srcset=\"https:\/\/sites.uel.br\/ser\/wp-content\/uploads\/2023\/09\/premio_boas_praticas_2023_biomedicina_04.jpeg 1280w, https:\/\/sites.uel.br\/ser\/wp-content\/uploads\/2023\/09\/premio_boas_praticas_2023_biomedicina_04-300x225.jpeg 300w, https:\/\/sites.uel.br\/ser\/wp-content\/uploads\/2023\/09\/premio_boas_praticas_2023_biomedicina_04-1024x768.jpeg 1024w, https:\/\/sites.uel.br\/ser\/wp-content\/uploads\/2023\/09\/premio_boas_praticas_2023_biomedicina_04-768x576.jpeg 768w\" sizes=\"auto, (max-width: 1280px) 100vw, 1280px\" \/><\/figure>\n<\/div>\n\n<div class=\"wp-block-image\">\n<figure class=\"aligncenter size-full\"><img loading=\"lazy\" decoding=\"async\" width=\"960\" height=\"1280\" src=\"https:\/\/sites.uel.br\/ser\/wp-content\/uploads\/2023\/09\/premio_boas_praticas_2023_biomedicina_05.jpeg\" alt=\"\" class=\"wp-image-5872\" srcset=\"https:\/\/sites.uel.br\/ser\/wp-content\/uploads\/2023\/09\/premio_boas_praticas_2023_biomedicina_05.jpeg 960w, https:\/\/sites.uel.br\/ser\/wp-content\/uploads\/2023\/09\/premio_boas_praticas_2023_biomedicina_05-225x300.jpeg 225w, https:\/\/sites.uel.br\/ser\/wp-content\/uploads\/2023\/09\/premio_boas_praticas_2023_biomedicina_05-768x1024.jpeg 768w\" sizes=\"auto, (max-width: 960px) 100vw, 960px\" \/><\/figure>\n<\/div>\n\n<div class=\"wp-block-image\">\n<figure class=\"aligncenter size-full\"><img loading=\"lazy\" decoding=\"async\" width=\"960\" height=\"1280\" src=\"https:\/\/sites.uel.br\/ser\/wp-content\/uploads\/2023\/09\/premio_boas_praticas_2023_biomedicina_06.jpeg\" alt=\"\" class=\"wp-image-5873\" srcset=\"https:\/\/sites.uel.br\/ser\/wp-content\/uploads\/2023\/09\/premio_boas_praticas_2023_biomedicina_06.jpeg 960w, https:\/\/sites.uel.br\/ser\/wp-content\/uploads\/2023\/09\/premio_boas_praticas_2023_biomedicina_06-225x300.jpeg 225w, https:\/\/sites.uel.br\/ser\/wp-content\/uploads\/2023\/09\/premio_boas_praticas_2023_biomedicina_06-768x1024.jpeg 768w\" sizes=\"auto, (max-width: 960px) 100vw, 960px\" \/><\/figure>\n<\/div>\n\n<div class=\"wp-block-image\">\n<figure class=\"aligncenter size-full\"><img loading=\"lazy\" decoding=\"async\" width=\"960\" height=\"1280\" src=\"https:\/\/sites.uel.br\/ser\/wp-content\/uploads\/2023\/09\/premio_boas_praticas_2023_biomedicina_07.jpeg\" alt=\"\" class=\"wp-image-5874\" srcset=\"https:\/\/sites.uel.br\/ser\/wp-content\/uploads\/2023\/09\/premio_boas_praticas_2023_biomedicina_07.jpeg 960w, https:\/\/sites.uel.br\/ser\/wp-content\/uploads\/2023\/09\/premio_boas_praticas_2023_biomedicina_07-225x300.jpeg 225w, https:\/\/sites.uel.br\/ser\/wp-content\/uploads\/2023\/09\/premio_boas_praticas_2023_biomedicina_07-768x1024.jpeg 768w\" sizes=\"auto, (max-width: 960px) 100vw, 960px\" \/><\/figure>\n<\/div>\n\n<div class=\"wp-block-image\">\n<figure class=\"aligncenter size-full\"><img loading=\"lazy\" decoding=\"async\" width=\"960\" height=\"1280\" src=\"https:\/\/sites.uel.br\/ser\/wp-content\/uploads\/2023\/09\/premio_boas_praticas_2023_biomedicina_08.jpeg\" alt=\"\" class=\"wp-image-5875\" srcset=\"https:\/\/sites.uel.br\/ser\/wp-content\/uploads\/2023\/09\/premio_boas_praticas_2023_biomedicina_08.jpeg 960w, https:\/\/sites.uel.br\/ser\/wp-content\/uploads\/2023\/09\/premio_boas_praticas_2023_biomedicina_08-225x300.jpeg 225w, https:\/\/sites.uel.br\/ser\/wp-content\/uploads\/2023\/09\/premio_boas_praticas_2023_biomedicina_08-768x1024.jpeg 768w\" sizes=\"auto, (max-width: 960px) 100vw, 960px\" \/><\/figure>\n<\/div>\n\n<div class=\"wp-block-image\">\n<figure class=\"aligncenter size-full\"><img loading=\"lazy\" decoding=\"async\" width=\"960\" height=\"1280\" src=\"https:\/\/sites.uel.br\/ser\/wp-content\/uploads\/2023\/09\/premio_boas_praticas_2023_biomedicina_09.jpeg\" alt=\"\" class=\"wp-image-5877\" srcset=\"https:\/\/sites.uel.br\/ser\/wp-content\/uploads\/2023\/09\/premio_boas_praticas_2023_biomedicina_09.jpeg 960w, https:\/\/sites.uel.br\/ser\/wp-content\/uploads\/2023\/09\/premio_boas_praticas_2023_biomedicina_09-225x300.jpeg 225w, https:\/\/sites.uel.br\/ser\/wp-content\/uploads\/2023\/09\/premio_boas_praticas_2023_biomedicina_09-768x1024.jpeg 768w\" sizes=\"auto, (max-width: 960px) 100vw, 960px\" \/><\/figure>\n<\/div>\n\n<div class=\"wp-block-image\">\n<figure class=\"aligncenter size-full\"><img loading=\"lazy\" decoding=\"async\" width=\"1200\" height=\"1600\" src=\"https:\/\/sites.uel.br\/ser\/wp-content\/uploads\/2023\/09\/premio_boas_praticas_2023_biomedicina_10.jpeg\" alt=\"\" class=\"wp-image-5878\" srcset=\"https:\/\/sites.uel.br\/ser\/wp-content\/uploads\/2023\/09\/premio_boas_praticas_2023_biomedicina_10.jpeg 1200w, https:\/\/sites.uel.br\/ser\/wp-content\/uploads\/2023\/09\/premio_boas_praticas_2023_biomedicina_10-225x300.jpeg 225w, https:\/\/sites.uel.br\/ser\/wp-content\/uploads\/2023\/09\/premio_boas_praticas_2023_biomedicina_10-768x1024.jpeg 768w, https:\/\/sites.uel.br\/ser\/wp-content\/uploads\/2023\/09\/premio_boas_praticas_2023_biomedicina_10-1152x1536.jpeg 1152w\" sizes=\"auto, (max-width: 1200px) 100vw, 1200px\" \/><\/figure>\n<\/div>\n\n\n<hr class=\"wp-block-separator has-text-color has-cinza-color has-css-opacity has-cinza-background-color has-background is-style-wide\" \/>\n\n\n\n<p><strong>ESTUDANTES PARTICIPANTES<\/strong><\/p>\n\n\n\n<p>ANA BEATRIZ BARBOSA TONZAR<br>ANA BEATRIZ CERCONI DE AGUIAR<br>ANA BEATRIZ TEIXEIRA MACEDO<br>ANTONIO CARLOS DA SILVA VIEIRA<br>BEATRIZ BRAGA SILVA<br>BEATRIZ LERNIC SCHOEPS<br>BIANCA MAYUMI SUSUKI<br>BRUNA AYUMI ITIAMA<br>BRUNA SCARDAZZI NUNES<br>DANILO HENRIQUE RABA\u00c7AL ALVES<br>ELISA CRISTINE ANDREATTA<br>ERICK FONSECA BALBINO<br>FERNANDA EDUARDA PIFFER SORVOS<br>GABRIELA GOMES FERREIRA<br>GIOVANNA CESTARI M. DE CAMPOS<br>HYAN GABRIEL BARBOSA DA COSTA<br>JO\u00c3O PEDRO DOS SANTOS ALMEIDA<br>LAURA SANTANA BUSO<br>LEONARDO HAAS DOS SANTOS<br>LIANA MARTINS DE OLIVEIRA<br>LUANNA PICOLO AGOSTINHO<br>LUIS EDUARDO A G DE LANDREIA<br>MARIA EDUARDA LOPES NEGREIRO<br>MARIA LAURA DE SOUZA OLIVEIRA<br>MARIA LUISA MOTTA FRANCO<br>MARIANA ROSADA GON\u00c7ALVES<br>MARIE AUGUSTA SQUARCA E SILVA<br>NATH\u00c1LIA ONDEI DO VALLE<br>NICOLY SANTANA RAMALHO<br>QUEZIA GEROMEL DE ANDRADE<br>SOPHIA HAMADA MARTINS<br>VIVIAN EMY ISSONAGA<\/p>\n","protected":false},"excerpt":{"rendered":"<p>Cursos Inscritos Premiados 2023 Biomedicina Resumo da A\u00e7\u00e3o: No dia que est\u00e1vamos decidindo o que seria o trote solid\u00e1rio da biomedicina em 2023 levamos muito em considera\u00e7\u00e3o algo que nunca havia sido feito com os calouros do curso: Doa\u00e7\u00e3o de Sangue. Por ser algo diferente do que os outros anos fizeram e de extrema import\u00e2ncia [&hellip;]<\/p>\n","protected":false},"author":8,"featured_media":0,"parent":0,"menu_order":0,"comment_status":"closed","ping_status":"closed","template":"","meta":{"_acf_changed":false,"_themeisle_gutenberg_block_has_review":false,"footnotes":""},"class_list":["post-5734","page","type-page","status-publish","hentry"],"acf":[],"_links":{"self":[{"href":"https:\/\/sites.uel.br\/ser\/wp-json\/wp\/v2\/pages\/5734","targetHints":{"allow":["GET"]}}],"collection":[{"href":"https:\/\/sites.uel.br\/ser\/wp-json\/wp\/v2\/pages"}],"about":[{"href":"https:\/\/sites.uel.br\/ser\/wp-json\/wp\/v2\/types\/page"}],"author":[{"embeddable":true,"href":"https:\/\/sites.uel.br\/ser\/wp-json\/wp\/v2\/users\/8"}],"replies":[{"embeddable":true,"href":"https:\/\/sites.uel.br\/ser\/wp-json\/wp\/v2\/comments?post=5734"}],"version-history":[{"count":8,"href":"https:\/\/sites.uel.br\/ser\/wp-json\/wp\/v2\/pages\/5734\/revisions"}],"predecessor-version":[{"id":5934,"href":"https:\/\/sites.uel.br\/ser\/wp-json\/wp\/v2\/pages\/5734\/revisions\/5934"}],"wp:attachment":[{"href":"https:\/\/sites.uel.br\/ser\/wp-json\/wp\/v2\/media?parent=5734"}],"curies":[{"name":"wp","href":"https:\/\/api.w.org\/{rel}","templated":true}]}}