{"id":4141,"date":"2023-07-03T11:40:16","date_gmt":"2023-07-03T14:40:16","guid":{"rendered":"https:\/\/sites.uel.br\/ser\/?page_id=4141"},"modified":"2023-07-07T14:32:46","modified_gmt":"2023-07-07T17:32:46","slug":"premio-boas-praticas-na-recepcao-aos-estudantes-ingressantes-premiados-2018-arquivologia-e-biblioteconomia","status":"publish","type":"page","link":"https:\/\/sites.uel.br\/ser\/premio-boas-praticas-na-recepcao-aos-estudantes-ingressantes-premiados-2018-arquivologia-e-biblioteconomia\/","title":{"rendered":"Pr\u00eamio Boas Pr\u00e1ticas na Recep\u00e7\u00e3o aos Estudantes Ingressantes"},"content":{"rendered":"\n<hr class=\"wp-block-separator has-alpha-channel-opacity is-style-wide\" \/>\n\n\n\n<h2 class=\"wp-block-heading\">Cursos Inscritos Premiados<\/h2>\n\n\n\n<h2 class=\"wp-block-heading\">2018<\/h2>\n\n\n\n<h2 class=\"wp-block-heading\">Arquivologia e Biblioteconomia<\/h2>\n\n\n\n<p><strong>Resumo da A\u00e7\u00e3o:<\/strong><\/p>\n\n\n\n<p>Os estudantes dos cursos de Arquivologia e de Biblioteconomia desempenharam tr\u00eas a\u00e7\u00f5es solid\u00e1rias distintas em institui\u00e7\u00f5es da cidade de Londrina. A primeira atividade consistiu na apresenta\u00e7\u00e3o de tr\u00eas hist\u00f3rias infantis (O homem que queria demais; O coelho Rabugento; Gabriel e o Papel) para um grupo de cerca de 150 estudantes da Associa\u00e7\u00e3o de Pais e Amigos dos Excepcionais (APAE) no dia 29\/03\/2018. Os estudantes ingressantes e veteranos de Arquivologia e Biblioteconomia elaboraram todos os materiais c\u00eanicos e atuaram na conta\u00e7\u00e3o das tr\u00eas hist\u00f3rias. A segunda a\u00e7\u00e3o envolveu a coleta de roupas e cal\u00e7ados para doa\u00e7\u00e3o ao Instituto Londrinense de Educa\u00e7\u00e3o para Crian\u00e7as Excepcionais (ILECE). Durante o per\u00edodo de arrecada\u00e7\u00e3o os estudantes conseguiram angariar cerca de 30 sacolas de roupas e cal\u00e7ados que ser\u00e3o revendidos no bazar filantr\u00f3pico da institui\u00e7\u00e3o, como modo de auxiliar nas despesas do instituto. Os itens foram entregues na Unidade Cafezal do Instituto no dia 12\/04\/2018. A terceira a\u00e7\u00e3o \u00e9 a doa\u00e7\u00e3o de documentos fotogr\u00e1ficos \u00e0s institui\u00e7\u00f5es. Todos os registros fotogr\u00e1ficos da conta\u00e7\u00e3o de hist\u00f3ria e da doa\u00e7\u00e3o de roupas foram organizados e tratados conforme as especifica\u00e7\u00f5es e normas da \u00e1rea para comporem um mural de exposi\u00e7\u00e3o que far\u00e1 parte da mem\u00f3ria institucional da APAE, e enviados por e-mail para a institui\u00e7\u00e3o.<\/p>\n\n\n\n<div class=\"wp-block-columns is-layout-flex wp-container-core-columns-is-layout-9d6595d7 wp-block-columns-is-layout-flex\">\n<div class=\"wp-block-column is-layout-flow wp-block-column-is-layout-flow\"><div class=\"wp-block-image\">\n<figure class=\"aligncenter size-full\"><a href=\"https:\/\/drive.google.com\/drive\/folders\/1PhuKC40kt5A88yypSclZ_z9BoED5kMPa?usp=drive_link\" target=\"_blank\" rel=\"noreferrer noopener\"><img decoding=\"async\" src=\"https:\/\/sites.uel.br\/feira\/wp-content\/uploads\/2023\/05\/google_drive.png\" alt=\"\" class=\"wp-image-2887\" \/><\/a><\/figure>\n<\/div>\n\n\n<p class=\"has-text-align-center\"><strong>(Galeria de Fotos)<\/strong><\/p>\n\n\n\n<p class=\"has-text-align-center\">Cr\u00e9ditos:<br>Estudantes do Curso de Arquivologia e Biblioteconomia<\/p>\n<\/div>\n<\/div>\n","protected":false},"excerpt":{"rendered":"<p>Cursos Inscritos Premiados 2018 Arquivologia e Biblioteconomia Resumo da A\u00e7\u00e3o: Os estudantes dos cursos de Arquivologia e de Biblioteconomia desempenharam tr\u00eas a\u00e7\u00f5es solid\u00e1rias distintas em institui\u00e7\u00f5es da cidade de Londrina. A primeira atividade consistiu na apresenta\u00e7\u00e3o de tr\u00eas hist\u00f3rias infantis (O homem que queria demais; O coelho Rabugento; Gabriel e o Papel) para um grupo [&hellip;]<\/p>\n","protected":false},"author":8,"featured_media":0,"parent":0,"menu_order":0,"comment_status":"closed","ping_status":"closed","template":"","meta":{"_acf_changed":false,"_themeisle_gutenberg_block_has_review":false,"footnotes":""},"class_list":["post-4141","page","type-page","status-publish","hentry"],"acf":[],"_links":{"self":[{"href":"https:\/\/sites.uel.br\/ser\/wp-json\/wp\/v2\/pages\/4141","targetHints":{"allow":["GET"]}}],"collection":[{"href":"https:\/\/sites.uel.br\/ser\/wp-json\/wp\/v2\/pages"}],"about":[{"href":"https:\/\/sites.uel.br\/ser\/wp-json\/wp\/v2\/types\/page"}],"author":[{"embeddable":true,"href":"https:\/\/sites.uel.br\/ser\/wp-json\/wp\/v2\/users\/8"}],"replies":[{"embeddable":true,"href":"https:\/\/sites.uel.br\/ser\/wp-json\/wp\/v2\/comments?post=4141"}],"version-history":[{"count":6,"href":"https:\/\/sites.uel.br\/ser\/wp-json\/wp\/v2\/pages\/4141\/revisions"}],"predecessor-version":[{"id":4875,"href":"https:\/\/sites.uel.br\/ser\/wp-json\/wp\/v2\/pages\/4141\/revisions\/4875"}],"wp:attachment":[{"href":"https:\/\/sites.uel.br\/ser\/wp-json\/wp\/v2\/media?parent=4141"}],"curies":[{"name":"wp","href":"https:\/\/api.w.org\/{rel}","templated":true}]}}