{"id":4093,"date":"2023-06-29T16:24:07","date_gmt":"2023-06-29T19:24:07","guid":{"rendered":"https:\/\/sites.uel.br\/ser\/?page_id=4093"},"modified":"2023-07-07T14:28:49","modified_gmt":"2023-07-07T17:28:49","slug":"premio-boas-praticas-na-recepcao-aos-estudantes-ingressantes-premiados-2020-medicina-veterinaria","status":"publish","type":"page","link":"https:\/\/sites.uel.br\/ser\/premio-boas-praticas-na-recepcao-aos-estudantes-ingressantes-premiados-2020-medicina-veterinaria\/","title":{"rendered":"Pr\u00eamio Boas Pr\u00e1ticas na Recep\u00e7\u00e3o aos Estudantes Ingressantes"},"content":{"rendered":"\n<hr class=\"wp-block-separator has-alpha-channel-opacity is-style-wide\" \/>\n\n\n\n<h2 class=\"wp-block-heading\">Cursos Inscritos Premiados<\/h2>\n\n\n\n<h2 class=\"wp-block-heading\">2020<\/h2>\n\n\n\n<h2 class=\"wp-block-heading\">Medicina Veterin\u00e1ria<\/h2>\n\n\n\n<p><strong>Resumo da A\u00e7\u00e3o:<\/strong><\/p>\n\n\n\n<p>Durante a primeira semana de aula do curso de Medicina Veterin\u00e1ria da UEL de 2020, v\u00e1rias atividades para introdu\u00e7\u00e3o dos calouros ao ambiente da universidade foram realizadas. Entre elas esteve o dia de apresenta\u00e7\u00e3o das entidades do curso, sendo elas Atl\u00e9tica, Centro Acad\u00eamico e Empresa J\u00fanior, e tamb\u00e9m de diversos grupos de estudos envolvendo diferentes assuntos da Medicina Veterin\u00e1ria. Essa atividade foi feita com a finalidade de mostrar aos novos alunos o amplo leque de possibilidades que h\u00e1 dentro do curso que v\u00e3o al\u00e9m da sala de aula, e incentiv\u00e1-los a participar para maior intera\u00e7\u00e3o deles com o curso. Uma ca\u00e7a ao tesouro, organizada pela Empresa J\u00fanior e com o apoio dos grupos de estudo, Atl\u00e9tica e Centro Acad\u00eamico, levou os estudantes a conhecerem melhor o campus e a descobrirem curiosidades e experi\u00eancias vividas pelos veteranos durante o caminho pelas pistas, no final teve premia\u00e7\u00e3o para os quatro grupos em que foram divididos os calouros, como forma de agradecer a aceita\u00e7\u00e3o deles com a atividade preparada com tanto carinho. Tamb\u00e9m ocorreu um mutir\u00e3o de limpeza e organiza\u00e7\u00e3o do espa\u00e7o do centro acad\u00eamico de Veterin\u00e1ria em que calouros e veteranos puderam contribuir com um pouco de trabalho para pintar, limpar e organizar o ambiente e ao final foi feito uma confraterniza\u00e7\u00e3o pequena com salgadinhos e refrigerante para integrar o pessoal e estimular o contato entre veteranos e calouros. Contamos com o apoio dos professores tamb\u00e9m que junto com os veteranos fizeram pedidos de camisetas personalizadas com a frase: &#8220;Antes de tudo, eu respeito&#8221; como forma de mostrar que o curso de Veterin\u00e1ria apoia os ingressantes e \u00e9 contr\u00e1rio a qualquer forma de preconceito e discrimina\u00e7\u00e3o dentro da universidade. &#8220;Com todas essas atividades eu pude me sentir acolhida em um novo lugar, muito obrigado&#8221; &#8211; Depoimento de Tuany de Souza Ferreira &#8220;Eu amei muito, todos foram muito acolhedores e nos ajudaram bastante, deram todo suporte e apoio.&#8221; &#8211; Depoimento de Jhennifer Paloma da Silva Ribeiro Fizemos um formul\u00e1rio do google para coletar os nomes e saber a opini\u00e3o de todos que participaram dessas atividades, al\u00e9m de mandarem fotos desses dias que ocorreram as mesmas. De forma geral, foi muito positiva a intera\u00e7\u00e3o entre todos e os calouros se sentiram bem acolhidos!<\/p>\n\n\n\n<p>Obs: texto confeccionado pelos estudantes de Gradua\u00e7\u00e3o do curso.<\/p>\n\n\n\n<div class=\"wp-block-columns is-layout-flex wp-container-core-columns-is-layout-9d6595d7 wp-block-columns-is-layout-flex\">\n<div class=\"wp-block-column is-layout-flow wp-block-column-is-layout-flow\"><div class=\"wp-block-image\">\n<figure class=\"aligncenter size-full\"><a href=\"https:\/\/drive.google.com\/drive\/folders\/10YymJZ6TQNlwYQX3oVgnYfOttQYLWO0Z?usp=sharing\" target=\"_blank\" rel=\"noreferrer noopener\"><img decoding=\"async\" src=\"https:\/\/sites.uel.br\/feira\/wp-content\/uploads\/2023\/05\/google_drive.png\" alt=\"\" class=\"wp-image-2887\" \/><\/a><\/figure>\n<\/div>\n\n\n<p class=\"has-text-align-center\"><strong>(Galeria de Fotos)<\/strong><\/p>\n\n\n\n<p class=\"has-text-align-center\">Cr\u00e9ditos:<br>Estudantes do Curso de Medicina Veterin\u00e1ria<\/p>\n<\/div>\n<\/div>\n","protected":false},"excerpt":{"rendered":"<p>Cursos Inscritos Premiados 2020 Medicina Veterin\u00e1ria Resumo da A\u00e7\u00e3o: Durante a primeira semana de aula do curso de Medicina Veterin\u00e1ria da UEL de 2020, v\u00e1rias atividades para introdu\u00e7\u00e3o dos calouros ao ambiente da universidade foram realizadas. Entre elas esteve o dia de apresenta\u00e7\u00e3o das entidades do curso, sendo elas Atl\u00e9tica, Centro Acad\u00eamico e Empresa J\u00fanior, [&hellip;]<\/p>\n","protected":false},"author":8,"featured_media":0,"parent":0,"menu_order":0,"comment_status":"closed","ping_status":"closed","template":"","meta":{"_acf_changed":false,"_themeisle_gutenberg_block_has_review":false,"footnotes":""},"class_list":["post-4093","page","type-page","status-publish","hentry"],"acf":[],"_links":{"self":[{"href":"https:\/\/sites.uel.br\/ser\/wp-json\/wp\/v2\/pages\/4093","targetHints":{"allow":["GET"]}}],"collection":[{"href":"https:\/\/sites.uel.br\/ser\/wp-json\/wp\/v2\/pages"}],"about":[{"href":"https:\/\/sites.uel.br\/ser\/wp-json\/wp\/v2\/types\/page"}],"author":[{"embeddable":true,"href":"https:\/\/sites.uel.br\/ser\/wp-json\/wp\/v2\/users\/8"}],"replies":[{"embeddable":true,"href":"https:\/\/sites.uel.br\/ser\/wp-json\/wp\/v2\/comments?post=4093"}],"version-history":[{"count":6,"href":"https:\/\/sites.uel.br\/ser\/wp-json\/wp\/v2\/pages\/4093\/revisions"}],"predecessor-version":[{"id":4850,"href":"https:\/\/sites.uel.br\/ser\/wp-json\/wp\/v2\/pages\/4093\/revisions\/4850"}],"wp:attachment":[{"href":"https:\/\/sites.uel.br\/ser\/wp-json\/wp\/v2\/media?parent=4093"}],"curies":[{"name":"wp","href":"https:\/\/api.w.org\/{rel}","templated":true}]}}

Prêmio Boas Práticas na Recepção aos Estudantes Ingressantes

<hr class="wp-block-separator has-alpha-channel-opacity is-style-wide" />



<h2 class="wp-block-heading">Cursos Inscritos Premiados</h2>



<h2 class="wp-block-heading">2020</h2>



<h2 class="wp-block-heading">Medicina Veterinária</h2>



<p><strong>Resumo da Ação:</strong></p>



<p>Durante a primeira semana de aula do curso de Medicina Veterinária da UEL de 2020, várias atividades para introdução dos calouros ao ambiente da universidade foram realizadas. Entre elas esteve o dia de apresentação das entidades do curso, sendo elas Atlética, Centro Acadêmico e Empresa Júnior, e também de diversos grupos de estudos envolvendo diferentes assuntos da Medicina Veterinária. Essa atividade foi feita com a finalidade de mostrar aos novos alunos o amplo leque de possibilidades que há dentro do curso que vão além da sala de aula, e incentivá-los a participar para maior interação deles com o curso. Uma caça ao tesouro, organizada pela Empresa Júnior e com o apoio dos grupos de estudo, Atlética e Centro Acadêmico, levou os estudantes a conhecerem melhor o campus e a descobrirem curiosidades e experiências vividas pelos veteranos durante o caminho pelas pistas, no final teve premiação para os quatro grupos em que foram divididos os calouros, como forma de agradecer a aceitação deles com a atividade preparada com tanto carinho. Também ocorreu um mutirão de limpeza e organização do espaço do centro acadêmico de Veterinária em que calouros e veteranos puderam contribuir com um pouco de trabalho para pintar, limpar e organizar o ambiente e ao final foi feito uma confraternização pequena com salgadinhos e refrigerante para integrar o pessoal e estimular o contato entre veteranos e calouros. Contamos com o apoio dos professores também que junto com os veteranos fizeram pedidos de camisetas personalizadas com a frase: &#8220;Antes de tudo, eu respeito&#8221; como forma de mostrar que o curso de Veterinária apoia os ingressantes e é contrário a qualquer forma de preconceito e discriminação dentro da universidade. &#8220;Com todas essas atividades eu pude me sentir acolhida em um novo lugar, muito obrigado&#8221; &#8211; Depoimento de Tuany de Souza Ferreira &#8220;Eu amei muito, todos foram muito acolhedores e nos ajudaram bastante, deram todo suporte e apoio.&#8221; &#8211; Depoimento de Jhennifer Paloma da Silva Ribeiro Fizemos um formulário do google para coletar os nomes e saber a opinião de todos que participaram dessas atividades, além de mandarem fotos desses dias que ocorreram as mesmas. De forma geral, foi muito positiva a interação entre todos e os calouros se sentiram bem acolhidos!</p>



<p>Obs: texto confeccionado pelos estudantes de Graduação do curso.</p>



<div class="wp-block-columns is-layout-flex wp-container-core-columns-is-layout-9d6595d7 wp-block-columns-is-layout-flex">
<div class="wp-block-column is-layout-flow wp-block-column-is-layout-flow"><div class="wp-block-image">
<figure class="aligncenter size-full"><a href="https://drive.google.com/drive/folders/10YymJZ6TQNlwYQX3oVgnYfOttQYLWO0Z?usp=sharing" target="_blank" rel="noreferrer noopener"><img decoding="async" src="https://sites.uel.br/feira/wp-content/uploads/2023/05/google_drive.png" alt="" class="wp-image-2887" /></a></figure>
</div>


<p class="has-text-align-center"><strong>(Galeria de Fotos)</strong></p>



<p class="has-text-align-center">Créditos:<br>Estudantes do Curso de Medicina Veterinária</p>
</div>
</div>

<p>Cursos Inscritos Premiados 2020 Medicina Veterinária Resumo da Ação: Durante a primeira semana de aula do curso de Medicina Veterinária da UEL de 2020, várias atividades para introdução dos calouros ao ambiente da universidade foram realizadas. Entre elas esteve o dia de apresentação das entidades do curso, sendo elas Atlética, Centro Acadêmico e Empresa Júnior, [&hellip;]</p>
