{"id":4092,"date":"2023-06-29T16:24:09","date_gmt":"2023-06-29T19:24:09","guid":{"rendered":"https:\/\/sites.uel.br\/ser\/?page_id=4092"},"modified":"2023-07-07T14:31:14","modified_gmt":"2023-07-07T17:31:14","slug":"premio-boas-praticas-na-recepcao-aos-estudantes-ingressantes-premiados-2019-medicina-veterinaria","status":"publish","type":"page","link":"https:\/\/sites.uel.br\/ser\/premio-boas-praticas-na-recepcao-aos-estudantes-ingressantes-premiados-2019-medicina-veterinaria\/","title":{"rendered":"Pr\u00eamio Boas Pr\u00e1ticas na Recep\u00e7\u00e3o aos Estudantes Ingressantes"},"content":{"rendered":"\n<hr class=\"wp-block-separator has-alpha-channel-opacity is-style-wide\" \/>\n\n\n\n<h2 class=\"wp-block-heading\">Cursos Inscritos Premiados<\/h2>\n\n\n\n<h2 class=\"wp-block-heading\">2019<\/h2>\n\n\n\n<h2 class=\"wp-block-heading\">Medicina Veterin\u00e1ria<\/h2>\n\n\n\n<p><strong>Resumo da A\u00e7\u00e3o:<\/strong><\/p>\n\n\n\n<p>Este ano, as tr\u00eas entidades acad\u00eamicas da Medicina Veterin\u00e1ria (Centro Acad\u00eamico, Empresa J\u00fanior e Atl\u00e9tica) juntamente com a diretoria do Centro de Ci\u00eancias Agr\u00e1rias e o Colegiado do curso se uniram e organizaram uma gincana entre os cursos do CCA. O objetivo da gincana foi fazer com que os ingressantes dos cursos pudessem colaborar em uma a\u00e7\u00e3o solid\u00e1ria &#8211; portanto, decidimos por arrecadar fraldas. As fraldas doadas pelos ingressantes poderiam ser tanto pedi\u00e1tricas como geri\u00e1tricas &#8211; e, ao final do prazo estabelecido, o curso que conseguisse arrecadar o maior n\u00famero de fraldas se tornaria o vencedor da gincana. Foi muito divertido, pois, apesar de n\u00e3o estarmos visando uma competi\u00e7\u00e3o entre os cursos, acreditamos que essa gincana foi um incentivo para as doa\u00e7\u00f5es. A Medicina Veterin\u00e1ria conseguiu arrecadar aproximadamente 1.500 fraldas que ser\u00e3o distribu\u00eddas entre dois lares de idosos e dois lares de crian\u00e7as (as institui\u00e7\u00f5es que v\u00e3o se beneficiar ainda n\u00e3o foram decididas). Ontem, dia 14\/03\/2019 foi o encerramento da gincana, onde reunimos os tr\u00eas cursos para a contagem das fraldas no Centro de Viv\u00eancia do CCA. Fizemos al\u00e9m da contagem, um momento de descontra\u00e7\u00e3o distribuindo cachorros-quente para os alunos presentes. Foi um momento de integra\u00e7\u00e3o e divers\u00e3o, contando com a presen\u00e7a de muitos alunos. Estamos muito contentes com o resultado da nossa a\u00e7\u00e3o beneficente e com certeza tentaremos ter um resultado ainda melhor no ano que vem.<\/p>\n\n\n\n<div class=\"wp-block-columns is-layout-flex wp-container-core-columns-is-layout-9d6595d7 wp-block-columns-is-layout-flex\">\n<div class=\"wp-block-column is-layout-flow wp-block-column-is-layout-flow\"><div class=\"wp-block-image\">\n<figure class=\"aligncenter size-full\"><a href=\"https:\/\/drive.google.com\/drive\/folders\/1-dxZbqiLQfAJMwhzV5SnLbcCuG2YgVCi?usp=drive_link\" target=\"_blank\" rel=\"noreferrer noopener\"><img decoding=\"async\" src=\"https:\/\/sites.uel.br\/feira\/wp-content\/uploads\/2023\/05\/google_drive.png\" alt=\"\" class=\"wp-image-2887\" \/><\/a><\/figure>\n<\/div>\n\n\n<p class=\"has-text-align-center\"><strong>(Galeria de Fotos)<\/strong><\/p>\n\n\n\n<p class=\"has-text-align-center\">Cr\u00e9ditos:<br>Estudantes do Curso de Medicina Veterin\u00e1ria<\/p>\n<\/div>\n<\/div>\n","protected":false},"excerpt":{"rendered":"<p>Cursos Inscritos Premiados 2019 Medicina Veterin\u00e1ria Resumo da A\u00e7\u00e3o: Este ano, as tr\u00eas entidades acad\u00eamicas da Medicina Veterin\u00e1ria (Centro Acad\u00eamico, Empresa J\u00fanior e Atl\u00e9tica) juntamente com a diretoria do Centro de Ci\u00eancias Agr\u00e1rias e o Colegiado do curso se uniram e organizaram uma gincana entre os cursos do CCA. O objetivo da gincana foi fazer [&hellip;]<\/p>\n","protected":false},"author":8,"featured_media":0,"parent":0,"menu_order":0,"comment_status":"closed","ping_status":"closed","template":"","meta":{"_acf_changed":false,"_themeisle_gutenberg_block_has_review":false,"footnotes":""},"class_list":["post-4092","page","type-page","status-publish","hentry"],"acf":[],"_links":{"self":[{"href":"https:\/\/sites.uel.br\/ser\/wp-json\/wp\/v2\/pages\/4092","targetHints":{"allow":["GET"]}}],"collection":[{"href":"https:\/\/sites.uel.br\/ser\/wp-json\/wp\/v2\/pages"}],"about":[{"href":"https:\/\/sites.uel.br\/ser\/wp-json\/wp\/v2\/types\/page"}],"author":[{"embeddable":true,"href":"https:\/\/sites.uel.br\/ser\/wp-json\/wp\/v2\/users\/8"}],"replies":[{"embeddable":true,"href":"https:\/\/sites.uel.br\/ser\/wp-json\/wp\/v2\/comments?post=4092"}],"version-history":[{"count":6,"href":"https:\/\/sites.uel.br\/ser\/wp-json\/wp\/v2\/pages\/4092\/revisions"}],"predecessor-version":[{"id":4866,"href":"https:\/\/sites.uel.br\/ser\/wp-json\/wp\/v2\/pages\/4092\/revisions\/4866"}],"wp:attachment":[{"href":"https:\/\/sites.uel.br\/ser\/wp-json\/wp\/v2\/media?parent=4092"}],"curies":[{"name":"wp","href":"https:\/\/api.w.org\/{rel}","templated":true}]}}