{"id":4086,"date":"2023-06-29T16:22:28","date_gmt":"2023-06-29T19:22:28","guid":{"rendered":"https:\/\/sites.uel.br\/ser\/?page_id=4086"},"modified":"2023-07-07T14:28:37","modified_gmt":"2023-07-07T17:28:37","slug":"premio-boas-praticas-na-recepcao-aos-estudantes-ingressantes-premiados-2020-medicina","status":"publish","type":"page","link":"https:\/\/sites.uel.br\/ser\/premio-boas-praticas-na-recepcao-aos-estudantes-ingressantes-premiados-2020-medicina\/","title":{"rendered":"Pr\u00eamio Boas Pr\u00e1ticas na Recep\u00e7\u00e3o aos Estudantes Ingressantes"},"content":{"rendered":"\n<hr class=\"wp-block-separator has-alpha-channel-opacity is-style-wide\" \/>\n\n\n\n<h2 class=\"wp-block-heading\">Cursos Inscritos Premiados<\/h2>\n\n\n\n<h2 class=\"wp-block-heading\">2020<\/h2>\n\n\n\n<h2 class=\"wp-block-heading\">Medicina<\/h2>\n\n\n\n<p><strong>Resumo da A\u00e7\u00e3o:<\/strong><\/p>\n\n\n\n<p>Considerando a conquista da aprova\u00e7\u00e3o em uma Universidade P\u00fablica, a IFMSA Brazil UEL decidiu homenagear os novos ingressantes do curso de medicina da Universidade Estadual de Londrina juntamente com o Colegiado de Medicina, atrav\u00e9s do Cerimonial do Jaleco Branco. Esse evento foi planejado para ocorrer no primeiro dia de aula (dia 02\/03\/2020), aproveitando a oportunidade dos pais e respons\u00e1veis j\u00e1 estarem na cidade para a reuni\u00e3o com a Coordena\u00e7\u00e3o do Curso. O Cerimonial do Jaleco Branco foi um evento que visou recepcionar os ingressantes do curso de medicina da Universidade Estadual de Londrina. Cerca de 80 alunos (total de vagas dispon\u00edveis para o curso de medicina) participaram do cerimonial juntamente com seus familiares, tendo a experi\u00eancia de serem recebidos por seus futuros professores e coordenadores com uma breve apresenta\u00e7\u00e3o da universidade e do curso em si. Al\u00e9m disso, os alunos receberam de seus familiares um dos maiores s\u00edmbolos para o estudante\/profissional das ci\u00eancias m\u00e9dicas: o jaleco. A entrada do estudante da universidade \u00e9 uma mudan\u00e7a significativa em sua vida. Para torn\u00e1-la mais simb\u00f3lica e c\u00e9lebre, o Cerimonial do Jaleco Branco foi idealizado. Al\u00e9m disso, foi elaborado o projeto de Recep\u00e7\u00e3o aos Ingressantes que incluiu tr\u00eas vertentes \u2013 uma campanha de doa\u00e7\u00e3o de sangue, uma campanha de preven\u00e7\u00e3o da dengue e uma gincana solid\u00e1ria \u2013 abrangendo demandas de grande relev\u00e2ncia que surgiram na cidade. As tr\u00eas atividades ocorreram durante as primeiras semanas de aula dos ingressantes. O objetivo do projeto \u00e9 associar a recep\u00e7\u00e3o dos novos universit\u00e1rios a a\u00e7\u00f5es que promovam a sa\u00fade da popula\u00e7\u00e3o, especialmente londrinense, j\u00e1 que \u00e9 orientado por necessidades espec\u00edficas desse grupo. O projeto cont\u00e9m atividades de cunho tanto educativo quanto formativo, visto que proporcionam novos aprendizados e experi\u00eancias aos participantes. Espera-se seu impacto seja positivo aos ingressantes, bem como \u00e0 toda a popula\u00e7\u00e3o que ser\u00e1 envolvida. Em estudos que procuram o porqu\u00ea de indiv\u00edduos n\u00e3o doarem sangue, o medo e a desinforma\u00e7\u00e3o mostram-se como os fatores predominantes. Essas evid\u00eancias demonstram, portanto, que campanhas que prezem por fornecer informa\u00e7\u00f5es precisas e detalhadas sobre o processo de doa\u00e7\u00e3o, desmistificando falsos boatos sobre riscos ou sobre as restri\u00e7\u00f5es de quem pode ou n\u00e3o doar, s\u00e3o de extrema import\u00e2ncia e devem ser priorizadas. Al\u00e9m da doa\u00e7\u00e3o de sangue, outra quest\u00e3o que merece muita aten\u00e7\u00e3o \u00e9 a dengue. O \u00faltimo boletim epidemiol\u00f3gico da Secretaria de Vigil\u00e2ncia em Sa\u00fade, publicado no m\u00eas de fevereiro de 2020, notificou um total de 94 149 casos prov\u00e1veis no Brasil, representando uma taxa de incid\u00eancia de 44,80 casos a cada 1 000 habitantes, sendo que todos surgiram em apenas 5 semanas. Somente no Paran\u00e1, foram notificados 95 927 casos prov\u00e1veis desde agosto de 2019, tendo confirmados 34 905 casos at\u00e9 o dia 27\/02\/2020. A cidade de Londrina e outras 91 cidades est\u00e3o em situa\u00e7\u00e3o de epidemia. Ademais, focando no Hospital Universit\u00e1rio da Regi\u00e3o Norte do Paran\u00e1 (HU), considerado por muitos que o frequentam constantemente quase uma extens\u00e3o de suas casas, o apre\u00e7o pelo bem-estar dos pacientes e de seus familiares, e pelo seu bom funcionamento, tanto na quest\u00e3o de infraestrutura quanto de recursos humanos e materiais, faz parte do trabalho e da motiva\u00e7\u00e3o di\u00e1ria de alunos, professores e profissionais que o comp\u00f5em. Nesse sentido, foi criada a Associa\u00e7\u00e3o dos Volunt\u00e1rios do Hospital Universit\u00e1rio (AVHU), que mant\u00e9m, desde o final da d\u00e9cada de 1970, uma casa de apoio. A Amigos do HU recebe h\u00f3spedes diariamente, realizando cerca de 300 atendimentos por m\u00eas. Como depende exclusivamente de doa\u00e7\u00f5es, a disponibilidade de bens necess\u00e1rios para torn\u00e1-la uma verdadeira casa para os pacientes e suas fam\u00edlias nunca \u00e9 plena. A aprova\u00e7\u00e3o no vestibular e o ingresso na universidade s\u00e3o momentos inesquec\u00edveis para qualquer um. Por serem t\u00e3o significativos, costumam despertar gratid\u00e3o e inspira\u00e7\u00e3o nos ingressantes, acompanhadas, quase sempre, do \u00edmpeto de fazer algo de bom pelo outro. Assim, tal ocasi\u00e3o mostra-se extremamente prop\u00edcia para a promo\u00e7\u00e3o de campanhas, de forma que uma participa\u00e7\u00e3o engajada e massiva dos novos universit\u00e1rios ser\u00e1 praticamente garantida. A IFMSA BrazilUEL, aproveitando essa oportunidade, mant\u00e9m a tradi\u00e7\u00e3o j\u00e1 de alguns anos em promover uma campanha de sensibiliza\u00e7\u00e3o a doa\u00e7\u00e3o de sangue, em prol do Hemocentro Regional de Londrina, vinculado ao Hospital Universit\u00e1rio (HU) da UEL. O Hemocentro do HU faz parte da hemorrede p\u00fablica do Paran\u00e1 e \u00e9 respons\u00e1vel pelo fornecimento de sangue a 22 hospitais p\u00fablicos inseridos na 17\u00aa Regional de Sa\u00fade do Estado. Tendo em vista a demanda constante e significativa pela qual \u00e9 respons\u00e1vel, seus estoques s\u00e3 o frequentemente marcados por baixas, principalmente em per\u00edodos de f\u00e9rias e feriados prolongados, podendo apresentar 15 a 20% de queda no n\u00famero de doa\u00e7\u00f5es. Assim, realizar a campanha logo no retorno das f\u00e9rias tamb\u00e9m \u00e9 estrat\u00e9gico, buscando promover a capta\u00e7\u00e3o de novos doadores e o reabastecimento dos estoques do hemocentro. Tamb\u00e9m, a participa\u00e7\u00e3o da campanha proporcionar\u00e1 aos ingressantes significativo aprendizado a respeito de tudo que envolve o processo de doa\u00e7\u00e3o de sangue, de forma que ser\u00e3o capazes de informar a popula\u00e7\u00e3o mais seguran\u00e7a sobre o assunto, atuando na promo\u00e7\u00e3o da sa\u00fade e garantindo o direito \u00e0 informa\u00e7\u00e3o. Ainda mais, o evento ser\u00e1 uma rica experi\u00eancia de contato e troca com o outro, algo que deve ser cada vez mais frequente na rotina dos estudantes de medicina. Como novidade, nesse ano, juntamente com a campanha de doa\u00e7\u00e3o de sangue, ser\u00e1 promovida uma campanha para preven\u00e7\u00e3o da dengue, visto que a epidemia pela qual a cidade de Londrina est\u00e1 passando urge iniciativas de toda a sociedade e, especialmente, de quem est\u00e1 inserido na sa\u00fade p\u00fablica. A campanha prezar\u00e1 pela promo\u00e7\u00e3o e educa\u00e7\u00e3o em sa\u00fade, informando a popula\u00e7\u00e3o sobre a doen\u00e7a, seus riscos e, principalmente, sobre as formas de preven\u00e7\u00e3o, com foco nas medidas de controle do mosquito transmissor Aedes aegypti. Al\u00e9m das duas campanhas, ser\u00e1 feita uma gincana solid\u00e1ria entre os ingressantes, que incluir\u00e1 alunos de outros cursos da \u00e1rea da sa\u00fade. A inten\u00e7\u00e3o da gincana \u00e9 arrecadar bens de consumo que se encontram em falta na casa Amigos do HU, bem como promover integra\u00e7\u00e3o entre os estudantes de diferentes cursos, o que acontece em raras ocasi\u00f5es durante a gradua\u00e7\u00e3o, mas que ser\u00e1 frequente na trajet\u00f3ria profissional. Dessa forma, foram realizadas duas aulas para capacita\u00e7\u00e3o dos alunos- uma aula sobre doa\u00e7\u00e3o de sangue com o Dr. Fausto Trigo e uma aula sobre a dengue coma Dra. Zuleika Tano, no dia 05\/03\/2020. As a\u00e7\u00f5es no cal\u00e7ad\u00e3o da cidade de Londrina, com o objetivo de conscientiza\u00e7\u00e3o da popula\u00e7\u00e3o sobre a doa\u00e7\u00e3o de sangue e combate \u00e0 Dengue foram realizados no dia 11\/03\/2020das 14:00 \u2013 16:00. Alguns alunos se dispuseram a ir nos cursinhos e col\u00e9gios pr\u00f3ximos ao cal\u00e7ad\u00e3o para conversar com os alunos sobre essas tem\u00e1ticas e relataram serem muito bem aceitos tanto pelas institui\u00e7\u00f5es como pelos alunos. Durante a semana de recep\u00e7\u00e3o dos calouros, houve uma tarde (dia 05\/03\/2020) de apresenta\u00e7\u00e3o das atividades das Ligas Acad\u00eamicas de medicina, dentre as quais estavam: Liga Acad\u00eamica de Cardiologia (LACARD);Bateria da Medicina; Liga Acad\u00eamica de Cl\u00ednica M\u00e9dica (LACM); Centro Acad\u00eamico Samuel Pessoa (CASP); Servi\u00e7o de Aconselhamento Gen\u00e9tico (SAG); Projeto de Extens\u00e3o Sensibilizart; Pulmonare; Liga Acad\u00eamica de Sa\u00fade das Popula\u00e7\u00f5es Negligenciadas (LASPN); Liga Acad\u00eamica de Oncologia (LaOnc); Liga Acad\u00eamica de Pediatria(LAPED); Coletivo Negro NegreX e Liga Acad\u00eamica do Trauma (LAT) e Federa\u00e7\u00e3o Internacional de Associa\u00e7\u00f5es de Estudantes de Medicina Comit\u00ea UEL (IFMSA Brazil UEL). Nesse encontro, os calouros puderam conhecer as mais diversas possibilidades que podem desenvolver dentro de um ambiente acad\u00eamico para al\u00e9m do curr\u00edculo formal, tendo como ponto fundamental a integra\u00e7\u00e3o com alunos de outros anos do curso de Medicina. Acreditamos que esse encontro mostrou aos ingressantes que podemos contar uns com os outros dentro do curso de medicina, e o quanto os professores est\u00e3o dispostos a nos apoiar e auxiliar em nossa Jornada de aprendizado. Tendo em vista que aparada cardiorrespirat\u00f3ria (PCR) \u00e9 uma das principais causas de mortalidade pr\u00e9 hospitalares no Brasil, podendo ocorrer em qualquer lugar, em casas e\/ou locais p\u00fablicos. O atendimento da v\u00edtima em PCR atrav\u00e9s de manobras de suporte b\u00e1sico de vida (SBV) at\u00e9 a chegada de aux\u00edlio m\u00e9dico \u00e9 primordial para a sobrevida dos pacientes. Os dois primeiros elos da corrente de sobreviv\u00eancia que s\u00e3o o reconhecimento da PCR e a compress\u00e3o tor\u00e1cica, podem e devem ser realizados por qualquer pessoa que esteja no local. Visando isso, na manh\u00e3 do dia 14 de mar\u00e7o de 2020(as 9:00hrs), foi realizado na quadra do Col\u00e9gio Marista, um treinamento de SBV para os ingressantes de medicinada UEL (Turma 73). Os alunos foram orientados a confeccionarem os bonecos para o treinamento (cerca de 4semanas antes) os quais (a pedido da organiza\u00e7\u00e3o) utilizar\u00e3o para capacitar seus familiares e amigos, para que o conhecimento do SBV tenha o m\u00e1ximo de alcance poss\u00edvel. A organiza\u00e7\u00e3o do evento ficou a cargo da frente de extens\u00e3o do Grupo Pulmonare, LACard, Colegiado do Curso de Medicina e Disciplina de cardiologia &#8211; HURNP\/UEL.<\/p>\n\n\n\n<p>Obs: texto confeccionado pelos estudantes de Gradua\u00e7\u00e3o do curso.<\/p>\n\n\n\n<div class=\"wp-block-columns is-layout-flex wp-container-core-columns-is-layout-9d6595d7 wp-block-columns-is-layout-flex\">\n<div class=\"wp-block-column is-layout-flow wp-block-column-is-layout-flow\"><div class=\"wp-block-image\">\n<figure class=\"aligncenter size-full\"><a href=\"https:\/\/drive.google.com\/drive\/folders\/1vJvWPAebuZX_2Ys18RscaQRxaSpL49tO?usp=sharing\" target=\"_blank\" rel=\"noreferrer noopener\"><img decoding=\"async\" src=\"https:\/\/sites.uel.br\/feira\/wp-content\/uploads\/2023\/05\/google_drive.png\" alt=\"\" class=\"wp-image-2887\" \/><\/a><\/figure>\n<\/div>\n\n\n<p class=\"has-text-align-center\"><strong>(Galeria de Fotos e V\u00eddeos)<\/strong><\/p>\n\n\n\n<p class=\"has-text-align-center\">Cr\u00e9ditos:<br>Estudantes do Curso de Medicina<\/p>\n<\/div>\n<\/div>\n","protected":false},"excerpt":{"rendered":"<p>Cursos Inscritos Premiados 2020 Medicina Resumo da A\u00e7\u00e3o: Considerando a conquista da aprova\u00e7\u00e3o em uma Universidade P\u00fablica, a IFMSA Brazil UEL decidiu homenagear os novos ingressantes do curso de medicina da Universidade Estadual de Londrina juntamente com o Colegiado de Medicina, atrav\u00e9s do Cerimonial do Jaleco Branco. Esse evento foi planejado para ocorrer no primeiro [&hellip;]<\/p>\n","protected":false},"author":8,"featured_media":0,"parent":0,"menu_order":0,"comment_status":"closed","ping_status":"closed","template":"","meta":{"_acf_changed":false,"_themeisle_gutenberg_block_has_review":false,"footnotes":""},"class_list":["post-4086","page","type-page","status-publish","hentry"],"acf":[],"_links":{"self":[{"href":"https:\/\/sites.uel.br\/ser\/wp-json\/wp\/v2\/pages\/4086","targetHints":{"allow":["GET"]}}],"collection":[{"href":"https:\/\/sites.uel.br\/ser\/wp-json\/wp\/v2\/pages"}],"about":[{"href":"https:\/\/sites.uel.br\/ser\/wp-json\/wp\/v2\/types\/page"}],"author":[{"embeddable":true,"href":"https:\/\/sites.uel.br\/ser\/wp-json\/wp\/v2\/users\/8"}],"replies":[{"embeddable":true,"href":"https:\/\/sites.uel.br\/ser\/wp-json\/wp\/v2\/comments?post=4086"}],"version-history":[{"count":7,"href":"https:\/\/sites.uel.br\/ser\/wp-json\/wp\/v2\/pages\/4086\/revisions"}],"predecessor-version":[{"id":4847,"href":"https:\/\/sites.uel.br\/ser\/wp-json\/wp\/v2\/pages\/4086\/revisions\/4847"}],"wp:attachment":[{"href":"https:\/\/sites.uel.br\/ser\/wp-json\/wp\/v2\/media?parent=4086"}],"curies":[{"name":"wp","href":"https:\/\/api.w.org\/{rel}","templated":true}]}}

Prêmio Boas Práticas na Recepção aos Estudantes Ingressantes

<hr class="wp-block-separator has-alpha-channel-opacity is-style-wide" />



<h2 class="wp-block-heading">Cursos Inscritos Premiados</h2>



<h2 class="wp-block-heading">2020</h2>



<h2 class="wp-block-heading">Medicina</h2>



<p><strong>Resumo da Ação:</strong></p>



<p>Considerando a conquista da aprovação em uma Universidade Pública, a IFMSA Brazil UEL decidiu homenagear os novos ingressantes do curso de medicina da Universidade Estadual de Londrina juntamente com o Colegiado de Medicina, através do Cerimonial do Jaleco Branco. Esse evento foi planejado para ocorrer no primeiro dia de aula (dia 02/03/2020), aproveitando a oportunidade dos pais e responsáveis já estarem na cidade para a reunião com a Coordenação do Curso. O Cerimonial do Jaleco Branco foi um evento que visou recepcionar os ingressantes do curso de medicina da Universidade Estadual de Londrina. Cerca de 80 alunos (total de vagas disponíveis para o curso de medicina) participaram do cerimonial juntamente com seus familiares, tendo a experiência de serem recebidos por seus futuros professores e coordenadores com uma breve apresentação da universidade e do curso em si. Além disso, os alunos receberam de seus familiares um dos maiores símbolos para o estudante/profissional das ciências médicas: o jaleco. A entrada do estudante da universidade é uma mudança significativa em sua vida. Para torná-la mais simbólica e célebre, o Cerimonial do Jaleco Branco foi idealizado. Além disso, foi elaborado o projeto de Recepção aos Ingressantes que incluiu três vertentes – uma campanha de doação de sangue, uma campanha de prevenção da dengue e uma gincana solidária – abrangendo demandas de grande relevância que surgiram na cidade. As três atividades ocorreram durante as primeiras semanas de aula dos ingressantes. O objetivo do projeto é associar a recepção dos novos universitários a ações que promovam a saúde da população, especialmente londrinense, já que é orientado por necessidades específicas desse grupo. O projeto contém atividades de cunho tanto educativo quanto formativo, visto que proporcionam novos aprendizados e experiências aos participantes. Espera-se seu impacto seja positivo aos ingressantes, bem como à toda a população que será envolvida. Em estudos que procuram o porquê de indivíduos não doarem sangue, o medo e a desinformação mostram-se como os fatores predominantes. Essas evidências demonstram, portanto, que campanhas que prezem por fornecer informações precisas e detalhadas sobre o processo de doação, desmistificando falsos boatos sobre riscos ou sobre as restrições de quem pode ou não doar, são de extrema importância e devem ser priorizadas. Além da doação de sangue, outra questão que merece muita atenção é a dengue. O último boletim epidemiológico da Secretaria de Vigilância em Saúde, publicado no mês de fevereiro de 2020, notificou um total de 94 149 casos prováveis no Brasil, representando uma taxa de incidência de 44,80 casos a cada 1 000 habitantes, sendo que todos surgiram em apenas 5 semanas. Somente no Paraná, foram notificados 95 927 casos prováveis desde agosto de 2019, tendo confirmados 34 905 casos até o dia 27/02/2020. A cidade de Londrina e outras 91 cidades estão em situação de epidemia. Ademais, focando no Hospital Universitário da Região Norte do Paraná (HU), considerado por muitos que o frequentam constantemente quase uma extensão de suas casas, o apreço pelo bem-estar dos pacientes e de seus familiares, e pelo seu bom funcionamento, tanto na questão de infraestrutura quanto de recursos humanos e materiais, faz parte do trabalho e da motivação diária de alunos, professores e profissionais que o compõem. Nesse sentido, foi criada a Associação dos Voluntários do Hospital Universitário (AVHU), que mantém, desde o final da década de 1970, uma casa de apoio. A Amigos do HU recebe hóspedes diariamente, realizando cerca de 300 atendimentos por mês. Como depende exclusivamente de doações, a disponibilidade de bens necessários para torná-la uma verdadeira casa para os pacientes e suas famílias nunca é plena. A aprovação no vestibular e o ingresso na universidade são momentos inesquecíveis para qualquer um. Por serem tão significativos, costumam despertar gratidão e inspiração nos ingressantes, acompanhadas, quase sempre, do ímpeto de fazer algo de bom pelo outro. Assim, tal ocasião mostra-se extremamente propícia para a promoção de campanhas, de forma que uma participação engajada e massiva dos novos universitários será praticamente garantida. A IFMSA BrazilUEL, aproveitando essa oportunidade, mantém a tradição já de alguns anos em promover uma campanha de sensibilização a doação de sangue, em prol do Hemocentro Regional de Londrina, vinculado ao Hospital Universitário (HU) da UEL. O Hemocentro do HU faz parte da hemorrede pública do Paraná e é responsável pelo fornecimento de sangue a 22 hospitais públicos inseridos na 17ª Regional de Saúde do Estado. Tendo em vista a demanda constante e significativa pela qual é responsável, seus estoques sã o frequentemente marcados por baixas, principalmente em períodos de férias e feriados prolongados, podendo apresentar 15 a 20% de queda no número de doações. Assim, realizar a campanha logo no retorno das férias também é estratégico, buscando promover a captação de novos doadores e o reabastecimento dos estoques do hemocentro. Também, a participação da campanha proporcionará aos ingressantes significativo aprendizado a respeito de tudo que envolve o processo de doação de sangue, de forma que serão capazes de informar a população mais segurança sobre o assunto, atuando na promoção da saúde e garantindo o direito à informação. Ainda mais, o evento será uma rica experiência de contato e troca com o outro, algo que deve ser cada vez mais frequente na rotina dos estudantes de medicina. Como novidade, nesse ano, juntamente com a campanha de doação de sangue, será promovida uma campanha para prevenção da dengue, visto que a epidemia pela qual a cidade de Londrina está passando urge iniciativas de toda a sociedade e, especialmente, de quem está inserido na saúde pública. A campanha prezará pela promoção e educação em saúde, informando a população sobre a doença, seus riscos e, principalmente, sobre as formas de prevenção, com foco nas medidas de controle do mosquito transmissor Aedes aegypti. Além das duas campanhas, será feita uma gincana solidária entre os ingressantes, que incluirá alunos de outros cursos da área da saúde. A intenção da gincana é arrecadar bens de consumo que se encontram em falta na casa Amigos do HU, bem como promover integração entre os estudantes de diferentes cursos, o que acontece em raras ocasiões durante a graduação, mas que será frequente na trajetória profissional. Dessa forma, foram realizadas duas aulas para capacitação dos alunos- uma aula sobre doação de sangue com o Dr. Fausto Trigo e uma aula sobre a dengue coma Dra. Zuleika Tano, no dia 05/03/2020. As ações no calçadão da cidade de Londrina, com o objetivo de conscientização da população sobre a doação de sangue e combate à Dengue foram realizados no dia 11/03/2020das 14:00 – 16:00. Alguns alunos se dispuseram a ir nos cursinhos e colégios próximos ao calçadão para conversar com os alunos sobre essas temáticas e relataram serem muito bem aceitos tanto pelas instituições como pelos alunos. Durante a semana de recepção dos calouros, houve uma tarde (dia 05/03/2020) de apresentação das atividades das Ligas Acadêmicas de medicina, dentre as quais estavam: Liga Acadêmica de Cardiologia (LACARD);Bateria da Medicina; Liga Acadêmica de Clínica Médica (LACM); Centro Acadêmico Samuel Pessoa (CASP); Serviço de Aconselhamento Genético (SAG); Projeto de Extensão Sensibilizart; Pulmonare; Liga Acadêmica de Saúde das Populações Negligenciadas (LASPN); Liga Acadêmica de Oncologia (LaOnc); Liga Acadêmica de Pediatria(LAPED); Coletivo Negro NegreX e Liga Acadêmica do Trauma (LAT) e Federação Internacional de Associações de Estudantes de Medicina Comitê UEL (IFMSA Brazil UEL). Nesse encontro, os calouros puderam conhecer as mais diversas possibilidades que podem desenvolver dentro de um ambiente acadêmico para além do currículo formal, tendo como ponto fundamental a integração com alunos de outros anos do curso de Medicina. Acreditamos que esse encontro mostrou aos ingressantes que podemos contar uns com os outros dentro do curso de medicina, e o quanto os professores estão dispostos a nos apoiar e auxiliar em nossa Jornada de aprendizado. Tendo em vista que aparada cardiorrespiratória (PCR) é uma das principais causas de mortalidade pré hospitalares no Brasil, podendo ocorrer em qualquer lugar, em casas e/ou locais públicos. O atendimento da vítima em PCR através de manobras de suporte básico de vida (SBV) até a chegada de auxílio médico é primordial para a sobrevida dos pacientes. Os dois primeiros elos da corrente de sobrevivência que são o reconhecimento da PCR e a compressão torácica, podem e devem ser realizados por qualquer pessoa que esteja no local. Visando isso, na manhã do dia 14 de março de 2020(as 9:00hrs), foi realizado na quadra do Colégio Marista, um treinamento de SBV para os ingressantes de medicinada UEL (Turma 73). Os alunos foram orientados a confeccionarem os bonecos para o treinamento (cerca de 4semanas antes) os quais (a pedido da organização) utilizarão para capacitar seus familiares e amigos, para que o conhecimento do SBV tenha o máximo de alcance possível. A organização do evento ficou a cargo da frente de extensão do Grupo Pulmonare, LACard, Colegiado do Curso de Medicina e Disciplina de cardiologia &#8211; HURNP/UEL.</p>



<p>Obs: texto confeccionado pelos estudantes de Graduação do curso.</p>



<div class="wp-block-columns is-layout-flex wp-container-core-columns-is-layout-9d6595d7 wp-block-columns-is-layout-flex">
<div class="wp-block-column is-layout-flow wp-block-column-is-layout-flow"><div class="wp-block-image">
<figure class="aligncenter size-full"><a href="https://drive.google.com/drive/folders/1vJvWPAebuZX_2Ys18RscaQRxaSpL49tO?usp=sharing" target="_blank" rel="noreferrer noopener"><img decoding="async" src="https://sites.uel.br/feira/wp-content/uploads/2023/05/google_drive.png" alt="" class="wp-image-2887" /></a></figure>
</div>


<p class="has-text-align-center"><strong>(Galeria de Fotos e Vídeos)</strong></p>



<p class="has-text-align-center">Créditos:<br>Estudantes do Curso de Medicina</p>
</div>
</div>

<p>Cursos Inscritos Premiados 2020 Medicina Resumo da Ação: Considerando a conquista da aprovação em uma Universidade Pública, a IFMSA Brazil UEL decidiu homenagear os novos ingressantes do curso de medicina da Universidade Estadual de Londrina juntamente com o Colegiado de Medicina, através do Cerimonial do Jaleco Branco. Esse evento foi planejado para ocorrer no primeiro [&hellip;]</p>
