{"id":4049,"date":"2023-06-29T16:11:50","date_gmt":"2023-06-29T19:11:50","guid":{"rendered":"https:\/\/sites.uel.br\/ser\/?page_id=4049"},"modified":"2023-07-07T14:28:20","modified_gmt":"2023-07-07T17:28:20","slug":"premio-boas-praticas-na-recepcao-aos-estudantes-ingressantes-premiados-2020-enfermagem","status":"publish","type":"page","link":"https:\/\/sites.uel.br\/ser\/premio-boas-praticas-na-recepcao-aos-estudantes-ingressantes-premiados-2020-enfermagem\/","title":{"rendered":"Pr\u00eamio Boas Pr\u00e1ticas na Recep\u00e7\u00e3o aos Estudantes Ingressantes"},"content":{"rendered":"\n<hr class=\"wp-block-separator has-alpha-channel-opacity is-style-wide\" \/>\n\n\n\n<h2 class=\"wp-block-heading\">Cursos Inscritos Premiados<\/h2>\n\n\n\n<h2 class=\"wp-block-heading\">2020<\/h2>\n\n\n\n<h2 class=\"wp-block-heading\"><strong><strong>Enfermagem<\/strong><\/strong><\/h2>\n\n\n\n<p><strong>Resumo da A\u00e7\u00e3o:<\/strong><\/p>\n\n\n\n<p>H\u00e1 3 anos nossa turma participa da premia\u00e7\u00e3o boas pr\u00e1ticas. Nossa a\u00e7\u00e3o visa arrecadar itens de higiene (shampoo,creme, escovas, pasta de dente) e doar para o Hospital Universit\u00e1rio de Londrina.<\/p>\n\n\n\n<p>Obs: texto confeccionado pelos estudantes de Gradua\u00e7\u00e3o do curso.<\/p>\n\n\n\n<div class=\"wp-block-columns is-layout-flex wp-container-core-columns-is-layout-9d6595d7 wp-block-columns-is-layout-flex\">\n<div class=\"wp-block-column is-layout-flow wp-block-column-is-layout-flow\"><div class=\"wp-block-image\">\n<figure class=\"aligncenter size-full\"><a href=\"https:\/\/drive.google.com\/drive\/folders\/1BEbBemUnAkpnACS8TPE9TqtbvJIz5573?usp=sharing\" target=\"_blank\" rel=\"noreferrer noopener\"><img decoding=\"async\" src=\"https:\/\/sites.uel.br\/feira\/wp-content\/uploads\/2023\/05\/google_drive.png\" alt=\"\" class=\"wp-image-2887\" \/><\/a><\/figure>\n<\/div>\n\n\n<p class=\"has-text-align-center\"><strong>(Galeria de Fotos)<\/strong><\/p>\n\n\n\n<p class=\"has-text-align-center\">Cr\u00e9ditos:<br>Estudantes do Curso de Enfermagem<\/p>\n<\/div>\n<\/div>\n","protected":false},"excerpt":{"rendered":"<p>Cursos Inscritos Premiados 2020 Enfermagem Resumo da A\u00e7\u00e3o: H\u00e1 3 anos nossa turma participa da premia\u00e7\u00e3o boas pr\u00e1ticas. Nossa a\u00e7\u00e3o visa arrecadar itens de higiene (shampoo,creme, escovas, pasta de dente) e doar para o Hospital Universit\u00e1rio de Londrina. Obs: texto confeccionado pelos estudantes de Gradua\u00e7\u00e3o do curso. (Galeria de Fotos) Cr\u00e9ditos:Estudantes do Curso de Enfermagem<\/p>\n","protected":false},"author":8,"featured_media":0,"parent":0,"menu_order":0,"comment_status":"closed","ping_status":"closed","template":"","meta":{"_acf_changed":false,"_themeisle_gutenberg_block_has_review":false,"footnotes":""},"class_list":["post-4049","page","type-page","status-publish","hentry"],"acf":[],"_links":{"self":[{"href":"https:\/\/sites.uel.br\/ser\/wp-json\/wp\/v2\/pages\/4049","targetHints":{"allow":["GET"]}}],"collection":[{"href":"https:\/\/sites.uel.br\/ser\/wp-json\/wp\/v2\/pages"}],"about":[{"href":"https:\/\/sites.uel.br\/ser\/wp-json\/wp\/v2\/types\/page"}],"author":[{"embeddable":true,"href":"https:\/\/sites.uel.br\/ser\/wp-json\/wp\/v2\/users\/8"}],"replies":[{"embeddable":true,"href":"https:\/\/sites.uel.br\/ser\/wp-json\/wp\/v2\/comments?post=4049"}],"version-history":[{"count":7,"href":"https:\/\/sites.uel.br\/ser\/wp-json\/wp\/v2\/pages\/4049\/revisions"}],"predecessor-version":[{"id":4844,"href":"https:\/\/sites.uel.br\/ser\/wp-json\/wp\/v2\/pages\/4049\/revisions\/4844"}],"wp:attachment":[{"href":"https:\/\/sites.uel.br\/ser\/wp-json\/wp\/v2\/media?parent=4049"}],"curies":[{"name":"wp","href":"https:\/\/api.w.org\/{rel}","templated":true}]}}

Prêmio Boas Práticas na Recepção aos Estudantes Ingressantes

<hr class="wp-block-separator has-alpha-channel-opacity is-style-wide" />



<h2 class="wp-block-heading">Cursos Inscritos Premiados</h2>



<h2 class="wp-block-heading">2020</h2>



<h2 class="wp-block-heading"><strong><strong>Enfermagem</strong></strong></h2>



<p><strong>Resumo da Ação:</strong></p>



<p>Há 3 anos nossa turma participa da premiação boas práticas. Nossa ação visa arrecadar itens de higiene (shampoo,creme, escovas, pasta de dente) e doar para o Hospital Universitário de Londrina.</p>



<p>Obs: texto confeccionado pelos estudantes de Graduação do curso.</p>



<div class="wp-block-columns is-layout-flex wp-container-core-columns-is-layout-9d6595d7 wp-block-columns-is-layout-flex">
<div class="wp-block-column is-layout-flow wp-block-column-is-layout-flow"><div class="wp-block-image">
<figure class="aligncenter size-full"><a href="https://drive.google.com/drive/folders/1BEbBemUnAkpnACS8TPE9TqtbvJIz5573?usp=sharing" target="_blank" rel="noreferrer noopener"><img decoding="async" src="https://sites.uel.br/feira/wp-content/uploads/2023/05/google_drive.png" alt="" class="wp-image-2887" /></a></figure>
</div>


<p class="has-text-align-center"><strong>(Galeria de Fotos)</strong></p>



<p class="has-text-align-center">Créditos:<br>Estudantes do Curso de Enfermagem</p>
</div>
</div>

<p>Cursos Inscritos Premiados 2020 Enfermagem Resumo da Ação: Há 3 anos nossa turma participa da premiação boas práticas. Nossa ação visa arrecadar itens de higiene (shampoo,creme, escovas, pasta de dente) e doar para o Hospital Universitário de Londrina. Obs: texto confeccionado pelos estudantes de Graduação do curso. (Galeria de Fotos) Créditos:Estudantes do Curso de Enfermagem</p>
