{"id":4043,"date":"2023-06-29T16:10:08","date_gmt":"2023-06-29T19:10:08","guid":{"rendered":"https:\/\/sites.uel.br\/ser\/?page_id=4043"},"modified":"2023-07-07T14:28:11","modified_gmt":"2023-07-07T17:28:11","slug":"premio-boas-praticas-na-recepcao-aos-estudantes-ingressantes-premiados-2020-educacao-fisica","status":"publish","type":"page","link":"https:\/\/sites.uel.br\/ser\/premio-boas-praticas-na-recepcao-aos-estudantes-ingressantes-premiados-2020-educacao-fisica\/","title":{"rendered":"Pr\u00eamio Boas Pr\u00e1ticas na Recep\u00e7\u00e3o aos Estudantes Ingressantes"},"content":{"rendered":"\n<hr class=\"wp-block-separator has-alpha-channel-opacity is-style-wide\" \/>\n\n\n\n<h2 class=\"wp-block-heading\">Cursos Inscritos Premiados<\/h2>\n\n\n\n<h2 class=\"wp-block-heading\">2020<\/h2>\n\n\n\n<h2 class=\"wp-block-heading\"><strong>Educa\u00e7\u00e3o F\u00edsica<\/strong><\/h2>\n\n\n\n<p><strong>Resumo da A\u00e7\u00e3o:<\/strong><\/p>\n\n\n\n<p>A recep\u00e7\u00e3o dos ingressantes foi realizada em tr\u00eas dias consecutivos e dividida em dois momentos: um mais formal para conhecer um pouco mais do CEFE e da vida na UEL e outro mais informal para realizar a integra\u00e7\u00e3o tanto entre eles quanto deles com os veteranos. No primeiro momento, houve apresenta\u00e7\u00f5es dos \u00f3rg\u00e3os colegiados de licenciatura e bacharelado, das inst\u00e2ncias discentes e dos grupos de Pesquisa, Ensino e Extens\u00e3o, apresenta\u00e7\u00e3o de servi\u00e7os como o Sebec e tamb\u00e9m houve palestra sobre sa\u00fade mental com o Prof. Dr. Jefferson Olivetto da Silva. No segundo momento, os ingressantes tiveram a oportunidade de conhecer a UEL por meio de uma corrida de aventura e tamb\u00e9m participar de gincanas cooperativas com intuito de integr\u00e1-los. Al\u00e9m disso, todo dia eram pedidos aos ingressantes determinados materiais para ser realizada uma doa\u00e7\u00e3o ao Hospital Universit\u00e1rio: foram arrecadados chinelos, escova, pasta de dente e sabonete.<\/p>\n\n\n\n<p>Obs: texto confeccionado pelos estudantes de Gradua\u00e7\u00e3o do curso.<\/p>\n\n\n\n<div class=\"wp-block-columns is-layout-flex wp-container-core-columns-is-layout-9d6595d7 wp-block-columns-is-layout-flex\">\n<div class=\"wp-block-column is-layout-flow wp-block-column-is-layout-flow\"><div class=\"wp-block-image\">\n<figure class=\"aligncenter size-full\"><a href=\"https:\/\/drive.google.com\/drive\/folders\/1mlpxiaeA7DveUW02Qwy3KIKJdFYukP4b?usp=sharing\" target=\"_blank\" rel=\"noreferrer noopener\"><img decoding=\"async\" src=\"https:\/\/sites.uel.br\/feira\/wp-content\/uploads\/2023\/05\/google_drive.png\" alt=\"\" class=\"wp-image-2887\" \/><\/a><\/figure>\n<\/div>\n\n\n<p class=\"has-text-align-center\"><strong>(Galeria de Fotos)<\/strong><\/p>\n\n\n\n<p class=\"has-text-align-center\">Cr\u00e9ditos:<br>Estudantes do Curso de Educa\u00e7\u00e3o F\u00edsica<\/p>\n<\/div>\n<\/div>\n","protected":false},"excerpt":{"rendered":"<p>Cursos Inscritos Premiados 2020 Educa\u00e7\u00e3o F\u00edsica Resumo da A\u00e7\u00e3o: A recep\u00e7\u00e3o dos ingressantes foi realizada em tr\u00eas dias consecutivos e dividida em dois momentos: um mais formal para conhecer um pouco mais do CEFE e da vida na UEL e outro mais informal para realizar a integra\u00e7\u00e3o tanto entre eles quanto deles com os veteranos. [&hellip;]<\/p>\n","protected":false},"author":8,"featured_media":0,"parent":0,"menu_order":0,"comment_status":"closed","ping_status":"closed","template":"","meta":{"_acf_changed":false,"_themeisle_gutenberg_block_has_review":false,"footnotes":""},"class_list":["post-4043","page","type-page","status-publish","hentry"],"acf":[],"_links":{"self":[{"href":"https:\/\/sites.uel.br\/ser\/wp-json\/wp\/v2\/pages\/4043","targetHints":{"allow":["GET"]}}],"collection":[{"href":"https:\/\/sites.uel.br\/ser\/wp-json\/wp\/v2\/pages"}],"about":[{"href":"https:\/\/sites.uel.br\/ser\/wp-json\/wp\/v2\/types\/page"}],"author":[{"embeddable":true,"href":"https:\/\/sites.uel.br\/ser\/wp-json\/wp\/v2\/users\/8"}],"replies":[{"embeddable":true,"href":"https:\/\/sites.uel.br\/ser\/wp-json\/wp\/v2\/comments?post=4043"}],"version-history":[{"count":6,"href":"https:\/\/sites.uel.br\/ser\/wp-json\/wp\/v2\/pages\/4043\/revisions"}],"predecessor-version":[{"id":4843,"href":"https:\/\/sites.uel.br\/ser\/wp-json\/wp\/v2\/pages\/4043\/revisions\/4843"}],"wp:attachment":[{"href":"https:\/\/sites.uel.br\/ser\/wp-json\/wp\/v2\/media?parent=4043"}],"curies":[{"name":"wp","href":"https:\/\/api.w.org\/{rel}","templated":true}]}}

Prêmio Boas Práticas na Recepção aos Estudantes Ingressantes

<hr class="wp-block-separator has-alpha-channel-opacity is-style-wide" />



<h2 class="wp-block-heading">Cursos Inscritos Premiados</h2>



<h2 class="wp-block-heading">2020</h2>



<h2 class="wp-block-heading"><strong>Educação Física</strong></h2>



<p><strong>Resumo da Ação:</strong></p>



<p>A recepção dos ingressantes foi realizada em três dias consecutivos e dividida em dois momentos: um mais formal para conhecer um pouco mais do CEFE e da vida na UEL e outro mais informal para realizar a integração tanto entre eles quanto deles com os veteranos. No primeiro momento, houve apresentações dos órgãos colegiados de licenciatura e bacharelado, das instâncias discentes e dos grupos de Pesquisa, Ensino e Extensão, apresentação de serviços como o Sebec e também houve palestra sobre saúde mental com o Prof. Dr. Jefferson Olivetto da Silva. No segundo momento, os ingressantes tiveram a oportunidade de conhecer a UEL por meio de uma corrida de aventura e também participar de gincanas cooperativas com intuito de integrá-los. Além disso, todo dia eram pedidos aos ingressantes determinados materiais para ser realizada uma doação ao Hospital Universitário: foram arrecadados chinelos, escova, pasta de dente e sabonete.</p>



<p>Obs: texto confeccionado pelos estudantes de Graduação do curso.</p>



<div class="wp-block-columns is-layout-flex wp-container-core-columns-is-layout-9d6595d7 wp-block-columns-is-layout-flex">
<div class="wp-block-column is-layout-flow wp-block-column-is-layout-flow"><div class="wp-block-image">
<figure class="aligncenter size-full"><a href="https://drive.google.com/drive/folders/1mlpxiaeA7DveUW02Qwy3KIKJdFYukP4b?usp=sharing" target="_blank" rel="noreferrer noopener"><img decoding="async" src="https://sites.uel.br/feira/wp-content/uploads/2023/05/google_drive.png" alt="" class="wp-image-2887" /></a></figure>
</div>


<p class="has-text-align-center"><strong>(Galeria de Fotos)</strong></p>



<p class="has-text-align-center">Créditos:<br>Estudantes do Curso de Educação Física</p>
</div>
</div>

<p>Cursos Inscritos Premiados 2020 Educação Física Resumo da Ação: A recepção dos ingressantes foi realizada em três dias consecutivos e dividida em dois momentos: um mais formal para conhecer um pouco mais do CEFE e da vida na UEL e outro mais informal para realizar a integração tanto entre eles quanto deles com os veteranos. [&hellip;]</p>
