{"id":4040,"date":"2023-06-29T15:49:01","date_gmt":"2023-06-29T18:49:01","guid":{"rendered":"https:\/\/sites.uel.br\/ser\/?page_id=4040"},"modified":"2023-07-07T14:30:42","modified_gmt":"2023-07-07T17:30:42","slug":"premio-boas-praticas-na-recepcao-aos-estudantes-ingressantes-premiados-2019-direito","status":"publish","type":"page","link":"https:\/\/sites.uel.br\/ser\/premio-boas-praticas-na-recepcao-aos-estudantes-ingressantes-premiados-2019-direito\/","title":{"rendered":"Pr\u00eamio Boas Pr\u00e1ticas na Recep\u00e7\u00e3o aos Estudantes Ingressantes"},"content":{"rendered":"\n<hr class=\"wp-block-separator has-alpha-channel-opacity is-style-wide\" \/>\n\n\n\n<h2 class=\"wp-block-heading\">Cursos Inscritos Premiados<\/h2>\n\n\n\n<h2 class=\"wp-block-heading\">2019<\/h2>\n\n\n\n<h2 class=\"wp-block-heading\">Direito<\/h2>\n\n\n\n<p><strong>Resumo da A\u00e7\u00e3o:<\/strong><\/p>\n\n\n\n<p>O Trote Solid\u00e1rio de 2019 do curso de Direito foi idealizado e desenvolvido pelo Centro Acad\u00eamico 7 de mar\u00e7o, com o apoio de diversos coletivos e institui\u00e7\u00f5es, principalmente a LEX- Empresa J\u00fanior do Direito, atrav\u00e9s de dois projetos realizados concomitantemente: \u201cCampanha em prol da moradia estudantil\u201d e \u201cCalouro Sangue Bom\u2019\u2019 \u2013 campanha de doa\u00e7\u00e3o de sangue para o Hemocentro Regional de Londrina. Ambas as a\u00e7\u00f5es foram unidas atrav\u00e9s de uma competi\u00e7\u00e3o estabelecida entre as salas do 1\u00ba ano de todos os turnos, por interm\u00e9dio das \u201ctatufichas\u201d \u2013 nome advindo do mascote do direito que \u00e9 um tatu \u2013 com o intuito de tornar o trote solid\u00e1rio din\u00e2mico e de envolver os alunos ingressantes com as campanhas propostas. A campanha em prol a moradia estudantil motivou-se pela demanda dos estudantes moradores em produtos de higiene pessoal e de limpeza. A ideia \u00e9 de conscientizar os calouros que a perman\u00eancia digna desses estudantes no espa\u00e7o acad\u00eamico \u00e9 um direito deles e que \u00e9 dever do restante da comunidade acad\u00eamica zelar e garantir isso. A doa\u00e7\u00e3o de sangue foi idealizada devido ao grande d\u00e9ficit de bolsas no hemocentro e, por isso, buscamos incentivar desde o primeiro ano a preocupa\u00e7\u00e3o com essa demanda. Ademais, observando crescentes casos de leucemia dentre jovens, buscamos fomentar a inscri\u00e7\u00e3o destes alunos no cadastrado nacional de doadores de medula \u00f3ssea. Cada sala foi separada com uma cor de \u201ctatuficha\u201d diferente: Com a doa\u00e7\u00e3o de R$5,00 o calouro recebia uma tatuficha, R$7,00 duas tatufichas, R$10,00 tr\u00eas tatufichas e se doasse sangue e apresentasse o comprovante de doa\u00e7\u00e3o recebia 10 tatufichas. Para a doa\u00e7\u00e3o de sangue o Centro Acad\u00eamico organizou um grupo e conseguiu com o hemocentro uma van que possibilitou a locomo\u00e7\u00e3o dos doadores at\u00e9 o local de doa\u00e7\u00e3o. As campanhas iniciaram em 24\/02 e finalizaram em 22\/03 totalizando cerca de 30 bolsas de sangues doadas, 15 cadastros de medula \u00f3ssea feitos e um valor de R$1.400,00 que ser\u00e3o revertidos na compra dos produtos de higiene pessoal e de limpeza para a Moradia Estudantil. Desse montante, R$570,00 foram arrecadados pela \u201cRecep\u00e7\u00e3o Calourosa\u201d com o vale alimento da festa de recep\u00e7\u00e3o e R$830,00 com a venda de tatufichas. A contabiliza\u00e7\u00e3o das tatufichas ser\u00e1 feita na segunda-feira (25\/03) e a sala que tiver arrecadado mais tatufichas ser\u00e1 a vencedora da a\u00e7\u00e3o do Trote Solid\u00e1rio 2019. Os pr\u00eamios que ser\u00e3o sorteados foram doados ao Centro Acad\u00eamico pelos coletivos: Esperan\u00e7a Garcia, Lili Elbe e Mietta Santiago, pelas institui\u00e7\u00f5es: LEX \u2013 Empresa J\u00fanior de Direito e a bateria Tatukada, doa\u00e7\u00f5es de professores, da Recep\u00e7\u00e3o Calourosa e, por fim, uma entrada para 57\u00aa Semana Jur\u00eddica fornecida pelo pr\u00f3prio Centro Acad\u00eamico. O Centro Acad\u00eamico tem o intuito de prosseguir com essas a\u00e7\u00f5es ao longo do ano letivo, visto que entende que as demandas da Moradia Estudantil e do Hemocentro s\u00e3o constantes e infind\u00e1veis.<\/p>\n\n\n\n<div class=\"wp-block-columns is-layout-flex wp-container-core-columns-is-layout-9d6595d7 wp-block-columns-is-layout-flex\">\n<div class=\"wp-block-column is-layout-flow wp-block-column-is-layout-flow\"><div class=\"wp-block-image\">\n<figure class=\"aligncenter size-full\"><a href=\"https:\/\/drive.google.com\/drive\/folders\/1F_j9ril1va7FxIE2TZGgv7A5fJ9mnk9s?usp=drive_link\" target=\"_blank\" rel=\"noreferrer noopener\"><img decoding=\"async\" src=\"https:\/\/sites.uel.br\/feira\/wp-content\/uploads\/2023\/05\/google_drive.png\" alt=\"\" class=\"wp-image-2887\" \/><\/a><\/figure>\n<\/div>\n\n\n<p class=\"has-text-align-center\"><strong>(Galeria de Fotos)<\/strong><\/p>\n\n\n\n<p class=\"has-text-align-center\">Cr\u00e9ditos:<br>Estudantes do Curso de Direito<\/p>\n<\/div>\n<\/div>\n","protected":false},"excerpt":{"rendered":"<p>Cursos Inscritos Premiados 2019 Direito Resumo da A\u00e7\u00e3o: O Trote Solid\u00e1rio de 2019 do curso de Direito foi idealizado e desenvolvido pelo Centro Acad\u00eamico 7 de mar\u00e7o, com o apoio de diversos coletivos e institui\u00e7\u00f5es, principalmente a LEX- Empresa J\u00fanior do Direito, atrav\u00e9s de dois projetos realizados concomitantemente: \u201cCampanha em prol da moradia estudantil\u201d e [&hellip;]<\/p>\n","protected":false},"author":8,"featured_media":0,"parent":0,"menu_order":0,"comment_status":"closed","ping_status":"closed","template":"","meta":{"_acf_changed":false,"_themeisle_gutenberg_block_has_review":false,"footnotes":""},"class_list":["post-4040","page","type-page","status-publish","hentry"],"acf":[],"_links":{"self":[{"href":"https:\/\/sites.uel.br\/ser\/wp-json\/wp\/v2\/pages\/4040","targetHints":{"allow":["GET"]}}],"collection":[{"href":"https:\/\/sites.uel.br\/ser\/wp-json\/wp\/v2\/pages"}],"about":[{"href":"https:\/\/sites.uel.br\/ser\/wp-json\/wp\/v2\/types\/page"}],"author":[{"embeddable":true,"href":"https:\/\/sites.uel.br\/ser\/wp-json\/wp\/v2\/users\/8"}],"replies":[{"embeddable":true,"href":"https:\/\/sites.uel.br\/ser\/wp-json\/wp\/v2\/comments?post=4040"}],"version-history":[{"count":6,"href":"https:\/\/sites.uel.br\/ser\/wp-json\/wp\/v2\/pages\/4040\/revisions"}],"predecessor-version":[{"id":4858,"href":"https:\/\/sites.uel.br\/ser\/wp-json\/wp\/v2\/pages\/4040\/revisions\/4858"}],"wp:attachment":[{"href":"https:\/\/sites.uel.br\/ser\/wp-json\/wp\/v2\/media?parent=4040"}],"curies":[{"name":"wp","href":"https:\/\/api.w.org\/{rel}","templated":true}]}}