{"id":4035,"date":"2023-06-29T15:47:56","date_gmt":"2023-06-29T18:47:56","guid":{"rendered":"https:\/\/sites.uel.br\/ser\/?page_id=4035"},"modified":"2023-07-07T14:28:01","modified_gmt":"2023-07-07T17:28:01","slug":"premio-boas-praticas-na-recepcao-aos-estudantes-ingressantes-premiados-2020-design-de-moda-e-design-grafico","status":"publish","type":"page","link":"https:\/\/sites.uel.br\/ser\/premio-boas-praticas-na-recepcao-aos-estudantes-ingressantes-premiados-2020-design-de-moda-e-design-grafico\/","title":{"rendered":"Pr\u00eamio Boas Pr\u00e1ticas na Recep\u00e7\u00e3o aos Estudantes Ingressantes"},"content":{"rendered":"\n<hr class=\"wp-block-separator has-alpha-channel-opacity is-style-wide\" \/>\n\n\n\n<h2 class=\"wp-block-heading\">Cursos Inscritos Premiados<\/h2>\n\n\n\n<h2 class=\"wp-block-heading\">2020<\/h2>\n\n\n\n<h2 class=\"wp-block-heading\"><strong>Design de Moda e Design Gr\u00e1fico<\/strong><\/h2>\n\n\n\n<p><strong>Resumo da A\u00e7\u00e3o:<\/strong><\/p>\n\n\n\n<p>O Diret\u00f3rio Acad\u00eamico de Design se integrou a proposta da Dire\u00e7\u00e3o do CECA em revitalizar a Pracinha do CECA com pinturas das mesas e bancos da pra\u00e7a. Ocorreram tamb\u00e9m oficinas ministradas por veteranos voltadas a esta revitaliza\u00e7\u00e3o. Aconteceram duas oficinas antes da semana de recep\u00e7\u00e3o, envolvendo professores e estudantes: uma de cria\u00e7\u00e3o da marca &#8220;UEL #ANTES DE TUDO EU RESPEITO&#8221; para a recep\u00e7\u00e3o e que foi utilizada por toda a UEL. E outra de estamparia manual (serigrafia) de camisetas que mobilizou a comunidade acad\u00eamica. Estudantes, docentes e t\u00e9cnicos levavam suas pr\u00f3prias camisetas e estudantes e docentes do Depto de Design \u00e0s estampavam. As oficinas ministradas no Departamento de Design este ano foram abertas para que todos os calouros do CECA pudessem participar. As oficinas foram, pintura dos bancos e mesas, costura de almofadas que foram produzidas para ficarem na pra\u00e7a do CECA, produ\u00e7\u00e3o de est\u00eancil que foi usado na pintura dos bancos e mesas, lettering que foram feitos nas mesas e bancos da pra\u00e7a e a j\u00e1 citada, estamparia das camisetas. Muito importante lembrar que calouros de outros cursos do CECA tamb\u00e9m participaram, assim como veteranos de outros cursos tamb\u00e9m ministraram oficinas. A semana de recep\u00e7\u00e3o foi feita em conjunto e para todos.<\/p>\n\n\n\n<p>Obs: texto confeccionado pelos estudantes de Gradua\u00e7\u00e3o do curso.<\/p>\n\n\n\n<div class=\"wp-block-columns is-layout-flex wp-container-core-columns-is-layout-9d6595d7 wp-block-columns-is-layout-flex\">\n<div class=\"wp-block-column is-layout-flow wp-block-column-is-layout-flow\"><div class=\"wp-block-image\">\n<figure class=\"aligncenter size-full\"><a href=\"https:\/\/drive.google.com\/drive\/folders\/1u1QzIkiNhsl9CvCMLqEItau6sOv58wff?usp=sharing\" target=\"_blank\" rel=\"noreferrer noopener\"><img decoding=\"async\" src=\"https:\/\/sites.uel.br\/feira\/wp-content\/uploads\/2023\/05\/google_drive.png\" alt=\"\" class=\"wp-image-2887\" \/><\/a><\/figure>\n<\/div>\n\n\n<p class=\"has-text-align-center\"><strong>(Galeria de Fotos)<\/strong><\/p>\n\n\n\n<p class=\"has-text-align-center\">Cr\u00e9ditos:<br>Estudantes do Curso de Design de Moda e Design Gr\u00e1fico<\/p>\n<\/div>\n<\/div>\n","protected":false},"excerpt":{"rendered":"<p>Cursos Inscritos Premiados 2020 Design de Moda e Design Gr\u00e1fico Resumo da A\u00e7\u00e3o: O Diret\u00f3rio Acad\u00eamico de Design se integrou a proposta da Dire\u00e7\u00e3o do CECA em revitalizar a Pracinha do CECA com pinturas das mesas e bancos da pra\u00e7a. Ocorreram tamb\u00e9m oficinas ministradas por veteranos voltadas a esta revitaliza\u00e7\u00e3o. Aconteceram duas oficinas antes da [&hellip;]<\/p>\n","protected":false},"author":8,"featured_media":0,"parent":0,"menu_order":0,"comment_status":"closed","ping_status":"closed","template":"","meta":{"_acf_changed":false,"_themeisle_gutenberg_block_has_review":false,"footnotes":""},"class_list":["post-4035","page","type-page","status-publish","hentry"],"acf":[],"_links":{"self":[{"href":"https:\/\/sites.uel.br\/ser\/wp-json\/wp\/v2\/pages\/4035","targetHints":{"allow":["GET"]}}],"collection":[{"href":"https:\/\/sites.uel.br\/ser\/wp-json\/wp\/v2\/pages"}],"about":[{"href":"https:\/\/sites.uel.br\/ser\/wp-json\/wp\/v2\/types\/page"}],"author":[{"embeddable":true,"href":"https:\/\/sites.uel.br\/ser\/wp-json\/wp\/v2\/users\/8"}],"replies":[{"embeddable":true,"href":"https:\/\/sites.uel.br\/ser\/wp-json\/wp\/v2\/comments?post=4035"}],"version-history":[{"count":6,"href":"https:\/\/sites.uel.br\/ser\/wp-json\/wp\/v2\/pages\/4035\/revisions"}],"predecessor-version":[{"id":4842,"href":"https:\/\/sites.uel.br\/ser\/wp-json\/wp\/v2\/pages\/4035\/revisions\/4842"}],"wp:attachment":[{"href":"https:\/\/sites.uel.br\/ser\/wp-json\/wp\/v2\/media?parent=4035"}],"curies":[{"name":"wp","href":"https:\/\/api.w.org\/{rel}","templated":true}]}}