{"id":3992,"date":"2023-06-29T15:29:48","date_gmt":"2023-06-29T18:29:48","guid":{"rendered":"https:\/\/sites.uel.br\/ser\/?page_id=3992"},"modified":"2023-07-10T13:22:42","modified_gmt":"2023-07-10T16:22:42","slug":"premio-boas-praticas-na-recepcao-aos-estudantes-ingressantes-premiados-2016-arquitetura-e-urbanismo","status":"publish","type":"page","link":"https:\/\/sites.uel.br\/ser\/premio-boas-praticas-na-recepcao-aos-estudantes-ingressantes-premiados-2016-arquitetura-e-urbanismo\/","title":{"rendered":"Pr\u00eamio Boas Pr\u00e1ticas na Recep\u00e7\u00e3o aos Estudantes Ingressantes"},"content":{"rendered":"\n<hr class=\"wp-block-separator has-alpha-channel-opacity is-style-wide\" \/>\n\n\n\n<h2 class=\"wp-block-heading\">Cursos Inscritos Premiados<\/h2>\n\n\n\n<h2 class=\"wp-block-heading\">2016<\/h2>\n\n\n\n<h2 class=\"wp-block-heading\">Modalidade 1: Temas Livres<\/h2>\n\n\n\n<h2 class=\"wp-block-heading\">Arquitetura e Urbanismo<\/h2>\n\n\n\n<p><strong>Resumo da A\u00e7\u00e3o:<\/strong><\/p>\n\n\n\n<p>Nos dias 13 e 14\/04 realizamos a\u00e7\u00f5es solid\u00e1rias na creche Ana Proveller localizada no Jardim Para\u00edso. Entre essas a\u00e7\u00f5es fizemos a revitaliza\u00e7\u00e3o dos brinquedos do parquinho (conserto e pintura), pintamos uma \u00e1rea para a pr\u00e1tica de jogos l\u00fadicos, fizemos uma estante de livros para colocar no cantinho da leitura al\u00e9m das atividades com as crian\u00e7as para estimular a criatividade. Essas atividades foram feitas pelos alunos ingressantes e pelos alunos do 2\u00ba ano. Foi publicado na Folha de Londrina uma reportagem com relatos da atividade feita.<\/p>\n\n\n\n<div class=\"wp-block-columns is-layout-flex wp-container-core-columns-is-layout-9d6595d7 wp-block-columns-is-layout-flex\">\n<div class=\"wp-block-column is-layout-flow wp-block-column-is-layout-flow\"><div class=\"wp-block-image\">\n<figure class=\"aligncenter size-full\"><a href=\"https:\/\/drive.google.com\/drive\/folders\/1KCKg6Xgq8mHfQNQlEoiqsLFmbBMeb2Gb?usp=drive_link\" target=\"_blank\" rel=\"noreferrer noopener\"><img decoding=\"async\" src=\"https:\/\/sites.uel.br\/feira\/wp-content\/uploads\/2023\/05\/google_drive.png\" alt=\"\" class=\"wp-image-2887\" \/><\/a><\/figure>\n<\/div>\n\n\n<p class=\"has-text-align-center\"><strong>(Galeria de Fotos)<\/strong><\/p>\n\n\n\n<p class=\"has-text-align-center\">Cr\u00e9ditos:<br>Estudantes do Curso de Arquitetura e Urbanismo<\/p>\n<\/div>\n<\/div>\n","protected":false},"excerpt":{"rendered":"<p>Cursos Inscritos Premiados 2016 Modalidade 1: Temas Livres Arquitetura e Urbanismo Resumo da A\u00e7\u00e3o: Nos dias 13 e 14\/04 realizamos a\u00e7\u00f5es solid\u00e1rias na creche Ana Proveller localizada no Jardim Para\u00edso. Entre essas a\u00e7\u00f5es fizemos a revitaliza\u00e7\u00e3o dos brinquedos do parquinho (conserto e pintura), pintamos uma \u00e1rea para a pr\u00e1tica de jogos l\u00fadicos, fizemos uma estante [&hellip;]<\/p>\n","protected":false},"author":8,"featured_media":0,"parent":0,"menu_order":0,"comment_status":"closed","ping_status":"closed","template":"","meta":{"_acf_changed":false,"_themeisle_gutenberg_block_has_review":false,"footnotes":""},"class_list":["post-3992","page","type-page","status-publish","hentry"],"acf":[],"_links":{"self":[{"href":"https:\/\/sites.uel.br\/ser\/wp-json\/wp\/v2\/pages\/3992","targetHints":{"allow":["GET"]}}],"collection":[{"href":"https:\/\/sites.uel.br\/ser\/wp-json\/wp\/v2\/pages"}],"about":[{"href":"https:\/\/sites.uel.br\/ser\/wp-json\/wp\/v2\/types\/page"}],"author":[{"embeddable":true,"href":"https:\/\/sites.uel.br\/ser\/wp-json\/wp\/v2\/users\/8"}],"replies":[{"embeddable":true,"href":"https:\/\/sites.uel.br\/ser\/wp-json\/wp\/v2\/comments?post=3992"}],"version-history":[{"count":7,"href":"https:\/\/sites.uel.br\/ser\/wp-json\/wp\/v2\/pages\/3992\/revisions"}],"predecessor-version":[{"id":4983,"href":"https:\/\/sites.uel.br\/ser\/wp-json\/wp\/v2\/pages\/3992\/revisions\/4983"}],"wp:attachment":[{"href":"https:\/\/sites.uel.br\/ser\/wp-json\/wp\/v2\/media?parent=3992"}],"curies":[{"name":"wp","href":"https:\/\/api.w.org\/{rel}","templated":true}]}}

Prêmio Boas Práticas na Recepção aos Estudantes Ingressantes

<hr class="wp-block-separator has-alpha-channel-opacity is-style-wide" />



<h2 class="wp-block-heading">Cursos Inscritos Premiados</h2>



<h2 class="wp-block-heading">2016</h2>



<h2 class="wp-block-heading">Modalidade 1: Temas Livres</h2>



<h2 class="wp-block-heading">Arquitetura e Urbanismo</h2>



<p><strong>Resumo da Ação:</strong></p>



<p>Nos dias 13 e 14/04 realizamos ações solidárias na creche Ana Proveller localizada no Jardim Paraíso. Entre essas ações fizemos a revitalização dos brinquedos do parquinho (conserto e pintura), pintamos uma área para a prática de jogos lúdicos, fizemos uma estante de livros para colocar no cantinho da leitura além das atividades com as crianças para estimular a criatividade. Essas atividades foram feitas pelos alunos ingressantes e pelos alunos do 2º ano. Foi publicado na Folha de Londrina uma reportagem com relatos da atividade feita.</p>



<div class="wp-block-columns is-layout-flex wp-container-core-columns-is-layout-9d6595d7 wp-block-columns-is-layout-flex">
<div class="wp-block-column is-layout-flow wp-block-column-is-layout-flow"><div class="wp-block-image">
<figure class="aligncenter size-full"><a href="https://drive.google.com/drive/folders/1KCKg6Xgq8mHfQNQlEoiqsLFmbBMeb2Gb?usp=drive_link" target="_blank" rel="noreferrer noopener"><img decoding="async" src="https://sites.uel.br/feira/wp-content/uploads/2023/05/google_drive.png" alt="" class="wp-image-2887" /></a></figure>
</div>


<p class="has-text-align-center"><strong>(Galeria de Fotos)</strong></p>



<p class="has-text-align-center">Créditos:<br>Estudantes do Curso de Arquitetura e Urbanismo</p>
</div>
</div>

<p>Cursos Inscritos Premiados 2016 Modalidade 1: Temas Livres Arquitetura e Urbanismo Resumo da Ação: Nos dias 13 e 14/04 realizamos ações solidárias na creche Ana Proveller localizada no Jardim Paraíso. Entre essas ações fizemos a revitalização dos brinquedos do parquinho (conserto e pintura), pintamos uma área para a prática de jogos lúdicos, fizemos uma estante [&hellip;]</p>
