{"id":3991,"date":"2023-06-29T15:29:50","date_gmt":"2023-06-29T18:29:50","guid":{"rendered":"https:\/\/sites.uel.br\/ser\/?page_id=3991"},"modified":"2023-07-10T13:42:29","modified_gmt":"2023-07-10T16:42:29","slug":"premio-boas-praticas-na-recepcao-aos-estudantes-ingressantes-premiados-2015-arquitetura-e-urbanismo","status":"publish","type":"page","link":"https:\/\/sites.uel.br\/ser\/premio-boas-praticas-na-recepcao-aos-estudantes-ingressantes-premiados-2015-arquitetura-e-urbanismo\/","title":{"rendered":"Pr\u00eamio Boas Pr\u00e1ticas na Recep\u00e7\u00e3o aos Estudantes Ingressantes"},"content":{"rendered":"\n<hr class=\"wp-block-separator has-alpha-channel-opacity is-style-wide\" \/>\n\n\n\n<h2 class=\"wp-block-heading\">Cursos Inscritos Premiados<\/h2>\n\n\n\n<h2 class=\"wp-block-heading\">2015<\/h2>\n\n\n\n<h2 class=\"wp-block-heading\">Arquitetura e Urbanismo<\/h2>\n\n\n\n<p><strong>Resumo da A\u00e7\u00e3o:<\/strong><\/p>\n\n\n\n<p>Arrecada\u00e7\u00e3o de 1.300 bombons; doa\u00e7\u00e3o para as creches &#8220;CEI Santa Rita&#8221; e &#8220;Creche Municipal Carolina Benedita dos Santos&#8221;; atividades como ca\u00e7a ao tesouro com bombons e pintura com as crian\u00e7as (alus\u00e3o \u00e0 P\u00e1scoa).<\/p>\n\n\n\n<figure class=\"wp-block-embed is-type-video is-provider-youtube wp-block-embed-youtube wp-embed-aspect-16-9 wp-has-aspect-ratio\"><div class=\"wp-block-embed__wrapper\">\n<iframe loading=\"lazy\" title=\"Arquit. e Urbanismo - Pr\u00eamio Boas Pr\u00e1ticas Solid\u00e1rias na Semana do Estudante Ingressante\" width=\"500\" height=\"375\" src=\"https:\/\/www.youtube.com\/embed\/YbxxTA5hRrU?feature=oembed\" frameborder=\"0\" allow=\"accelerometer; autoplay; clipboard-write; encrypted-media; gyroscope; picture-in-picture; web-share\" referrerpolicy=\"strict-origin-when-cross-origin\" allowfullscreen><\/iframe>\n<\/div><\/figure>\n\n\n\n<div class=\"wp-block-columns is-layout-flex wp-container-core-columns-is-layout-9d6595d7 wp-block-columns-is-layout-flex\">\n<div class=\"wp-block-column is-layout-flow wp-block-column-is-layout-flow\"><div class=\"wp-block-image\">\n<figure class=\"aligncenter size-full\"><a href=\"https:\/\/drive.google.com\/drive\/folders\/1bo3piD1Ow0jBrkNjUoCdVjTtndbof11o?usp=drive_link\" target=\"_blank\" rel=\"noreferrer noopener\"><img decoding=\"async\" src=\"https:\/\/sites.uel.br\/feira\/wp-content\/uploads\/2023\/05\/google_drive.png\" alt=\"\" class=\"wp-image-2887\" \/><\/a><\/figure>\n<\/div>\n\n\n<p class=\"has-text-align-center\"><strong>(Galeria de Fotos)<\/strong><\/p>\n\n\n\n<p class=\"has-text-align-center\">Cr\u00e9ditos:<br>Estudantes do Curso de Arquitetura e Urbanismo<\/p>\n<\/div>\n<\/div>\n","protected":false},"excerpt":{"rendered":"<p>Cursos Inscritos Premiados 2015 Arquitetura e Urbanismo Resumo da A\u00e7\u00e3o: Arrecada\u00e7\u00e3o de 1.300 bombons; doa\u00e7\u00e3o para as creches &#8220;CEI Santa Rita&#8221; e &#8220;Creche Municipal Carolina Benedita dos Santos&#8221;; atividades como ca\u00e7a ao tesouro com bombons e pintura com as crian\u00e7as (alus\u00e3o \u00e0 P\u00e1scoa). (Galeria de Fotos) Cr\u00e9ditos:Estudantes do Curso de Arquitetura e Urbanismo<\/p>\n","protected":false},"author":8,"featured_media":0,"parent":0,"menu_order":0,"comment_status":"closed","ping_status":"closed","template":"","meta":{"_acf_changed":false,"_themeisle_gutenberg_block_has_review":false,"footnotes":""},"class_list":["post-3991","page","type-page","status-publish","hentry"],"acf":[],"_links":{"self":[{"href":"https:\/\/sites.uel.br\/ser\/wp-json\/wp\/v2\/pages\/3991","targetHints":{"allow":["GET"]}}],"collection":[{"href":"https:\/\/sites.uel.br\/ser\/wp-json\/wp\/v2\/pages"}],"about":[{"href":"https:\/\/sites.uel.br\/ser\/wp-json\/wp\/v2\/types\/page"}],"author":[{"embeddable":true,"href":"https:\/\/sites.uel.br\/ser\/wp-json\/wp\/v2\/users\/8"}],"replies":[{"embeddable":true,"href":"https:\/\/sites.uel.br\/ser\/wp-json\/wp\/v2\/comments?post=3991"}],"version-history":[{"count":19,"href":"https:\/\/sites.uel.br\/ser\/wp-json\/wp\/v2\/pages\/3991\/revisions"}],"predecessor-version":[{"id":5005,"href":"https:\/\/sites.uel.br\/ser\/wp-json\/wp\/v2\/pages\/3991\/revisions\/5005"}],"wp:attachment":[{"href":"https:\/\/sites.uel.br\/ser\/wp-json\/wp\/v2\/media?parent=3991"}],"curies":[{"name":"wp","href":"https:\/\/api.w.org\/{rel}","templated":true}]}}