{"id":3981,"date":"2023-06-29T15:26:01","date_gmt":"2023-06-29T18:26:01","guid":{"rendered":"https:\/\/sites.uel.br\/ser\/?page_id=3981"},"modified":"2023-07-10T13:22:31","modified_gmt":"2023-07-10T16:22:31","slug":"premio-boas-praticas-na-recepcao-aos-estudantes-ingressantes-premiados-2016-agronomia","status":"publish","type":"page","link":"https:\/\/sites.uel.br\/ser\/premio-boas-praticas-na-recepcao-aos-estudantes-ingressantes-premiados-2016-agronomia\/","title":{"rendered":"Pr\u00eamio Boas Pr\u00e1ticas na Recep\u00e7\u00e3o aos Estudantes Ingressantes"},"content":{"rendered":"\n<hr class=\"wp-block-separator has-alpha-channel-opacity is-style-wide\" \/>\n\n\n\n<h2 class=\"wp-block-heading\">Cursos Inscritos Premiados<\/h2>\n\n\n\n<h2 class=\"wp-block-heading\">2016<\/h2>\n\n\n\n<h2 class=\"wp-block-heading\">Modalidade 1: Temas Livres<\/h2>\n\n\n\n<h2 class=\"wp-block-heading\">Agronomia<\/h2>\n\n\n\n<p><strong>Resumo da A\u00e7\u00e3o:<\/strong><\/p>\n\n\n\n<p>A semana de recep\u00e7\u00e3o de calouros da Agronomia da UEL teve m\u00faltiplas atividades e explicado como seria a arrecada\u00e7\u00e3o de alimentos. No primeiro dia foi apresentado como seria a semana e depois eles realizaram um tour pela Uel. A tarde eles foram conduzidos a aula de introdu\u00e7\u00e3o a agronomia. No segundo dia foram a fazesc conhecer um pouco mais do grupo de escudos em agroecologia &#8211; Neagro, onde realizaram atividades na \u00e1rea experimental. A tarde foram apresentados Crea-Jr, Senge- Jovem e Mobilidade Acad\u00eamica. Na quarta feira foi apresentado a Consoagro, empresa j\u00fanior de agronomia e explicado sua estrutura e como ela funciona. A tarde foi apresentado o centro acad\u00eamico e o programa Prime-Monsanto. Na quinta foi realizado outra visita a Fazesc para mostrar os experimentos e realizar uma capina na \u00e1rea de reflorestamento. A tarde teve diversas palestras na Associa\u00e7\u00e3o dos Engenheiros agr\u00f4nomos e depois uma confraterniza\u00e7\u00e3o com veteranos e professores. Na sexta levamos os calouros para o dia de campo da Consoagro, onde foi apresentado como realiza semeadura, condu\u00e7\u00e3o de experimentos entre outras t\u00e9cnicas. O calouro Carlos Eduardo Gon\u00e7alves Rynaldo agradeceu a comiss\u00e3o organizado por ter apresentado diversos ramos dentro da faculdade e pelas palestras que foram oferecidas. A semana de calouros foi realizada pela Consoagro, Departamento de agronomia com a parceria do Centro Acad\u00eamico, Neagro, Senge-Jovem e Crea-Jr.<\/p>\n\n\n\n<div class=\"wp-block-columns is-layout-flex wp-container-core-columns-is-layout-9d6595d7 wp-block-columns-is-layout-flex\">\n<div class=\"wp-block-column is-layout-flow wp-block-column-is-layout-flow\"><div class=\"wp-block-image\">\n<figure class=\"aligncenter size-full\"><a href=\"https:\/\/drive.google.com\/drive\/folders\/1dr1l2oqMQJFSNevrn6RvCYkeuxvwM9yx?usp=drive_link\" target=\"_blank\" rel=\"noreferrer noopener\"><img decoding=\"async\" src=\"https:\/\/sites.uel.br\/feira\/wp-content\/uploads\/2023\/05\/google_drive.png\" alt=\"\" class=\"wp-image-2887\" \/><\/a><\/figure>\n<\/div>\n\n\n<p class=\"has-text-align-center\"><strong>(Galeria de Fotos)<\/strong><\/p>\n\n\n\n<p class=\"has-text-align-center\">Cr\u00e9ditos:<br>Estudantes do Curso de Agronomia<\/p>\n<\/div>\n<\/div>\n","protected":false},"excerpt":{"rendered":"<p>Cursos Inscritos Premiados 2016 Modalidade 1: Temas Livres Agronomia Resumo da A\u00e7\u00e3o: A semana de recep\u00e7\u00e3o de calouros da Agronomia da UEL teve m\u00faltiplas atividades e explicado como seria a arrecada\u00e7\u00e3o de alimentos. No primeiro dia foi apresentado como seria a semana e depois eles realizaram um tour pela Uel. A tarde eles foram conduzidos [&hellip;]<\/p>\n","protected":false},"author":8,"featured_media":0,"parent":0,"menu_order":0,"comment_status":"closed","ping_status":"closed","template":"","meta":{"_acf_changed":false,"_themeisle_gutenberg_block_has_review":false,"footnotes":""},"class_list":["post-3981","page","type-page","status-publish","hentry"],"acf":[],"_links":{"self":[{"href":"https:\/\/sites.uel.br\/ser\/wp-json\/wp\/v2\/pages\/3981","targetHints":{"allow":["GET"]}}],"collection":[{"href":"https:\/\/sites.uel.br\/ser\/wp-json\/wp\/v2\/pages"}],"about":[{"href":"https:\/\/sites.uel.br\/ser\/wp-json\/wp\/v2\/types\/page"}],"author":[{"embeddable":true,"href":"https:\/\/sites.uel.br\/ser\/wp-json\/wp\/v2\/users\/8"}],"replies":[{"embeddable":true,"href":"https:\/\/sites.uel.br\/ser\/wp-json\/wp\/v2\/comments?post=3981"}],"version-history":[{"count":7,"href":"https:\/\/sites.uel.br\/ser\/wp-json\/wp\/v2\/pages\/3981\/revisions"}],"predecessor-version":[{"id":4982,"href":"https:\/\/sites.uel.br\/ser\/wp-json\/wp\/v2\/pages\/3981\/revisions\/4982"}],"wp:attachment":[{"href":"https:\/\/sites.uel.br\/ser\/wp-json\/wp\/v2\/media?parent=3981"}],"curies":[{"name":"wp","href":"https:\/\/api.w.org\/{rel}","templated":true}]}}