{"id":3115,"date":"2022-10-11T14:47:09","date_gmt":"2022-10-11T17:47:09","guid":{"rendered":"https:\/\/sites.uel.br\/ser\/?page_id=3115"},"modified":"2023-07-07T14:25:24","modified_gmt":"2023-07-07T17:25:24","slug":"premio-boas-praticas-na-recepcao-aos-estudantes-ingressantes-premiados-2022-engenharia-eletrica","status":"publish","type":"page","link":"https:\/\/sites.uel.br\/ser\/premio-boas-praticas-na-recepcao-aos-estudantes-ingressantes-premiados-2022-engenharia-eletrica\/","title":{"rendered":"Pr\u00eamio Boas Pr\u00e1ticas na Recep\u00e7\u00e3o aos Estudantes Ingressantes"},"content":{"rendered":"\n<hr class=\"wp-block-separator has-alpha-channel-opacity is-style-wide\" \/>\n\n\n\n<figure class=\"wp-block-image size-full\"><img loading=\"lazy\" decoding=\"async\" width=\"1280\" height=\"512\" src=\"https:\/\/sites.uel.br\/ser\/wp-content\/uploads\/2021\/07\/IMG-20210727-WA0028.jpg\" alt=\"\" class=\"wp-image-1021\" srcset=\"https:\/\/sites.uel.br\/ser\/wp-content\/uploads\/2021\/07\/IMG-20210727-WA0028.jpg 1280w, https:\/\/sites.uel.br\/ser\/wp-content\/uploads\/2021\/07\/IMG-20210727-WA0028-300x120.jpg 300w, https:\/\/sites.uel.br\/ser\/wp-content\/uploads\/2021\/07\/IMG-20210727-WA0028-1024x410.jpg 1024w, https:\/\/sites.uel.br\/ser\/wp-content\/uploads\/2021\/07\/IMG-20210727-WA0028-768x307.jpg 768w\" sizes=\"auto, (max-width: 1280px) 100vw, 1280px\" \/><\/figure>\n\n\n\n<h2 class=\"wp-block-heading\">Cursos Inscritos Premiados<\/h2>\n\n\n\n<h2 class=\"wp-block-heading\">2022<\/h2>\n\n\n\n<h2 class=\"wp-block-heading\">Engenharia El\u00e9trica<\/h2>\n\n\n\n<p><strong>Resumo da A\u00e7\u00e3o:<\/strong><\/p>\n\n\n\n<p class=\"has-text-align-left\">Durante o planejamento da Semana de Recep\u00e7\u00e3o aos Ingressantes do curso de gradua\u00e7\u00e3o em Engenharia El\u00e9trica, entramos em contato com o NUSELON &#8211; N\u00facleo Social Evang\u00e9lico de Londrina. Trata-se de uma institui\u00e7\u00e3o sem fins lucrativos, que desde 1978, atende crian\u00e7as e adolescentes em situa\u00e7\u00e3o de vulnerabilidade, risco pessoal e social no munic\u00edpio de Londrina\/PR. Para tal atendimento, muitas s\u00e3o as demandas do N\u00facleo e, neste momento, a maior necessidade era a de produtos de limpeza. Por isso, os estudantes se mobilizaram para arrecadar esses materiais que foram doados em um momento presencial no NUSELON. Infelizmente, por conta da Pandemia, apenas alguns estudantes foram recebidos na entidade. Entretanto, os que participaram foram impactados e puderam compartilhara experi\u00eancia de responsabilidade social com os demais. Seguem as percep\u00e7\u00f5es dos estudantes que participaram da a\u00e7\u00e3o, bem como fotos e um v\u00eddeo da respons\u00e1vel pelo NUSELON sobre a import\u00e2ncia da a\u00e7\u00e3o. <\/p>\n\n\n\n<figure class=\"wp-block-table\"><table class=\"has-verde-claro-background-color has-background\"><tbody><tr><td><em>&#8220;Durante a semana de recep\u00e7\u00e3o dos calouros 2022, tivemos tamb\u00e9m a campanha de arrecada\u00e7\u00e3o de material de higiene para a a\u00e7\u00e3o social. Cujo objetivo era ajudar a Nuselon, uma institui\u00e7\u00e3o sem fins lucrativos, que atende beb\u00eas, crian\u00e7as e adolescentes vulner\u00e1veis. Na quinta-feira dia 11 de agosto de 2022, fizemos a entrega das doa\u00e7\u00f5es. Com a ajuda da T\u00e2nia, aproveitamos para conhecer mais sobre esse maravilhoso trabalho que o Nuselon realiza. Ela nos contou como funciona a organiza\u00e7\u00e3o, tanto como as crian\u00e7as chegam at\u00e9 eles, como elas convivem entre elas e com a sociedade, como tamb\u00e9m a parte mais pr\u00e1tica da rotina deles. Eu tive a oportunidade de sair da minha realidade e ir de encontro com a deles, que apesar de t\u00e3o pequenos e indefesos s\u00e3o grandes guerreiros. Enfrentam tanto a situa\u00e7\u00e3o familiar vivida, como o preconceito social por serem \u201cdo abrigo\u201d. Pude conhecer tamb\u00e9m outra forma de amor e caridade, o amor que as pedagogas, e funcion\u00e1rias t\u00eam para com eles, que apesar da menina estar correndo longe, T\u00e2nia a reconheceu pelo nome. Mais uma vez o zelo e carinho das funcion\u00e1rias com as crian\u00e7as se faz admir\u00e1vel e impactante. Transformando n\u00e3o s\u00f3 a vida daquelas crian\u00e7as, mas tamb\u00e9m a minha.&#8221; <strong>Let\u00edcia Lumy Nunomura<\/strong>.<\/em><\/td><\/tr><\/tbody><\/table><\/figure>\n\n\n\n<figure class=\"wp-block-table\"><table class=\"has-verde-claro-background-color has-background\"><tbody><tr><td><em>&#8220;Foi maravilhoso poder visitar o Nuselon! Moro bem pr\u00f3ximo de l\u00e1 e n\u00e3o sabia que era uma casa lar. Pude ver que \u00e9 um trabalho muito bonito que \u00e9 feito ali. Ao entrar no local podemos ver um lugar calmo e organizado. A T\u00e2nia nos mostrou tudo e como tudo funciona l\u00e1. Tudo tem cronograma e um prop\u00f3sito de ser organizado do jeito que \u00e9. Tem um ambiente extremamente acolhedor. Tudo \u00e9 muito bem pensado para ajudar as crian\u00e7as e jovens que est\u00e3o ali, a ter uma boa forma\u00e7\u00e3o e o b\u00e1sico para seu desenvolvimento pessoal. Por n\u00e3o saber que existia essa institui\u00e7\u00e3o t\u00e3o perto de mim, refleti bastante no qu\u00e3o bonito \u00e9 ver pessoas e entidades est\u00e3o empenhadas em dar o devido suporte \u00e0s nossas crian\u00e7as e adolescentes. \u00c9 realmente muito especial, a visita l\u00e1 melhorou muito minha semana. D\u00e1 para ver nos olhos da T\u00e2nia que ela ama auxiliar ali e que ama as pessoas que convivem com ela. \u00c9 inspirador ver um esfor\u00e7o organizado e conjunto para o bem-estar desses jovens. Agrade\u00e7o ao Nuselon pela oportunidade de conhecer e contribuir com o trabalho deles.&#8221; <strong>Derick De Souza Trajano<\/strong>.<\/em><\/td><\/tr><\/tbody><\/table><\/figure>\n\n\n\n<p><\/p>\n\n\n\n<figure class=\"wp-block-table\"><table class=\"has-verde-claro-background-color has-background\"><tbody><tr><td><em>&#8220;Durante a programa\u00e7\u00e3o de integra\u00e7\u00e3o fomos informados sobre a arrecada\u00e7\u00e3o de produtos de limpeza, tanto pela Juliani quanto pela nossa veterana Let\u00edcia, diversas vezes. Nem que fosse um detergente de R$2,30, tanto que durante a visita conversando sobre a ajuda da comunidade a mulher que nos atendeu fala que detergente \u00e9 algo que tem vez que falta e tem que trazer de casa. Como citado visitamos o Nuselon para fazer a entrega dos produtos, naquele hor\u00e1rio as crian\u00e7as estavam dormindo e os adolescentes estudando, mas fomos bem recebidos tivemos uma \u00f3tima conversa sobre o que se tratava o Nuselon que at\u00e9 ent\u00e3o n\u00e3o sab\u00edamos, mas \u00e9 uma casa lar, ela acolhe crian\u00e7as e adolescentes que o Conselho afasta do conv\u00edvio familiar, e sobre a estrutura de assistentes, cuidadores e psic\u00f3logas. Onde visitamos havia 3 casas, a primeira sendo de meninos e a \u00faltima de beb\u00ea, o Nuselon tem 4 casas ao todo e l\u00e1 podemos ver o antigo projeto de grafite.&#8221; <strong>Eduardo Cardoso Arantes Pereira<\/strong>.<\/em><\/td><\/tr><\/tbody><\/table><\/figure>\n\n\n\n<p> <\/p>\n\n\n\n<p><\/p>\n\n\n\n<p><em>Obs: texto confeccionado pelos estudantes de Gradua\u00e7\u00e3o e\/ou Coordena\u00e7\u00e3o do curso.<\/em><\/p>\n\n\n\n<hr class=\"wp-block-separator has-text-color has-cinza-color has-css-opacity has-cinza-background-color has-background is-style-wide\" \/>\n\n\n\n<figure class=\"wp-block-embed is-type-video is-provider-youtube wp-block-embed-youtube wp-embed-aspect-16-9 wp-has-aspect-ratio\"><div class=\"wp-block-embed__wrapper\">\n<iframe loading=\"lazy\" title=\"Pr\u00eamio Boas Pr\u00e1ticas Solid\u00e1rias na Semana do Estudante Ingressante 2022 (Engenharia El\u00e9trica)\" width=\"500\" height=\"281\" src=\"https:\/\/www.youtube.com\/embed\/9B0lPFn8G5I?feature=oembed\" frameborder=\"0\" allow=\"accelerometer; autoplay; clipboard-write; encrypted-media; gyroscope; picture-in-picture; web-share\" referrerpolicy=\"strict-origin-when-cross-origin\" allowfullscreen><\/iframe>\n<\/div><\/figure>\n\n\n<div class=\"wp-block-image\">\n<figure class=\"aligncenter size-full\"><img loading=\"lazy\" decoding=\"async\" width=\"1024\" height=\"768\" src=\"https:\/\/sites.uel.br\/ser\/wp-content\/uploads\/2022\/10\/premio_boas_praticas_engenharia_eletrica_01.jpeg\" alt=\"\" class=\"wp-image-3320\" srcset=\"https:\/\/sites.uel.br\/ser\/wp-content\/uploads\/2022\/10\/premio_boas_praticas_engenharia_eletrica_01.jpeg 1024w, https:\/\/sites.uel.br\/ser\/wp-content\/uploads\/2022\/10\/premio_boas_praticas_engenharia_eletrica_01-300x225.jpeg 300w, https:\/\/sites.uel.br\/ser\/wp-content\/uploads\/2022\/10\/premio_boas_praticas_engenharia_eletrica_01-768x576.jpeg 768w\" sizes=\"auto, (max-width: 1024px) 100vw, 1024px\" \/><\/figure>\n<\/div>\n\n<div class=\"wp-block-image\">\n<figure class=\"aligncenter size-large\"><img loading=\"lazy\" decoding=\"async\" width=\"768\" height=\"1024\" src=\"https:\/\/sites.uel.br\/ser\/wp-content\/uploads\/2022\/10\/premio_boas_praticas_engenharia_eletrica_02-768x1024.jpeg\" alt=\"\" class=\"wp-image-3322\" srcset=\"https:\/\/sites.uel.br\/ser\/wp-content\/uploads\/2022\/10\/premio_boas_praticas_engenharia_eletrica_02-768x1024.jpeg 768w, https:\/\/sites.uel.br\/ser\/wp-content\/uploads\/2022\/10\/premio_boas_praticas_engenharia_eletrica_02-225x300.jpeg 225w, https:\/\/sites.uel.br\/ser\/wp-content\/uploads\/2022\/10\/premio_boas_praticas_engenharia_eletrica_02.jpeg 867w\" sizes=\"auto, (max-width: 768px) 100vw, 768px\" \/><\/figure>\n<\/div>\n\n<div class=\"wp-block-image\">\n<figure class=\"aligncenter size-large\"><img loading=\"lazy\" decoding=\"async\" width=\"768\" height=\"1024\" src=\"https:\/\/sites.uel.br\/ser\/wp-content\/uploads\/2022\/10\/premio_boas_praticas_engenharia_eletrica_03-768x1024.jpeg\" alt=\"\" class=\"wp-image-3323\" srcset=\"https:\/\/sites.uel.br\/ser\/wp-content\/uploads\/2022\/10\/premio_boas_praticas_engenharia_eletrica_03-768x1024.jpeg 768w, https:\/\/sites.uel.br\/ser\/wp-content\/uploads\/2022\/10\/premio_boas_praticas_engenharia_eletrica_03-225x300.jpeg 225w, https:\/\/sites.uel.br\/ser\/wp-content\/uploads\/2022\/10\/premio_boas_praticas_engenharia_eletrica_03.jpeg 867w\" sizes=\"auto, (max-width: 768px) 100vw, 768px\" \/><\/figure>\n<\/div>\n\n<div class=\"wp-block-image\">\n<figure class=\"aligncenter size-large\"><img loading=\"lazy\" decoding=\"async\" width=\"1024\" height=\"1024\" src=\"https:\/\/sites.uel.br\/ser\/wp-content\/uploads\/2022\/10\/premio_boas_praticas_engenharia_eletrica_04-1024x1024.png\" alt=\"\" class=\"wp-image-3324\" srcset=\"https:\/\/sites.uel.br\/ser\/wp-content\/uploads\/2022\/10\/premio_boas_praticas_engenharia_eletrica_04-1024x1024.png 1024w, https:\/\/sites.uel.br\/ser\/wp-content\/uploads\/2022\/10\/premio_boas_praticas_engenharia_eletrica_04-300x300.png 300w, https:\/\/sites.uel.br\/ser\/wp-content\/uploads\/2022\/10\/premio_boas_praticas_engenharia_eletrica_04-150x150.png 150w, https:\/\/sites.uel.br\/ser\/wp-content\/uploads\/2022\/10\/premio_boas_praticas_engenharia_eletrica_04-768x768.png 768w, https:\/\/sites.uel.br\/ser\/wp-content\/uploads\/2022\/10\/premio_boas_praticas_engenharia_eletrica_04.png 1080w\" sizes=\"auto, (max-width: 1024px) 100vw, 1024px\" \/><\/figure>\n<\/div>","protected":false},"excerpt":{"rendered":"<p>Cursos Inscritos Premiados 2022 Engenharia El\u00e9trica Resumo da A\u00e7\u00e3o: Durante o planejamento da Semana de Recep\u00e7\u00e3o aos Ingressantes do curso de gradua\u00e7\u00e3o em Engenharia El\u00e9trica, entramos em contato com o NUSELON &#8211; N\u00facleo Social Evang\u00e9lico de Londrina. Trata-se de uma institui\u00e7\u00e3o sem fins lucrativos, que desde 1978, atende crian\u00e7as e adolescentes em situa\u00e7\u00e3o de vulnerabilidade, [&hellip;]<\/p>\n","protected":false},"author":8,"featured_media":0,"parent":0,"menu_order":0,"comment_status":"closed","ping_status":"closed","template":"","meta":{"_acf_changed":false,"_themeisle_gutenberg_block_has_review":false,"footnotes":""},"class_list":["post-3115","page","type-page","status-publish","hentry"],"acf":[],"_links":{"self":[{"href":"https:\/\/sites.uel.br\/ser\/wp-json\/wp\/v2\/pages\/3115","targetHints":{"allow":["GET"]}}],"collection":[{"href":"https:\/\/sites.uel.br\/ser\/wp-json\/wp\/v2\/pages"}],"about":[{"href":"https:\/\/sites.uel.br\/ser\/wp-json\/wp\/v2\/types\/page"}],"author":[{"embeddable":true,"href":"https:\/\/sites.uel.br\/ser\/wp-json\/wp\/v2\/users\/8"}],"replies":[{"embeddable":true,"href":"https:\/\/sites.uel.br\/ser\/wp-json\/wp\/v2\/comments?post=3115"}],"version-history":[{"count":22,"href":"https:\/\/sites.uel.br\/ser\/wp-json\/wp\/v2\/pages\/3115\/revisions"}],"predecessor-version":[{"id":4831,"href":"https:\/\/sites.uel.br\/ser\/wp-json\/wp\/v2\/pages\/3115\/revisions\/4831"}],"wp:attachment":[{"href":"https:\/\/sites.uel.br\/ser\/wp-json\/wp\/v2\/media?parent=3115"}],"curies":[{"name":"wp","href":"https:\/\/api.w.org\/{rel}","templated":true}]}}

Prêmio Boas Práticas na Recepção aos Estudantes Ingressantes

<hr class="wp-block-separator has-alpha-channel-opacity is-style-wide" />



<figure class="wp-block-image size-full"><img loading="lazy" decoding="async" width="1280" height="512" src="https://sites.uel.br/ser/wp-content/uploads/2021/07/IMG-20210727-WA0028.jpg" alt="" class="wp-image-1021" srcset="https://sites.uel.br/ser/wp-content/uploads/2021/07/IMG-20210727-WA0028.jpg 1280w, https://sites.uel.br/ser/wp-content/uploads/2021/07/IMG-20210727-WA0028-300x120.jpg 300w, https://sites.uel.br/ser/wp-content/uploads/2021/07/IMG-20210727-WA0028-1024x410.jpg 1024w, https://sites.uel.br/ser/wp-content/uploads/2021/07/IMG-20210727-WA0028-768x307.jpg 768w" sizes="auto, (max-width: 1280px) 100vw, 1280px" /></figure>



<h2 class="wp-block-heading">Cursos Inscritos Premiados</h2>



<h2 class="wp-block-heading">2022</h2>



<h2 class="wp-block-heading">Engenharia Elétrica</h2>



<p><strong>Resumo da Ação:</strong></p>



<p class="has-text-align-left">Durante o planejamento da Semana de Recepção aos Ingressantes do curso de graduação em Engenharia Elétrica, entramos em contato com o NUSELON &#8211; Núcleo Social Evangélico de Londrina. Trata-se de uma instituição sem fins lucrativos, que desde 1978, atende crianças e adolescentes em situação de vulnerabilidade, risco pessoal e social no município de Londrina/PR. Para tal atendimento, muitas são as demandas do Núcleo e, neste momento, a maior necessidade era a de produtos de limpeza. Por isso, os estudantes se mobilizaram para arrecadar esses materiais que foram doados em um momento presencial no NUSELON. Infelizmente, por conta da Pandemia, apenas alguns estudantes foram recebidos na entidade. Entretanto, os que participaram foram impactados e puderam compartilhara experiência de responsabilidade social com os demais. Seguem as percepções dos estudantes que participaram da ação, bem como fotos e um vídeo da responsável pelo NUSELON sobre a importância da ação. </p>



<figure class="wp-block-table"><table class="has-verde-claro-background-color has-background"><tbody><tr><td><em>&#8220;Durante a semana de recepção dos calouros 2022, tivemos também a campanha de arrecadação de material de higiene para a ação social. Cujo objetivo era ajudar a Nuselon, uma instituição sem fins lucrativos, que atende bebês, crianças e adolescentes vulneráveis. Na quinta-feira dia 11 de agosto de 2022, fizemos a entrega das doações. Com a ajuda da Tânia, aproveitamos para conhecer mais sobre esse maravilhoso trabalho que o Nuselon realiza. Ela nos contou como funciona a organização, tanto como as crianças chegam até eles, como elas convivem entre elas e com a sociedade, como também a parte mais prática da rotina deles. Eu tive a oportunidade de sair da minha realidade e ir de encontro com a deles, que apesar de tão pequenos e indefesos são grandes guerreiros. Enfrentam tanto a situação familiar vivida, como o preconceito social por serem “do abrigo”. Pude conhecer também outra forma de amor e caridade, o amor que as pedagogas, e funcionárias têm para com eles, que apesar da menina estar correndo longe, Tânia a reconheceu pelo nome. Mais uma vez o zelo e carinho das funcionárias com as crianças se faz admirável e impactante. Transformando não só a vida daquelas crianças, mas também a minha.&#8221; <strong>Letícia Lumy Nunomura</strong>.</em></td></tr></tbody></table></figure>



<figure class="wp-block-table"><table class="has-verde-claro-background-color has-background"><tbody><tr><td><em>&#8220;Foi maravilhoso poder visitar o Nuselon! Moro bem próximo de lá e não sabia que era uma casa lar. Pude ver que é um trabalho muito bonito que é feito ali. Ao entrar no local podemos ver um lugar calmo e organizado. A Tânia nos mostrou tudo e como tudo funciona lá. Tudo tem cronograma e um propósito de ser organizado do jeito que é. Tem um ambiente extremamente acolhedor. Tudo é muito bem pensado para ajudar as crianças e jovens que estão ali, a ter uma boa formação e o básico para seu desenvolvimento pessoal. Por não saber que existia essa instituição tão perto de mim, refleti bastante no quão bonito é ver pessoas e entidades estão empenhadas em dar o devido suporte às nossas crianças e adolescentes. É realmente muito especial, a visita lá melhorou muito minha semana. Dá para ver nos olhos da Tânia que ela ama auxiliar ali e que ama as pessoas que convivem com ela. É inspirador ver um esforço organizado e conjunto para o bem-estar desses jovens. Agradeço ao Nuselon pela oportunidade de conhecer e contribuir com o trabalho deles.&#8221; <strong>Derick De Souza Trajano</strong>.</em></td></tr></tbody></table></figure>



<p></p>



<figure class="wp-block-table"><table class="has-verde-claro-background-color has-background"><tbody><tr><td><em>&#8220;Durante a programação de integração fomos informados sobre a arrecadação de produtos de limpeza, tanto pela Juliani quanto pela nossa veterana Letícia, diversas vezes. Nem que fosse um detergente de R$2,30, tanto que durante a visita conversando sobre a ajuda da comunidade a mulher que nos atendeu fala que detergente é algo que tem vez que falta e tem que trazer de casa. Como citado visitamos o Nuselon para fazer a entrega dos produtos, naquele horário as crianças estavam dormindo e os adolescentes estudando, mas fomos bem recebidos tivemos uma ótima conversa sobre o que se tratava o Nuselon que até então não sabíamos, mas é uma casa lar, ela acolhe crianças e adolescentes que o Conselho afasta do convívio familiar, e sobre a estrutura de assistentes, cuidadores e psicólogas. Onde visitamos havia 3 casas, a primeira sendo de meninos e a última de bebê, o Nuselon tem 4 casas ao todo e lá podemos ver o antigo projeto de grafite.&#8221; <strong>Eduardo Cardoso Arantes Pereira</strong>.</em></td></tr></tbody></table></figure>



<p> </p>



<p></p>



<p><em>Obs: texto confeccionado pelos estudantes de Graduação e/ou Coordenação do curso.</em></p>



<hr class="wp-block-separator has-text-color has-cinza-color has-css-opacity has-cinza-background-color has-background is-style-wide" />



<figure class="wp-block-embed is-type-video is-provider-youtube wp-block-embed-youtube wp-embed-aspect-16-9 wp-has-aspect-ratio"><div class="wp-block-embed__wrapper">
<iframe loading="lazy" title="Prêmio Boas Práticas Solidárias na Semana do Estudante Ingressante 2022 (Engenharia Elétrica)" width="500" height="281" src="https://www.youtube.com/embed/9B0lPFn8G5I?feature=oembed" frameborder="0" allow="accelerometer; autoplay; clipboard-write; encrypted-media; gyroscope; picture-in-picture; web-share" referrerpolicy="strict-origin-when-cross-origin" allowfullscreen></iframe>
</div></figure>


<div class="wp-block-image">
<figure class="aligncenter size-full"><img loading="lazy" decoding="async" width="1024" height="768" src="https://sites.uel.br/ser/wp-content/uploads/2022/10/premio_boas_praticas_engenharia_eletrica_01.jpeg" alt="" class="wp-image-3320" srcset="https://sites.uel.br/ser/wp-content/uploads/2022/10/premio_boas_praticas_engenharia_eletrica_01.jpeg 1024w, https://sites.uel.br/ser/wp-content/uploads/2022/10/premio_boas_praticas_engenharia_eletrica_01-300x225.jpeg 300w, https://sites.uel.br/ser/wp-content/uploads/2022/10/premio_boas_praticas_engenharia_eletrica_01-768x576.jpeg 768w" sizes="auto, (max-width: 1024px) 100vw, 1024px" /></figure>
</div>

<div class="wp-block-image">
<figure class="aligncenter size-large"><img loading="lazy" decoding="async" width="768" height="1024" src="https://sites.uel.br/ser/wp-content/uploads/2022/10/premio_boas_praticas_engenharia_eletrica_02-768x1024.jpeg" alt="" class="wp-image-3322" srcset="https://sites.uel.br/ser/wp-content/uploads/2022/10/premio_boas_praticas_engenharia_eletrica_02-768x1024.jpeg 768w, https://sites.uel.br/ser/wp-content/uploads/2022/10/premio_boas_praticas_engenharia_eletrica_02-225x300.jpeg 225w, https://sites.uel.br/ser/wp-content/uploads/2022/10/premio_boas_praticas_engenharia_eletrica_02.jpeg 867w" sizes="auto, (max-width: 768px) 100vw, 768px" /></figure>
</div>

<div class="wp-block-image">
<figure class="aligncenter size-large"><img loading="lazy" decoding="async" width="768" height="1024" src="https://sites.uel.br/ser/wp-content/uploads/2022/10/premio_boas_praticas_engenharia_eletrica_03-768x1024.jpeg" alt="" class="wp-image-3323" srcset="https://sites.uel.br/ser/wp-content/uploads/2022/10/premio_boas_praticas_engenharia_eletrica_03-768x1024.jpeg 768w, https://sites.uel.br/ser/wp-content/uploads/2022/10/premio_boas_praticas_engenharia_eletrica_03-225x300.jpeg 225w, https://sites.uel.br/ser/wp-content/uploads/2022/10/premio_boas_praticas_engenharia_eletrica_03.jpeg 867w" sizes="auto, (max-width: 768px) 100vw, 768px" /></figure>
</div>

<div class="wp-block-image">
<figure class="aligncenter size-large"><img loading="lazy" decoding="async" width="1024" height="1024" src="https://sites.uel.br/ser/wp-content/uploads/2022/10/premio_boas_praticas_engenharia_eletrica_04-1024x1024.png" alt="" class="wp-image-3324" srcset="https://sites.uel.br/ser/wp-content/uploads/2022/10/premio_boas_praticas_engenharia_eletrica_04-1024x1024.png 1024w, https://sites.uel.br/ser/wp-content/uploads/2022/10/premio_boas_praticas_engenharia_eletrica_04-300x300.png 300w, https://sites.uel.br/ser/wp-content/uploads/2022/10/premio_boas_praticas_engenharia_eletrica_04-150x150.png 150w, https://sites.uel.br/ser/wp-content/uploads/2022/10/premio_boas_praticas_engenharia_eletrica_04-768x768.png 768w, https://sites.uel.br/ser/wp-content/uploads/2022/10/premio_boas_praticas_engenharia_eletrica_04.png 1080w" sizes="auto, (max-width: 1024px) 100vw, 1024px" /></figure>
</div>

<p>Cursos Inscritos Premiados 2022 Engenharia Elétrica Resumo da Ação: Durante o planejamento da Semana de Recepção aos Ingressantes do curso de graduação em Engenharia Elétrica, entramos em contato com o NUSELON &#8211; Núcleo Social Evangélico de Londrina. Trata-se de uma instituição sem fins lucrativos, que desde 1978, atende crianças e adolescentes em situação de vulnerabilidade, [&hellip;]</p>
