{"id":3109,"date":"2022-10-11T14:42:13","date_gmt":"2022-10-11T17:42:13","guid":{"rendered":"https:\/\/sites.uel.br\/ser\/?page_id=3109"},"modified":"2023-07-07T14:24:57","modified_gmt":"2023-07-07T17:24:57","slug":"premio-boas-praticas-na-recepcao-aos-estudantes-ingressantes-premiados-2022-design-de-moda","status":"publish","type":"page","link":"https:\/\/sites.uel.br\/ser\/premio-boas-praticas-na-recepcao-aos-estudantes-ingressantes-premiados-2022-design-de-moda\/","title":{"rendered":"Pr\u00eamio Boas Pr\u00e1ticas na Recep\u00e7\u00e3o aos Estudantes Ingressantes"},"content":{"rendered":"\n<hr class=\"wp-block-separator has-alpha-channel-opacity is-style-wide\" \/>\n\n\n\n<figure class=\"wp-block-image size-full\"><img loading=\"lazy\" decoding=\"async\" width=\"1280\" height=\"512\" src=\"https:\/\/sites.uel.br\/ser\/wp-content\/uploads\/2021\/07\/IMG-20210727-WA0028.jpg\" alt=\"\" class=\"wp-image-1021\" srcset=\"https:\/\/sites.uel.br\/ser\/wp-content\/uploads\/2021\/07\/IMG-20210727-WA0028.jpg 1280w, https:\/\/sites.uel.br\/ser\/wp-content\/uploads\/2021\/07\/IMG-20210727-WA0028-300x120.jpg 300w, https:\/\/sites.uel.br\/ser\/wp-content\/uploads\/2021\/07\/IMG-20210727-WA0028-1024x410.jpg 1024w, https:\/\/sites.uel.br\/ser\/wp-content\/uploads\/2021\/07\/IMG-20210727-WA0028-768x307.jpg 768w\" sizes=\"auto, (max-width: 1280px) 100vw, 1280px\" \/><\/figure>\n\n\n\n<h2 class=\"wp-block-heading\">Cursos Inscritos Premiados<\/h2>\n\n\n\n<h2 class=\"wp-block-heading\">2022<\/h2>\n\n\n\n<h2 class=\"wp-block-heading\">Design de Moda<\/h2>\n\n\n\n<p><strong>Resumo da A\u00e7\u00e3o:<\/strong><\/p>\n\n\n\n<p>A Semana de Recep\u00e7\u00e3o aos Estudantes do Departamento de Design foi realizada de 01 a 05 de agosto de 2022, com os alunos veteranos e ingressantes dos cursos de Design de Moda e Design Gr\u00e1fico. Entre as in\u00fameras a\u00e7\u00f5es e atividades realizadas, destaca-se para o pr\u00eamio boas pr\u00e1ticas:&nbsp; <\/p>\n\n\n\n<p><strong>1) <\/strong>A Feira de Escambo e Doa\u00e7\u00f5es: iniciada na semana de recep\u00e7\u00e3o e realizada todas as quartas-feiras do m\u00eas de agosto, teve como objetivo receber roupas, acess\u00f3rios e demais objetos que os alunos e servidores quisessem trocar ou entregar para doa\u00e7\u00e3o. Teve como objetivo promover a integra\u00e7\u00e3o, conscientizar sobre o prolongamento da vida \u00fatil dos produtos por meio da troca e da doa\u00e7\u00e3o e arrecadar produtos que foram entregues na 6\u00ba Vara Criminal Maria da Penha, com a inten\u00e7\u00e3o de que sejam destinadas \u00e0 mulheres v\u00edtimas de viol\u00eancia dom\u00e9stica que necessitam reconstruir suas vidas e inserirem-se no mercado de trabalho. Foi idealizada e organizada pela Prof\u00aa M\u00aa. Ligia Gomes Pereira Prete Andreo e Prof\u00aa M\u00aa. Maria Antonia Rom\u00e3o da Silva.&nbsp; <\/p>\n\n\n\n<p><strong>2) <\/strong>Oficina de Estamparia Antes de tudo#Eurespeito. Organizadoras: Prof\u00aa M\u00aa Thassiana Miotto, Prof\u00aa Dr\u00aa Franciele Menegucci e executada por estudantes monitores. A partir de materiais doados pela PROGRAD, foram executadas estampas sobre a tem\u00e1tica para estudantes e servidores da Universidade. Foram estampadas, em m\u00e9dia, 200 camisetas, numa a\u00e7\u00e3o que provoca a reflex\u00e3o sobre o respeito com as pessoas, com a Universidade e patrim\u00f4nio. <\/p>\n\n\n\n<p><strong>3) <\/strong>Oficina Lettering, Oficina de pintura criativa em paredes e Oficina de Lambe-Lambe: tais oficinas engajaram veteranos e ingressantes em atividades que promoveram a integra\u00e7\u00e3o e aprendizagem compartilhada, desencadeando processos de revitaliza\u00e7\u00e3o dos espa\u00e7os de conviv\u00eancia do Departamento de Design.<\/p>\n\n\n\n<p><em>Obs: texto confeccionado pelos estudantes de Gradua\u00e7\u00e3o e\/ou Coordena\u00e7\u00e3o do curso.<\/em><\/p>\n\n\n\n<hr class=\"wp-block-separator has-text-color has-cinza-color has-css-opacity has-cinza-background-color has-background is-style-wide\" \/>\n\n\n<div class=\"wp-block-image\">\n<figure class=\"aligncenter size-full\"><img loading=\"lazy\" decoding=\"async\" width=\"816\" height=\"459\" src=\"https:\/\/sites.uel.br\/ser\/wp-content\/uploads\/2022\/10\/premio_boas_praticas_design_moda_design_grafico_01-rotated.jpg\" alt=\"\" class=\"wp-image-3293\" srcset=\"https:\/\/sites.uel.br\/ser\/wp-content\/uploads\/2022\/10\/premio_boas_praticas_design_moda_design_grafico_01-rotated.jpg 816w, https:\/\/sites.uel.br\/ser\/wp-content\/uploads\/2022\/10\/premio_boas_praticas_design_moda_design_grafico_01-300x169.jpg 300w, https:\/\/sites.uel.br\/ser\/wp-content\/uploads\/2022\/10\/premio_boas_praticas_design_moda_design_grafico_01-768x432.jpg 768w\" sizes=\"auto, (max-width: 816px) 100vw, 816px\" \/><\/figure>\n<\/div>\n\n<div class=\"wp-block-image\">\n<figure class=\"aligncenter size-full\"><img loading=\"lazy\" decoding=\"async\" width=\"459\" height=\"816\" src=\"https:\/\/sites.uel.br\/ser\/wp-content\/uploads\/2022\/10\/premio_boas_praticas_design_moda_design_grafico_02.jpg\" alt=\"\" class=\"wp-image-3294\" srcset=\"https:\/\/sites.uel.br\/ser\/wp-content\/uploads\/2022\/10\/premio_boas_praticas_design_moda_design_grafico_02.jpg 459w, https:\/\/sites.uel.br\/ser\/wp-content\/uploads\/2022\/10\/premio_boas_praticas_design_moda_design_grafico_02-169x300.jpg 169w\" sizes=\"auto, (max-width: 459px) 100vw, 459px\" \/><\/figure>\n<\/div>\n\n<div class=\"wp-block-image\">\n<figure class=\"aligncenter size-large\"><img loading=\"lazy\" decoding=\"async\" width=\"1024\" height=\"576\" src=\"https:\/\/sites.uel.br\/ser\/wp-content\/uploads\/2022\/10\/premio_boas_praticas_design_moda_design_grafico_03-1024x576.jpg\" alt=\"\" class=\"wp-image-3295\" srcset=\"https:\/\/sites.uel.br\/ser\/wp-content\/uploads\/2022\/10\/premio_boas_praticas_design_moda_design_grafico_03-1024x576.jpg 1024w, https:\/\/sites.uel.br\/ser\/wp-content\/uploads\/2022\/10\/premio_boas_praticas_design_moda_design_grafico_03-300x169.jpg 300w, https:\/\/sites.uel.br\/ser\/wp-content\/uploads\/2022\/10\/premio_boas_praticas_design_moda_design_grafico_03-768x432.jpg 768w, https:\/\/sites.uel.br\/ser\/wp-content\/uploads\/2022\/10\/premio_boas_praticas_design_moda_design_grafico_03.jpg 1280w\" sizes=\"auto, (max-width: 1024px) 100vw, 1024px\" \/><\/figure>\n<\/div>\n\n<div class=\"wp-block-image\">\n<figure class=\"aligncenter size-large\"><img loading=\"lazy\" decoding=\"async\" width=\"1024\" height=\"576\" src=\"https:\/\/sites.uel.br\/ser\/wp-content\/uploads\/2022\/10\/premio_boas_praticas_design_moda_design_grafico_04-1024x576.jpg\" alt=\"\" class=\"wp-image-3296\" srcset=\"https:\/\/sites.uel.br\/ser\/wp-content\/uploads\/2022\/10\/premio_boas_praticas_design_moda_design_grafico_04-1024x576.jpg 1024w, https:\/\/sites.uel.br\/ser\/wp-content\/uploads\/2022\/10\/premio_boas_praticas_design_moda_design_grafico_04-300x169.jpg 300w, https:\/\/sites.uel.br\/ser\/wp-content\/uploads\/2022\/10\/premio_boas_praticas_design_moda_design_grafico_04-768x432.jpg 768w, https:\/\/sites.uel.br\/ser\/wp-content\/uploads\/2022\/10\/premio_boas_praticas_design_moda_design_grafico_04.jpg 1280w\" sizes=\"auto, (max-width: 1024px) 100vw, 1024px\" \/><\/figure>\n<\/div>\n\n<div class=\"wp-block-image\">\n<figure class=\"aligncenter size-large\"><img loading=\"lazy\" decoding=\"async\" width=\"1024\" height=\"576\" src=\"https:\/\/sites.uel.br\/ser\/wp-content\/uploads\/2022\/10\/premio_boas_praticas_design_moda_design_grafico_05-1024x576.jpg\" alt=\"\" class=\"wp-image-3297\" srcset=\"https:\/\/sites.uel.br\/ser\/wp-content\/uploads\/2022\/10\/premio_boas_praticas_design_moda_design_grafico_05-1024x576.jpg 1024w, https:\/\/sites.uel.br\/ser\/wp-content\/uploads\/2022\/10\/premio_boas_praticas_design_moda_design_grafico_05-300x169.jpg 300w, https:\/\/sites.uel.br\/ser\/wp-content\/uploads\/2022\/10\/premio_boas_praticas_design_moda_design_grafico_05-768x432.jpg 768w, https:\/\/sites.uel.br\/ser\/wp-content\/uploads\/2022\/10\/premio_boas_praticas_design_moda_design_grafico_05.jpg 1280w\" sizes=\"auto, (max-width: 1024px) 100vw, 1024px\" \/><\/figure>\n<\/div>\n\n<div class=\"wp-block-image\">\n<figure class=\"aligncenter size-full\"><img loading=\"lazy\" decoding=\"async\" width=\"459\" height=\"816\" src=\"https:\/\/sites.uel.br\/ser\/wp-content\/uploads\/2022\/10\/premio_boas_praticas_design_moda_design_grafico_06.jpg\" alt=\"\" class=\"wp-image-3298\" srcset=\"https:\/\/sites.uel.br\/ser\/wp-content\/uploads\/2022\/10\/premio_boas_praticas_design_moda_design_grafico_06.jpg 459w, https:\/\/sites.uel.br\/ser\/wp-content\/uploads\/2022\/10\/premio_boas_praticas_design_moda_design_grafico_06-169x300.jpg 169w\" sizes=\"auto, (max-width: 459px) 100vw, 459px\" \/><\/figure>\n<\/div>\n\n<div class=\"wp-block-image\">\n<figure class=\"aligncenter size-full\"><img loading=\"lazy\" decoding=\"async\" width=\"459\" height=\"816\" src=\"https:\/\/sites.uel.br\/ser\/wp-content\/uploads\/2022\/10\/premio_boas_praticas_design_moda_design_grafico_07.jpg\" alt=\"\" class=\"wp-image-3299\" srcset=\"https:\/\/sites.uel.br\/ser\/wp-content\/uploads\/2022\/10\/premio_boas_praticas_design_moda_design_grafico_07.jpg 459w, https:\/\/sites.uel.br\/ser\/wp-content\/uploads\/2022\/10\/premio_boas_praticas_design_moda_design_grafico_07-169x300.jpg 169w\" sizes=\"auto, (max-width: 459px) 100vw, 459px\" \/><\/figure>\n<\/div>\n\n<div class=\"wp-block-image\">\n<figure class=\"aligncenter size-large\"><img loading=\"lazy\" decoding=\"async\" width=\"1024\" height=\"768\" src=\"https:\/\/sites.uel.br\/ser\/wp-content\/uploads\/2022\/10\/premio_boas_praticas_design_moda_design_grafico_08-1024x768.jpg\" alt=\"\" class=\"wp-image-3300\" srcset=\"https:\/\/sites.uel.br\/ser\/wp-content\/uploads\/2022\/10\/premio_boas_praticas_design_moda_design_grafico_08-1024x768.jpg 1024w, https:\/\/sites.uel.br\/ser\/wp-content\/uploads\/2022\/10\/premio_boas_praticas_design_moda_design_grafico_08-300x225.jpg 300w, https:\/\/sites.uel.br\/ser\/wp-content\/uploads\/2022\/10\/premio_boas_praticas_design_moda_design_grafico_08-768x576.jpg 768w, https:\/\/sites.uel.br\/ser\/wp-content\/uploads\/2022\/10\/premio_boas_praticas_design_moda_design_grafico_08.jpg 1203w\" sizes=\"auto, (max-width: 1024px) 100vw, 1024px\" \/><\/figure>\n<\/div>","protected":false},"excerpt":{"rendered":"<p>Cursos Inscritos Premiados 2022 Design de Moda Resumo da A\u00e7\u00e3o: A Semana de Recep\u00e7\u00e3o aos Estudantes do Departamento de Design foi realizada de 01 a 05 de agosto de 2022, com os alunos veteranos e ingressantes dos cursos de Design de Moda e Design Gr\u00e1fico. Entre as in\u00fameras a\u00e7\u00f5es e atividades realizadas, destaca-se para o [&hellip;]<\/p>\n","protected":false},"author":8,"featured_media":0,"parent":0,"menu_order":0,"comment_status":"closed","ping_status":"closed","template":"","meta":{"_acf_changed":false,"_themeisle_gutenberg_block_has_review":false,"footnotes":""},"class_list":["post-3109","page","type-page","status-publish","hentry"],"acf":[],"_links":{"self":[{"href":"https:\/\/sites.uel.br\/ser\/wp-json\/wp\/v2\/pages\/3109","targetHints":{"allow":["GET"]}}],"collection":[{"href":"https:\/\/sites.uel.br\/ser\/wp-json\/wp\/v2\/pages"}],"about":[{"href":"https:\/\/sites.uel.br\/ser\/wp-json\/wp\/v2\/types\/page"}],"author":[{"embeddable":true,"href":"https:\/\/sites.uel.br\/ser\/wp-json\/wp\/v2\/users\/8"}],"replies":[{"embeddable":true,"href":"https:\/\/sites.uel.br\/ser\/wp-json\/wp\/v2\/comments?post=3109"}],"version-history":[{"count":16,"href":"https:\/\/sites.uel.br\/ser\/wp-json\/wp\/v2\/pages\/3109\/revisions"}],"predecessor-version":[{"id":4827,"href":"https:\/\/sites.uel.br\/ser\/wp-json\/wp\/v2\/pages\/3109\/revisions\/4827"}],"wp:attachment":[{"href":"https:\/\/sites.uel.br\/ser\/wp-json\/wp\/v2\/media?parent=3109"}],"curies":[{"name":"wp","href":"https:\/\/api.w.org\/{rel}","templated":true}]}}

Prêmio Boas Práticas na Recepção aos Estudantes Ingressantes

<hr class="wp-block-separator has-alpha-channel-opacity is-style-wide" />



<figure class="wp-block-image size-full"><img loading="lazy" decoding="async" width="1280" height="512" src="https://sites.uel.br/ser/wp-content/uploads/2021/07/IMG-20210727-WA0028.jpg" alt="" class="wp-image-1021" srcset="https://sites.uel.br/ser/wp-content/uploads/2021/07/IMG-20210727-WA0028.jpg 1280w, https://sites.uel.br/ser/wp-content/uploads/2021/07/IMG-20210727-WA0028-300x120.jpg 300w, https://sites.uel.br/ser/wp-content/uploads/2021/07/IMG-20210727-WA0028-1024x410.jpg 1024w, https://sites.uel.br/ser/wp-content/uploads/2021/07/IMG-20210727-WA0028-768x307.jpg 768w" sizes="auto, (max-width: 1280px) 100vw, 1280px" /></figure>



<h2 class="wp-block-heading">Cursos Inscritos Premiados</h2>



<h2 class="wp-block-heading">2022</h2>



<h2 class="wp-block-heading">Design de Moda</h2>



<p><strong>Resumo da Ação:</strong></p>



<p>A Semana de Recepção aos Estudantes do Departamento de Design foi realizada de 01 a 05 de agosto de 2022, com os alunos veteranos e ingressantes dos cursos de Design de Moda e Design Gráfico. Entre as inúmeras ações e atividades realizadas, destaca-se para o prêmio boas práticas:&nbsp; </p>



<p><strong>1) </strong>A Feira de Escambo e Doações: iniciada na semana de recepção e realizada todas as quartas-feiras do mês de agosto, teve como objetivo receber roupas, acessórios e demais objetos que os alunos e servidores quisessem trocar ou entregar para doação. Teve como objetivo promover a integração, conscientizar sobre o prolongamento da vida útil dos produtos por meio da troca e da doação e arrecadar produtos que foram entregues na 6º Vara Criminal Maria da Penha, com a intenção de que sejam destinadas à mulheres vítimas de violência doméstica que necessitam reconstruir suas vidas e inserirem-se no mercado de trabalho. Foi idealizada e organizada pela Profª Mª. Ligia Gomes Pereira Prete Andreo e Profª Mª. Maria Antonia Romão da Silva.&nbsp; </p>



<p><strong>2) </strong>Oficina de Estamparia Antes de tudo#Eurespeito. Organizadoras: Profª Mª Thassiana Miotto, Profª Drª Franciele Menegucci e executada por estudantes monitores. A partir de materiais doados pela PROGRAD, foram executadas estampas sobre a temática para estudantes e servidores da Universidade. Foram estampadas, em média, 200 camisetas, numa ação que provoca a reflexão sobre o respeito com as pessoas, com a Universidade e patrimônio. </p>



<p><strong>3) </strong>Oficina Lettering, Oficina de pintura criativa em paredes e Oficina de Lambe-Lambe: tais oficinas engajaram veteranos e ingressantes em atividades que promoveram a integração e aprendizagem compartilhada, desencadeando processos de revitalização dos espaços de convivência do Departamento de Design.</p>



<p><em>Obs: texto confeccionado pelos estudantes de Graduação e/ou Coordenação do curso.</em></p>



<hr class="wp-block-separator has-text-color has-cinza-color has-css-opacity has-cinza-background-color has-background is-style-wide" />


<div class="wp-block-image">
<figure class="aligncenter size-full"><img loading="lazy" decoding="async" width="816" height="459" src="https://sites.uel.br/ser/wp-content/uploads/2022/10/premio_boas_praticas_design_moda_design_grafico_01-rotated.jpg" alt="" class="wp-image-3293" srcset="https://sites.uel.br/ser/wp-content/uploads/2022/10/premio_boas_praticas_design_moda_design_grafico_01-rotated.jpg 816w, https://sites.uel.br/ser/wp-content/uploads/2022/10/premio_boas_praticas_design_moda_design_grafico_01-300x169.jpg 300w, https://sites.uel.br/ser/wp-content/uploads/2022/10/premio_boas_praticas_design_moda_design_grafico_01-768x432.jpg 768w" sizes="auto, (max-width: 816px) 100vw, 816px" /></figure>
</div>

<div class="wp-block-image">
<figure class="aligncenter size-full"><img loading="lazy" decoding="async" width="459" height="816" src="https://sites.uel.br/ser/wp-content/uploads/2022/10/premio_boas_praticas_design_moda_design_grafico_02.jpg" alt="" class="wp-image-3294" srcset="https://sites.uel.br/ser/wp-content/uploads/2022/10/premio_boas_praticas_design_moda_design_grafico_02.jpg 459w, https://sites.uel.br/ser/wp-content/uploads/2022/10/premio_boas_praticas_design_moda_design_grafico_02-169x300.jpg 169w" sizes="auto, (max-width: 459px) 100vw, 459px" /></figure>
</div>

<div class="wp-block-image">
<figure class="aligncenter size-large"><img loading="lazy" decoding="async" width="1024" height="576" src="https://sites.uel.br/ser/wp-content/uploads/2022/10/premio_boas_praticas_design_moda_design_grafico_03-1024x576.jpg" alt="" class="wp-image-3295" srcset="https://sites.uel.br/ser/wp-content/uploads/2022/10/premio_boas_praticas_design_moda_design_grafico_03-1024x576.jpg 1024w, https://sites.uel.br/ser/wp-content/uploads/2022/10/premio_boas_praticas_design_moda_design_grafico_03-300x169.jpg 300w, https://sites.uel.br/ser/wp-content/uploads/2022/10/premio_boas_praticas_design_moda_design_grafico_03-768x432.jpg 768w, https://sites.uel.br/ser/wp-content/uploads/2022/10/premio_boas_praticas_design_moda_design_grafico_03.jpg 1280w" sizes="auto, (max-width: 1024px) 100vw, 1024px" /></figure>
</div>

<div class="wp-block-image">
<figure class="aligncenter size-large"><img loading="lazy" decoding="async" width="1024" height="576" src="https://sites.uel.br/ser/wp-content/uploads/2022/10/premio_boas_praticas_design_moda_design_grafico_04-1024x576.jpg" alt="" class="wp-image-3296" srcset="https://sites.uel.br/ser/wp-content/uploads/2022/10/premio_boas_praticas_design_moda_design_grafico_04-1024x576.jpg 1024w, https://sites.uel.br/ser/wp-content/uploads/2022/10/premio_boas_praticas_design_moda_design_grafico_04-300x169.jpg 300w, https://sites.uel.br/ser/wp-content/uploads/2022/10/premio_boas_praticas_design_moda_design_grafico_04-768x432.jpg 768w, https://sites.uel.br/ser/wp-content/uploads/2022/10/premio_boas_praticas_design_moda_design_grafico_04.jpg 1280w" sizes="auto, (max-width: 1024px) 100vw, 1024px" /></figure>
</div>

<div class="wp-block-image">
<figure class="aligncenter size-large"><img loading="lazy" decoding="async" width="1024" height="576" src="https://sites.uel.br/ser/wp-content/uploads/2022/10/premio_boas_praticas_design_moda_design_grafico_05-1024x576.jpg" alt="" class="wp-image-3297" srcset="https://sites.uel.br/ser/wp-content/uploads/2022/10/premio_boas_praticas_design_moda_design_grafico_05-1024x576.jpg 1024w, https://sites.uel.br/ser/wp-content/uploads/2022/10/premio_boas_praticas_design_moda_design_grafico_05-300x169.jpg 300w, https://sites.uel.br/ser/wp-content/uploads/2022/10/premio_boas_praticas_design_moda_design_grafico_05-768x432.jpg 768w, https://sites.uel.br/ser/wp-content/uploads/2022/10/premio_boas_praticas_design_moda_design_grafico_05.jpg 1280w" sizes="auto, (max-width: 1024px) 100vw, 1024px" /></figure>
</div>

<div class="wp-block-image">
<figure class="aligncenter size-full"><img loading="lazy" decoding="async" width="459" height="816" src="https://sites.uel.br/ser/wp-content/uploads/2022/10/premio_boas_praticas_design_moda_design_grafico_06.jpg" alt="" class="wp-image-3298" srcset="https://sites.uel.br/ser/wp-content/uploads/2022/10/premio_boas_praticas_design_moda_design_grafico_06.jpg 459w, https://sites.uel.br/ser/wp-content/uploads/2022/10/premio_boas_praticas_design_moda_design_grafico_06-169x300.jpg 169w" sizes="auto, (max-width: 459px) 100vw, 459px" /></figure>
</div>

<div class="wp-block-image">
<figure class="aligncenter size-full"><img loading="lazy" decoding="async" width="459" height="816" src="https://sites.uel.br/ser/wp-content/uploads/2022/10/premio_boas_praticas_design_moda_design_grafico_07.jpg" alt="" class="wp-image-3299" srcset="https://sites.uel.br/ser/wp-content/uploads/2022/10/premio_boas_praticas_design_moda_design_grafico_07.jpg 459w, https://sites.uel.br/ser/wp-content/uploads/2022/10/premio_boas_praticas_design_moda_design_grafico_07-169x300.jpg 169w" sizes="auto, (max-width: 459px) 100vw, 459px" /></figure>
</div>

<div class="wp-block-image">
<figure class="aligncenter size-large"><img loading="lazy" decoding="async" width="1024" height="768" src="https://sites.uel.br/ser/wp-content/uploads/2022/10/premio_boas_praticas_design_moda_design_grafico_08-1024x768.jpg" alt="" class="wp-image-3300" srcset="https://sites.uel.br/ser/wp-content/uploads/2022/10/premio_boas_praticas_design_moda_design_grafico_08-1024x768.jpg 1024w, https://sites.uel.br/ser/wp-content/uploads/2022/10/premio_boas_praticas_design_moda_design_grafico_08-300x225.jpg 300w, https://sites.uel.br/ser/wp-content/uploads/2022/10/premio_boas_praticas_design_moda_design_grafico_08-768x576.jpg 768w, https://sites.uel.br/ser/wp-content/uploads/2022/10/premio_boas_praticas_design_moda_design_grafico_08.jpg 1203w" sizes="auto, (max-width: 1024px) 100vw, 1024px" /></figure>
</div>

<p>Cursos Inscritos Premiados 2022 Design de Moda Resumo da Ação: A Semana de Recepção aos Estudantes do Departamento de Design foi realizada de 01 a 05 de agosto de 2022, com os alunos veteranos e ingressantes dos cursos de Design de Moda e Design Gráfico. Entre as inúmeras ações e atividades realizadas, destaca-se para o [&hellip;]</p>
