{"id":2589,"date":"2022-07-28T08:59:33","date_gmt":"2022-07-28T11:59:33","guid":{"rendered":"https:\/\/sites.uel.br\/ser\/?page_id=2589"},"modified":"2026-01-09T13:03:51","modified_gmt":"2026-01-09T16:03:51","slug":"creditos","status":"publish","type":"page","link":"https:\/\/sites.uel.br\/ser\/creditos\/","title":{"rendered":"Cr\u00e9ditos"},"content":{"rendered":"\n<hr class=\"wp-block-separator has-alpha-channel-opacity is-style-wide\" \/>\n\n\n<div class=\"wp-block-image\">\n<figure class=\"aligncenter size-full\"><img loading=\"lazy\" decoding=\"async\" width=\"1279\" height=\"510\" src=\"https:\/\/sites.uel.br\/ser\/wp-content\/uploads\/2025\/03\/topo_ser_uel_2025.png\" alt=\"\" class=\"wp-image-7631\" srcset=\"https:\/\/sites.uel.br\/ser\/wp-content\/uploads\/2025\/03\/topo_ser_uel_2025.png 1279w, https:\/\/sites.uel.br\/ser\/wp-content\/uploads\/2025\/03\/topo_ser_uel_2025-300x120.png 300w, https:\/\/sites.uel.br\/ser\/wp-content\/uploads\/2025\/03\/topo_ser_uel_2025-1024x408.png 1024w, https:\/\/sites.uel.br\/ser\/wp-content\/uploads\/2025\/03\/topo_ser_uel_2025-768x306.png 768w\" sizes=\"auto, (max-width: 1279px) 100vw, 1279px\" \/><\/figure>\n<\/div>\n\n\n<p><strong>PR\u00d3-REITORIA DE GRADUA\u00c7\u00c3O (PROGRAD)<\/strong><\/p>\n\n\n\n<p>Profa. Ana M\u00e1rcia Fernandes Tucci de Carvalho (Pr\u00f3-Reitora de Gradua\u00e7\u00e3o)<\/p>\n\n\n\n<p>Profa. Maria Elisa Wotzasek Cestari (Diretora de Assuntos Acad\u00eamicos)<\/p>\n\n\n\n<p>Profa. Lilian Kemmer Chiment\u00e3o (Diretora de Apoio \u00e0 A\u00e7\u00e3o Pedag\u00f3gica)<\/p>\n\n\n\n<p>Fabiano Ferrari Ribeiro (Organiza\u00e7\u00e3o Site)<\/p>\n\n\n\n<p>Profa. Jamile Carla Baptista (Comiss\u00e3o Coordenadora)<\/p>\n\n\n\n<p>Ingrid Caroline de Oliveira Ausec (N\u00facleo de Acessibilidade &#8211; Coordenadora)<\/p>\n\n\n\n<p>Ariadne de Souza Choucino (N\u00facleo de Acessibilidade &#8211; Libras)<\/p>\n\n\n\n<p>Credivaldo Mariano da Silva (N\u00facleo de Acessibilidade &#8211; Libras) *<\/p>\n\n\n\n<p>Maria Rosinei dos Santos Zichack (N\u00facleo de Acessibilidade &#8211; Libras) *<\/p>\n\n\n\n<p>Renan Guilherme Pimentel (N\u00facleo de Acessibilidade &#8211; Libras)<\/p>\n\n\n\n<p>Rosimeire Rodriguez da Cruz Gaspar (N\u00facleo de Acessibilidade &#8211; Libras) *<\/p>\n\n\n\n<p>Talita Sharon Machado Sim\u00f5es (N\u00facleo de Acessibilidade &#8211; Libras) *<\/p>\n\n\n\n<p>* <em>material gravado em 2023\/2024<\/em><\/p>\n\n\n\n<div style=\"height:30px\" aria-hidden=\"true\" class=\"wp-block-spacer\"><\/div>\n\n\n\n<p><strong>COORDENADORIA DE COMUNICA\u00c7\u00c3O SOCIAL (COM)<\/strong><\/p>\n\n\n\n<p>Beatriz Silv\u00e9rio Botelho (Coordenadora)<\/p>\n\n\n\n<p>Ana Clara Piccinini<\/p>\n\n\n\n<p>Isadora Munhoz<\/p>\n\n\n\n<p>Marcela Alves dos Santos<\/p>\n\n\n\n<p>Raquel Pimentel<\/p>\n\n\n\n<div style=\"height:30px\" aria-hidden=\"true\" class=\"wp-block-spacer\"><\/div>\n\n\n\n<p><strong>TV UEL<\/strong><\/p>\n\n\n\n<p>C\u00e9lio Costa (Coordenador &#8211; Produ\u00e7\u00e3o dos V\u00eddeos)<\/p>\n\n\n\n<p>Marco Antonio Barros (Jornalismo &#8211; Produ\u00e7\u00e3o, Edi\u00e7\u00e3o dos V\u00eddeos)<\/p>\n\n\n\n<p>Fiama Helo\u00edsa (Jornalismo &#8211; Apoio)<\/p>\n\n\n\n<div style=\"height:30px\" aria-hidden=\"true\" class=\"wp-block-spacer\"><\/div>\n\n\n\n<p><strong>DEPARTAMENTO DE DESIGN &#8211; CECA<\/strong><\/p>\n\n\n\n<p>Profa. Ana Luisa Boavista (Cria\u00e7\u00e3o das Artes do Site, campanha #EuRespeito)<\/p>\n\n\n\n<p>Profa. Franciele Menegucci (Oficina de Estamparia)<\/p>\n\n\n\n<div style=\"height:30px\" aria-hidden=\"true\" class=\"wp-block-spacer\"><\/div>\n\n\n\n<p><strong>COLEGIADOS DOS CURSOS DE GRADUA\u00c7\u00c3O DA UEL<\/strong><\/p>\n\n\n\n<p><\/p>\n","protected":false},"excerpt":{"rendered":"<p>PR\u00d3-REITORIA DE GRADUA\u00c7\u00c3O (PROGRAD) Profa. Ana M\u00e1rcia Fernandes Tucci de Carvalho (Pr\u00f3-Reitora de Gradua\u00e7\u00e3o) Profa. Maria Elisa Wotzasek Cestari (Diretora de Assuntos Acad\u00eamicos) Profa. Lilian Kemmer Chiment\u00e3o (Diretora de Apoio \u00e0 A\u00e7\u00e3o Pedag\u00f3gica) Fabiano Ferrari Ribeiro (Organiza\u00e7\u00e3o Site) Profa. Jamile Carla Baptista (Comiss\u00e3o Coordenadora) Ingrid Caroline de Oliveira Ausec (N\u00facleo de Acessibilidade &#8211; Coordenadora) Ariadne [&hellip;]<\/p>\n","protected":false},"author":8,"featured_media":0,"parent":0,"menu_order":0,"comment_status":"closed","ping_status":"closed","template":"","meta":{"_acf_changed":false,"_themeisle_gutenberg_block_has_review":false,"footnotes":""},"class_list":["post-2589","page","type-page","status-publish","hentry"],"acf":[],"_links":{"self":[{"href":"https:\/\/sites.uel.br\/ser\/wp-json\/wp\/v2\/pages\/2589","targetHints":{"allow":["GET"]}}],"collection":[{"href":"https:\/\/sites.uel.br\/ser\/wp-json\/wp\/v2\/pages"}],"about":[{"href":"https:\/\/sites.uel.br\/ser\/wp-json\/wp\/v2\/types\/page"}],"author":[{"embeddable":true,"href":"https:\/\/sites.uel.br\/ser\/wp-json\/wp\/v2\/users\/8"}],"replies":[{"embeddable":true,"href":"https:\/\/sites.uel.br\/ser\/wp-json\/wp\/v2\/comments?post=2589"}],"version-history":[{"count":44,"href":"https:\/\/sites.uel.br\/ser\/wp-json\/wp\/v2\/pages\/2589\/revisions"}],"predecessor-version":[{"id":8716,"href":"https:\/\/sites.uel.br\/ser\/wp-json\/wp\/v2\/pages\/2589\/revisions\/8716"}],"wp:attachment":[{"href":"https:\/\/sites.uel.br\/ser\/wp-json\/wp\/v2\/media?parent=2589"}],"curies":[{"name":"wp","href":"https:\/\/api.w.org\/{rel}","templated":true}]}}