{"id":2059,"date":"2022-07-25T10:17:33","date_gmt":"2022-07-25T13:17:33","guid":{"rendered":"https:\/\/sites.uel.br\/ser\/?page_id=2059"},"modified":"2026-02-28T14:44:05","modified_gmt":"2026-02-28T17:44:05","slug":"denuncie-trote","status":"publish","type":"page","link":"https:\/\/sites.uel.br\/ser\/denuncie-trote\/","title":{"rendered":"Denuncie &#8220;Trote&#8221; Violento"},"content":{"rendered":"\n<hr class=\"wp-block-separator has-alpha-channel-opacity is-style-wide\" \/>\n\n\n<div class=\"wp-block-image\">\n<figure class=\"aligncenter size-full\"><img loading=\"lazy\" decoding=\"async\" width=\"1279\" height=\"510\" src=\"https:\/\/sites.uel.br\/ser\/wp-content\/uploads\/2025\/03\/topo_ser_uel_2025.png\" alt=\"\" class=\"wp-image-7631\" srcset=\"https:\/\/sites.uel.br\/ser\/wp-content\/uploads\/2025\/03\/topo_ser_uel_2025.png 1279w, https:\/\/sites.uel.br\/ser\/wp-content\/uploads\/2025\/03\/topo_ser_uel_2025-300x120.png 300w, https:\/\/sites.uel.br\/ser\/wp-content\/uploads\/2025\/03\/topo_ser_uel_2025-1024x408.png 1024w, https:\/\/sites.uel.br\/ser\/wp-content\/uploads\/2025\/03\/topo_ser_uel_2025-768x306.png 768w\" sizes=\"auto, (max-width: 1279px) 100vw, 1279px\" \/><\/figure>\n<\/div>\n\n\n<p>O &#8220;trote&#8221; \u00e9 proibido pela UEL. Conhe\u00e7a os Canais em que poder\u00e1 realizar sua den\u00fancia de pr\u00e1ticas violentas na recep\u00e7\u00e3o.<\/p>\n\n\n\n<div style=\"height:30px\" aria-hidden=\"true\" class=\"wp-block-spacer\"><\/div>\n\n\n\n<figure class=\"wp-block-table\"><table class=\"has-verde-claro-background-color has-background\"><tbody><tr><td class=\"has-text-align-center\" data-align=\"center\"><strong><strong>Atitudes violentas, de qualquer tipo, n\u00e3o coincidem com o que \u00e9 SER UEL<\/strong><\/strong><\/td><\/tr><\/tbody><\/table><\/figure>\n\n\n\n<div style=\"height:30px\" aria-hidden=\"true\" class=\"wp-block-spacer\"><\/div>\n\n\n\n<p><strong>OUVIDORIA DA UEL<\/strong><br><em>registro de den\u00fancias<\/em><br><a href=\"https:\/\/sites.uel.br\/ouvidoria\/denuncia-trote\/\" target=\"_blank\" rel=\"noreferrer noopener\">acesse aqui<\/a><\/p>\n\n\n\n<div style=\"height:30px\" aria-hidden=\"true\" class=\"wp-block-spacer\"><\/div>\n\n\n\n<p><strong>SEGURAN\u00c7A (PREFEITURA DO CAMPUS)<\/strong> <br><a href=\"https:\/\/sites.uel.br\/ser\/denuncie-trote-violento-canais-prefeitura-do-campus-universitario\/\">acesse aqui<\/a><\/p>\n\n\n\n<div style=\"height:30px\" aria-hidden=\"true\" class=\"wp-block-spacer\"><\/div>\n\n\n\n<p><strong>APP UEL MOBILE<\/strong><br><a href=\"https:\/\/play.google.com\/store\/apps\/details?id=br.uel.ati.app.uel_mobile&amp;hl=pt_BR&amp;pli=1\" target=\"_blank\" rel=\"noreferrer noopener\">Android<\/a><br><a href=\"https:\/\/apps.apple.com\/br\/app\/uel-mobile\/id1532054516\" target=\"_blank\" rel=\"noreferrer noopener\">iOS<\/a><\/p>\n\n\n\n<div style=\"height:30px\" aria-hidden=\"true\" class=\"wp-block-spacer\"><\/div>\n\n\n\n<p class=\"has-text-align-center has-verde-escuro-color has-text-color\"><a href=\"https:\/\/sites.uel.br\/ser\/voce-sabia\/\">Conhe\u00e7a mais sobre a Legisla\u00e7\u00e3o da UEL e Municipal sobre o &#8220;trote&#8221;<\/a><\/p>\n","protected":false},"excerpt":{"rendered":"<p>O &#8220;trote&#8221; \u00e9 proibido pela UEL. Conhe\u00e7a os Canais em que poder\u00e1 realizar sua den\u00fancia de pr\u00e1ticas violentas na recep\u00e7\u00e3o. Atitudes violentas, de qualquer tipo, n\u00e3o coincidem com o que \u00e9 SER UEL OUVIDORIA DA UELregistro de den\u00fanciasacesse aqui SEGURAN\u00c7A (PREFEITURA DO CAMPUS) acesse aqui APP UEL MOBILEAndroidiOS Conhe\u00e7a mais sobre a Legisla\u00e7\u00e3o da UEL [&hellip;]<\/p>\n","protected":false},"author":8,"featured_media":0,"parent":0,"menu_order":0,"comment_status":"closed","ping_status":"closed","template":"","meta":{"_acf_changed":false,"_themeisle_gutenberg_block_has_review":false,"footnotes":""},"class_list":["post-2059","page","type-page","status-publish","hentry"],"acf":[],"_links":{"self":[{"href":"https:\/\/sites.uel.br\/ser\/wp-json\/wp\/v2\/pages\/2059","targetHints":{"allow":["GET"]}}],"collection":[{"href":"https:\/\/sites.uel.br\/ser\/wp-json\/wp\/v2\/pages"}],"about":[{"href":"https:\/\/sites.uel.br\/ser\/wp-json\/wp\/v2\/types\/page"}],"author":[{"embeddable":true,"href":"https:\/\/sites.uel.br\/ser\/wp-json\/wp\/v2\/users\/8"}],"replies":[{"embeddable":true,"href":"https:\/\/sites.uel.br\/ser\/wp-json\/wp\/v2\/comments?post=2059"}],"version-history":[{"count":45,"href":"https:\/\/sites.uel.br\/ser\/wp-json\/wp\/v2\/pages\/2059\/revisions"}],"predecessor-version":[{"id":9101,"href":"https:\/\/sites.uel.br\/ser\/wp-json\/wp\/v2\/pages\/2059\/revisions\/9101"}],"wp:attachment":[{"href":"https:\/\/sites.uel.br\/ser\/wp-json\/wp\/v2\/media?parent=2059"}],"curies":[{"name":"wp","href":"https:\/\/api.w.org\/{rel}","templated":true}]}}